INSERT INTO `order_item_dishes` (`oid_id`, `oid_order_item_id`, `oid_product_id`, `oid_typemeal_id`, `oid_dish_id`, `oid_quantity`, `oid_ref`, `created_at`, `updated_at`) VALUES
(137890, 23615, 1678, 4, 1042, 1, 'f5', NULL, NULL),
(137891, 23615, 1678, 4, 1041, 2, 'f4', NULL, NULL),
(137892, 23615, 1678, 4, 1040, 2, 'f3', NULL, NULL),
(137893, 23615, 1678, 4, 1039, 2, 'f2', NULL, NULL),
(137894, 23615, 1678, 4, 1038, 2, 'f1', NULL, NULL),
(137895, 23615, 1678, 4, 1044, 4, 'f7', NULL, NULL),
(137896, 23616, 1673, 2, 1039, 1, 'f2', NULL, NULL),
(137897, 23616, 1673, 2, 1040, 1, 'f3', NULL, NULL),
(137898, 23616, 1673, 2, 1041, 1, 'f4', NULL, NULL),
(137899, 23616, 1673, 2, 1042, 1, 'f5', NULL, NULL),
(137900, 23616, 1673, 2, 1046, 1, 'v2', NULL, NULL),
(137901, 23617, 1676, 3, 1049, 1, 'v5', NULL, NULL),
(137902, 23617, 1676, 3, 1048, 1, 'v4', NULL, NULL),
(137903, 23617, 1676, 3, 1047, 2, 'v3', NULL, NULL),
(137904, 23617, 1676, 3, 1046, 2, 'v2', NULL, NULL),
(137905, 23617, 1676, 3, 1045, 1, 'v1', NULL, NULL),
(137906, 23617, 1676, 3, 1039, 1, 'f2', NULL, NULL),
(137907, 23617, 1676, 3, 1038, 2, 'f1', NULL, NULL),
(137908, 23618, 1673, 4, 1047, 1, 'v3', NULL, NULL),
(137909, 23618, 1673, 4, 1038, 2, 'f1', NULL, NULL),
(137910, 23618, 1673, 4, 1039, 1, 'f2', NULL, NULL),
(137911, 23618, 1673, 4, 1041, 1, 'f4', NULL, NULL),
(137912, 23619, 1676, 4, 1049, 1, 'v5', NULL, NULL),
(137913, 23619, 1676, 4, 1047, 1, 'v3', NULL, NULL),
(137914, 23619, 1676, 4, 1046, 1, 'v2', NULL, NULL),
(137915, 23619, 1676, 4, 1045, 1, 'v1', NULL, NULL),
(137916, 23619, 1676, 4, 1044, 1, 'f7', NULL, NULL),
(137917, 23619, 1676, 4, 1043, 1, 'f6', NULL, NULL),
(137918, 23619, 1676, 4, 1042, 1, 'f5', NULL, NULL),
(137919, 23619, 1676, 4, 1038, 1, 'f1', NULL, NULL),
(137920, 23619, 1676, 4, 1039, 1, 'f2', NULL, NULL),
(137921, 23619, 1676, 4, 1041, 1, 'f4', NULL, NULL),
(137922, 23620, 1682, 2, 1049, 30, 'v5', NULL, NULL),
(137923, 23621, 1678, 2, 1044, 4, 'f7', NULL, NULL),
(137924, 23621, 1678, 2, 1042, 2, 'f5', NULL, NULL),
(137925, 23621, 1678, 2, 1041, 2, 'f4', NULL, NULL),
(137926, 23621, 1678, 2, 1040, 3, 'f3', NULL, NULL),
(137927, 23621, 1678, 2, 1039, 2, 'f2', NULL, NULL),
(137928, 23621, 1678, 2, 1038, 2, 'f1', NULL, NULL),
(137929, 23622, 1676, 4, 1047, 1, 'v3', NULL, NULL),
(137930, 23622, 1676, 4, 1046, 1, 'v2', NULL, NULL),
(137931, 23622, 1676, 4, 1043, 1, 'f6', NULL, NULL),
(137932, 23622, 1676, 4, 1042, 2, 'f5', NULL, NULL),
(137933, 23622, 1676, 4, 1041, 1, 'f4', NULL, NULL),
(137934, 23622, 1676, 4, 1040, 1, 'f3', NULL, NULL),
(137935, 23622, 1676, 4, 1039, 1, 'f2', NULL, NULL),
(137936, 23622, 1676, 4, 1038, 2, 'f1', NULL, NULL),
(137937, 23623, 1678, 4, 1044, 3, 'f7', NULL, NULL),
(137938, 23623, 1678, 4, 1043, 2, 'f6', NULL, NULL),
(137939, 23623, 1678, 4, 1042, 2, 'f5', NULL, NULL),
(137940, 23623, 1678, 4, 1041, 2, 'f4', NULL, NULL),
(137941, 23623, 1678, 4, 1040, 2, 'f3', NULL, NULL),
(137942, 23623, 1678, 4, 1039, 2, 'f2', NULL, NULL),
(137943, 23623, 1678, 4, 1038, 2, 'f1', NULL, NULL),
(137944, 23624, 1673, 3, 1049, 1, 'v5', NULL, NULL),
(137945, 23624, 1673, 3, 1048, 1, 'v4', NULL, NULL),
(137946, 23624, 1673, 3, 1043, 1, 'f6', NULL, NULL),
(137947, 23624, 1673, 3, 1040, 1, 'f3', NULL, NULL),
(137948, 23624, 1673, 3, 1038, 1, 'f1', NULL, NULL),
(137949, 23625, 1673, 3, 1049, 1, 'v5', NULL, NULL),
(137950, 23625, 1673, 3, 1045, 1, 'v1', NULL, NULL),
(137951, 23625, 1673, 3, 1044, 1, 'f7', NULL, NULL),
(137952, 23625, 1673, 3, 1038, 2, 'f1', NULL, NULL),
(137953, 23626, 1673, 5, 1048, 1, 'v4', NULL, NULL),
(137954, 23626, 1673, 5, 1044, 1, 'f7', NULL, NULL),
(137955, 23626, 1673, 5, 1040, 1, 'f3', NULL, NULL),
(137956, 23626, 1673, 5, 1039, 1, 'f2', NULL, NULL),
(137957, 23626, 1673, 5, 1038, 1, 'f1', NULL, NULL),
(137958, 23627, 1676, 3, 1045, 1, 'v1', NULL, NULL),
(137959, 23627, 1676, 3, 1042, 1, 'f5', NULL, NULL),
(137960, 23627, 1676, 3, 1041, 1, 'f4', NULL, NULL),
(137961, 23627, 1676, 3, 1040, 1, 'f3', NULL, NULL),
(137962, 23627, 1676, 3, 1039, 1, 'f2', NULL, NULL),
(137963, 23627, 1676, 3, 1038, 1, 'f1', NULL, NULL),
(137964, 23627, 1676, 3, 1046, 1, 'v2', NULL, NULL),
(137965, 23627, 1676, 3, 1047, 1, 'v3', NULL, NULL),
(137966, 23627, 1676, 3, 1048, 1, 'v4', NULL, NULL),
(137967, 23627, 1676, 3, 1049, 1, 'v5', NULL, NULL),
(137968, 23628, 1673, 3, 1045, 1, 'v1', NULL, NULL),
(137969, 23628, 1673, 3, 1044, 1, 'f7', NULL, NULL),
(137970, 23628, 1673, 3, 1041, 1, 'f4', NULL, NULL),
(137971, 23628, 1673, 3, 1038, 1, 'f1', NULL, NULL),
(137972, 23628, 1673, 3, 1049, 1, 'v5', NULL, NULL),
(137973, 23629, 1673, 4, 1039, 1, 'f2', NULL, NULL),
(137974, 23629, 1673, 4, 1040, 1, 'f3', NULL, NULL),
(137975, 23629, 1673, 4, 1042, 1, 'f5', NULL, NULL),
(137976, 23629, 1673, 4, 1043, 1, 'f6', NULL, NULL),
(137977, 23629, 1673, 4, 1044, 1, 'f7', NULL, NULL),
(137978, 23630, 1673, 4, 1044, 1, 'f7', NULL, NULL),
(137979, 23630, 1673, 4, 1043, 1, 'f6', NULL, NULL),
(137980, 23630, 1673, 4, 1042, 1, 'f5', NULL, NULL),
(137981, 23630, 1673, 4, 1040, 1, 'f3', NULL, NULL),
(137982, 23630, 1673, 4, 1039, 1, 'f2', NULL, NULL),
(137983, 23631, 1676, 4, 1038, 2, 'f1', NULL, NULL),
(137984, 23631, 1676, 4, 1039, 2, 'f2', NULL, NULL),
(137985, 23631, 1676, 4, 1042, 2, 'f5', NULL, NULL),
(137986, 23631, 1676, 4, 1043, 2, 'f6', NULL, NULL),
(137987, 23631, 1676, 4, 1044, 2, 'f7', NULL, NULL),
(137988, 23632, 1680, 3, 1038, 4, 'f1', NULL, NULL),
(137989, 23632, 1680, 3, 1041, 4, 'f4', NULL, NULL),
(137990, 23632, 1680, 3, 1042, 4, 'f5', NULL, NULL),
(137991, 23632, 1680, 3, 1043, 4, 'f6', NULL, NULL),
(137992, 23632, 1680, 3, 1044, 4, 'f7', NULL, NULL),
(137993, 23633, 1680, 4, 1038, 2, 'f1', NULL, NULL),
(137994, 23633, 1680, 4, 1039, 2, 'f2', NULL, NULL),
(137995, 23633, 1680, 4, 1041, 2, 'f4', NULL, NULL),
(137996, 23633, 1680, 4, 1042, 2, 'f5', NULL, NULL),
(137997, 23633, 1680, 4, 1043, 2, 'f6', NULL, NULL),
(137998, 23633, 1680, 4, 1044, 2, 'f7', NULL, NULL),
(137999, 23633, 1680, 4, 1045, 2, 'v1', NULL, NULL),
(138000, 23633, 1680, 4, 1046, 2, 'v2', NULL, NULL),
(138001, 23633, 1680, 4, 1048, 2, 'v4', NULL, NULL),
(138002, 23633, 1680, 4, 1049, 2, 'v5', NULL, NULL),
(138003, 23634, 1675, 5, 1039, 2, 'f2', NULL, NULL),
(138004, 23634, 1675, 5, 1040, 2, 'f3', NULL, NULL),
(138005, 23634, 1675, 5, 1041, 2, 'f4', NULL, NULL),
(138006, 23634, 1675, 5, 1042, 1, 'f5', NULL, NULL),
(138007, 23635, 1676, 4, 1038, 2, 'f1', NULL, NULL),
(138008, 23635, 1676, 4, 1039, 2, 'f2', NULL, NULL),
(138009, 23635, 1676, 4, 1041, 2, 'f4', NULL, NULL),
(138010, 23635, 1676, 4, 1042, 2, 'f5', NULL, NULL),
(138011, 23635, 1676, 4, 1044, 2, 'f7', NULL, NULL),
(138012, 23636, 1682, 4, 1049, 30, 'v5', NULL, NULL),
(138013, 23637, 1678, 4, 1044, 2, 'f7', NULL, NULL),
(138014, 23637, 1678, 4, 1043, 2, 'f6', NULL, NULL),
(138015, 23637, 1678, 4, 1042, 2, 'f5', NULL, NULL),
(138016, 23637, 1678, 4, 1038, 3, 'f1', NULL, NULL),
(138017, 23637, 1678, 4, 1039, 2, 'f2', NULL, NULL),
(138018, 23637, 1678, 4, 1040, 2, 'f3', NULL, NULL),
(138019, 23637, 1678, 4, 1041, 2, 'f4', NULL, NULL),
(138020, 23638, 1673, 4, 1038, 2, 'f1', NULL, NULL),
(138021, 23638, 1673, 4, 1041, 1, 'f4', NULL, NULL),
(138022, 23638, 1673, 4, 1042, 1, 'f5', NULL, NULL),
(138023, 23638, 1673, 4, 1044, 1, 'f7', NULL, NULL),
(138024, 23639, 1673, 3, 1039, 1, 'f2', NULL, NULL),
(138025, 23639, 1673, 3, 1040, 2, 'f3', NULL, NULL),
(138026, 23639, 1673, 3, 1044, 2, 'f7', NULL, NULL),
(138027, 23640, 1675, 2, 1046, 1, 'v2', NULL, NULL),
(138028, 23640, 1675, 2, 1045, 1, 'v1', NULL, NULL),
(138029, 23640, 1675, 2, 1038, 2, 'f1', NULL, NULL),
(138030, 23640, 1675, 2, 1047, 1, 'v3', NULL, NULL),
(138031, 23640, 1675, 2, 1048, 1, 'v4', NULL, NULL),
(138032, 23640, 1675, 2, 1049, 1, 'v5', NULL, NULL),
(138033, 23641, 1673, 3, 1044, 1, 'f7', NULL, NULL),
(138034, 23641, 1673, 3, 1043, 1, 'f6', NULL, NULL),
(138035, 23641, 1673, 3, 1041, 1, 'f4', NULL, NULL),
(138036, 23641, 1673, 3, 1040, 1, 'f3', NULL, NULL),
(138037, 23641, 1673, 3, 1038, 1, 'f1', NULL, NULL),
(138038, 23642, 1676, 3, 1045, 2, 'v1', NULL, NULL),
(138039, 23642, 1676, 3, 1044, 2, 'f7', NULL, NULL),
(138040, 23642, 1676, 3, 1042, 2, 'f5', NULL, NULL),
(138041, 23642, 1676, 3, 1039, 2, 'f2', NULL, NULL),
(138042, 23642, 1676, 3, 1038, 2, 'f1', NULL, NULL),
(138043, 23643, 1680, 3, 1049, 1, 'v5', NULL, NULL),
(138044, 23643, 1680, 3, 1042, 3, 'f5', NULL, NULL),
(138045, 23643, 1680, 3, 1041, 4, 'f4', NULL, NULL),
(138046, 23643, 1680, 3, 1039, 6, 'f2', NULL, NULL),
(138047, 23643, 1680, 3, 1038, 6, 'f1', NULL, NULL),
(138048, 23644, 1675, 3, 1040, 1, 'f3', NULL, NULL),
(138049, 23644, 1675, 3, 1039, 1, 'f2', NULL, NULL),
(138050, 23644, 1675, 3, 1038, 1, 'f1', NULL, NULL),
(138051, 23644, 1675, 3, 1041, 1, 'f4', NULL, NULL),
(138052, 23644, 1675, 3, 1042, 1, 'f5', NULL, NULL),
(138053, 23644, 1675, 3, 1043, 1, 'f6', NULL, NULL),
(138054, 23644, 1675, 3, 1046, 1, 'v2', NULL, NULL),
(138055, 23645, 1676, 5, 1049, 1, 'v5', NULL, NULL),
(138056, 23645, 1676, 5, 1042, 1, 'f5', NULL, NULL),
(138057, 23645, 1676, 5, 1043, 1, 'f6', NULL, NULL),
(138058, 23645, 1676, 5, 1044, 1, 'f7', NULL, NULL),
(138059, 23645, 1676, 5, 1041, 2, 'f4', NULL, NULL),
(138060, 23645, 1676, 5, 1040, 1, 'f3', NULL, NULL),
(138061, 23645, 1676, 5, 1039, 1, 'f2', NULL, NULL),
(138062, 23645, 1676, 5, 1038, 2, 'f1', NULL, NULL),
(138063, 23646, 1675, 4, 1044, 1, 'f7', NULL, NULL),
(138064, 23646, 1675, 4, 1042, 1, 'f5', NULL, NULL),
(138065, 23646, 1675, 4, 1041, 1, 'f4', NULL, NULL),
(138066, 23646, 1675, 4, 1040, 1, 'f3', NULL, NULL),
(138067, 23646, 1675, 4, 1038, 3, 'f1', NULL, NULL),
(138068, 23647, 1675, 4, 1042, 1, 'f5', NULL, NULL),
(138069, 23647, 1675, 4, 1041, 1, 'f4', NULL, NULL),
(138070, 23647, 1675, 4, 1040, 1, 'f3', NULL, NULL),
(138071, 23647, 1675, 4, 1038, 3, 'f1', NULL, NULL),
(138072, 23647, 1675, 4, 1039, 1, 'f2', NULL, NULL),
(138073, 23648, 1676, 4, 1049, 1, 'v5', NULL, NULL),
(138074, 23648, 1676, 4, 1043, 2, 'f6', NULL, NULL),
(138075, 23648, 1676, 4, 1042, 1, 'f5', NULL, NULL),
(138076, 23648, 1676, 4, 1041, 2, 'f4', NULL, NULL),
(138077, 23648, 1676, 4, 1039, 2, 'f2', NULL, NULL),
(138078, 23648, 1676, 4, 1038, 2, 'f1', NULL, NULL),
(138079, 23649, 1673, 4, 1041, 1, 'f4', NULL, NULL),
(138080, 23649, 1673, 4, 1040, 1, 'f3', NULL, NULL),
(138081, 23649, 1673, 4, 1042, 1, 'f5', NULL, NULL),
(138082, 23649, 1673, 4, 1043, 1, 'f6', NULL, NULL),
(138083, 23649, 1673, 4, 1044, 1, 'f7', NULL, NULL),
(138084, 23650, 1676, 4, 1038, 2, 'f1', NULL, NULL),
(138085, 23650, 1676, 4, 1039, 2, 'f2', NULL, NULL),
(138086, 23650, 1676, 4, 1041, 2, 'f4', NULL, NULL),
(138087, 23650, 1676, 4, 1042, 2, 'f5', NULL, NULL),
(138088, 23650, 1676, 4, 1047, 2, 'v3', NULL, NULL),
(138089, 23651, 1673, 6, 1038, 1, 'f1', NULL, NULL),
(138090, 23651, 1673, 6, 1039, 1, 'f2', NULL, NULL),
(138091, 23651, 1673, 6, 1040, 1, 'f3', NULL, NULL),
(138092, 23651, 1673, 6, 1041, 1, 'f4', NULL, NULL),
(138093, 23651, 1673, 6, 1044, 1, 'f7', NULL, NULL),
(138094, 23652, 1676, 4, 1038, 3, 'f1', NULL, NULL),
(138095, 23652, 1676, 4, 1040, 1, 'f3', NULL, NULL),
(138096, 23652, 1676, 4, 1042, 4, 'f5', NULL, NULL),
(138097, 23652, 1676, 4, 1044, 1, 'f7', NULL, NULL),
(138098, 23652, 1676, 4, 1049, 1, 'v5', NULL, NULL),
(138099, 23653, 1673, 4, 1038, 1, 'f1', NULL, NULL),
(138100, 23653, 1673, 4, 1040, 1, 'f3', NULL, NULL),
(138101, 23653, 1673, 4, 1044, 1, 'f7', NULL, NULL),
(138102, 23653, 1673, 4, 1046, 1, 'v2', NULL, NULL),
(138103, 23653, 1673, 4, 1047, 1, 'v3', NULL, NULL),
(138104, 23654, 1684, 4, 1038, 4, 'f1', NULL, NULL),
(138105, 23654, 1684, 4, 1039, 2, 'f2', NULL, NULL),
(138106, 23654, 1684, 4, 1040, 3, 'f3', NULL, NULL),
(138107, 23654, 1684, 4, 1041, 2, 'f4', NULL, NULL),
(138108, 23654, 1684, 4, 1042, 1, 'f5', NULL, NULL),
(138109, 23654, 1684, 4, 1043, 3, 'f6', NULL, NULL),
(138110, 23654, 1684, 4, 1044, 3, 'f7', NULL, NULL),
(138111, 23654, 1684, 4, 1045, 3, 'v1', NULL, NULL),
(138112, 23654, 1684, 4, 1046, 3, 'v2', NULL, NULL),
(138113, 23654, 1684, 4, 1049, 6, 'v5', NULL, NULL),
(138114, 23655, 1680, 3, 1049, 3, 'v5', NULL, NULL),
(138115, 23655, 1680, 3, 1044, 3, 'f7', NULL, NULL),
(138116, 23655, 1680, 3, 1043, 3, 'f6', NULL, NULL),
(138117, 23655, 1680, 3, 1042, 3, 'f5', NULL, NULL),
(138118, 23655, 1680, 3, 1041, 3, 'f4', NULL, NULL),
(138119, 23655, 1680, 3, 1040, 3, 'f3', NULL, NULL),
(138120, 23655, 1680, 3, 1038, 2, 'f1', NULL, NULL),
(138121, 23656, 1675, 3, 1044, 1, 'f7', NULL, NULL),
(138122, 23656, 1675, 3, 1043, 1, 'f6', NULL, NULL),
(138123, 23656, 1675, 3, 1042, 1, 'f5', NULL, NULL),
(138124, 23656, 1675, 3, 1041, 1, 'f4', NULL, NULL),
(138125, 23656, 1675, 3, 1040, 1, 'f3', NULL, NULL),
(138126, 23656, 1675, 3, 1039, 1, 'f2', NULL, NULL),
(138127, 23656, 1675, 3, 1038, 1, 'f1', NULL, NULL),
(138128, 23657, 1759, 5, 1046, 2, 'v2', NULL, NULL),
(138129, 23657, 1759, 5, 1044, 2, 'f7', NULL, NULL),
(138130, 23657, 1759, 5, 1043, 2, 'f6', NULL, NULL),
(138131, 23657, 1759, 5, 1042, 2, 'f5', NULL, NULL),
(138132, 23657, 1759, 5, 1041, 2, 'f4', NULL, NULL),
(138133, 23657, 1759, 5, 1038, 2, 'f1', NULL, NULL),
(138134, 23658, 1675, 4, 1038, 2, 'f1', NULL, NULL),
(138135, 23658, 1675, 4, 1041, 1, 'f4', NULL, NULL),
(138136, 23658, 1675, 4, 1043, 1, 'f6', NULL, NULL),
(138137, 23658, 1675, 4, 1044, 2, 'f7', NULL, NULL),
(138138, 23658, 1675, 4, 1046, 1, 'v2', NULL, NULL),
(138139, 23659, 1676, 2, 1042, 2, 'f5', NULL, NULL),
(138140, 23659, 1676, 2, 1041, 2, 'f4', NULL, NULL),
(138141, 23659, 1676, 2, 1040, 2, 'f3', NULL, NULL),
(138142, 23659, 1676, 2, 1039, 1, 'f2', NULL, NULL),
(138143, 23659, 1676, 2, 1038, 1, 'f1', NULL, NULL),
(138144, 23659, 1676, 2, 1043, 1, 'f6', NULL, NULL),
(138145, 23659, 1676, 2, 1044, 1, 'f7', NULL, NULL),
(138146, 23660, 1684, 4, 1039, 15, 'f2', NULL, NULL),
(138147, 23660, 1684, 4, 1040, 15, 'f3', NULL, NULL),
(138148, 23660, 1684, 4, 1041, 15, 'f4', NULL, NULL),
(138149, 23660, 1684, 4, 1042, 15, 'f5', NULL, NULL),
(138150, 23661, 1675, 4, 1042, 2, 'f5', NULL, NULL),
(138151, 23661, 1675, 4, 1041, 1, 'f4', NULL, NULL),
(138152, 23661, 1675, 4, 1039, 2, 'f2', NULL, NULL),
(138153, 23661, 1675, 4, 1038, 2, 'f1', NULL, NULL),
(138154, 23662, 1676, 4, 1041, 2, 'f4', NULL, NULL),
(138155, 23662, 1676, 4, 1040, 2, 'f3', NULL, NULL),
(138156, 23662, 1676, 4, 1039, 2, 'f2', NULL, NULL),
(138157, 23662, 1676, 4, 1038, 2, 'f1', NULL, NULL),
(138158, 23662, 1676, 4, 1043, 1, 'f6', NULL, NULL),
(138159, 23662, 1676, 4, 1044, 1, 'f7', NULL, NULL),
(138160, 23663, 1676, 4, 1038, 2, 'f1', NULL, NULL),
(138161, 23663, 1676, 4, 1039, 2, 'f2', NULL, NULL),
(138162, 23663, 1676, 4, 1040, 1, 'f3', NULL, NULL),
(138163, 23663, 1676, 4, 1041, 2, 'f4', NULL, NULL),
(138164, 23663, 1676, 4, 1043, 1, 'f6', NULL, NULL),
(138165, 23663, 1676, 4, 1044, 2, 'f7', NULL, NULL),
(138166, 23664, 1676, 3, 1040, 2, 'f3', NULL, NULL),
(138167, 23664, 1676, 3, 1038, 2, 'f1', NULL, NULL),
(138168, 23664, 1676, 3, 1041, 2, 'f4', NULL, NULL),
(138169, 23664, 1676, 3, 1042, 2, 'f5', NULL, NULL),
(138170, 23664, 1676, 3, 1045, 2, 'v1', NULL, NULL),
(138171, 23665, 1676, 4, 1049, 1, 'v5', NULL, NULL),
(138172, 23665, 1676, 4, 1048, 1, 'v4', NULL, NULL),
(138173, 23665, 1676, 4, 1047, 1, 'v3', NULL, NULL),
(138174, 23665, 1676, 4, 1046, 1, 'v2', NULL, NULL),
(138175, 23665, 1676, 4, 1044, 1, 'f7', NULL, NULL),
(138176, 23665, 1676, 4, 1042, 1, 'f5', NULL, NULL),
(138177, 23665, 1676, 4, 1041, 1, 'f4', NULL, NULL),
(138178, 23665, 1676, 4, 1040, 1, 'f3', NULL, NULL),
(138179, 23665, 1676, 4, 1039, 1, 'f2', NULL, NULL),
(138180, 23665, 1676, 4, 1038, 1, 'f1', NULL, NULL),
(138181, 23666, 1680, 3, 1043, 2, 'f6', NULL, NULL),
(138182, 23666, 1680, 3, 1041, 2, 'f4', NULL, NULL),
(138183, 23666, 1680, 3, 1039, 2, 'f2', NULL, NULL),
(138184, 23666, 1680, 3, 1038, 2, 'f1', NULL, NULL),
(138185, 23666, 1680, 3, 1044, 2, 'f7', NULL, NULL),
(138186, 23666, 1680, 3, 1045, 2, 'v1', NULL, NULL),
(138187, 23666, 1680, 3, 1046, 2, 'v2', NULL, NULL),
(138188, 23666, 1680, 3, 1047, 2, 'v3', NULL, NULL),
(138189, 23666, 1680, 3, 1048, 2, 'v4', NULL, NULL),
(138190, 23666, 1680, 3, 1049, 2, 'v5', NULL, NULL),
(138191, 23667, 1673, 4, 1044, 1, 'f7', NULL, NULL),
(138192, 23667, 1673, 4, 1043, 1, 'f6', NULL, NULL),
(138193, 23667, 1673, 4, 1042, 1, 'f5', NULL, NULL),
(138194, 23667, 1673, 4, 1040, 1, 'f3', NULL, NULL),
(138195, 23667, 1673, 4, 1039, 1, 'f2', NULL, NULL),
(138196, 23668, 1676, 3, 1044, 2, 'f7', NULL, NULL),
(138197, 23668, 1676, 3, 1042, 1, 'f5', NULL, NULL),
(138198, 23668, 1676, 3, 1041, 2, 'f4', NULL, NULL),
(138199, 23668, 1676, 3, 1040, 2, 'f3', NULL, NULL),
(138200, 23668, 1676, 3, 1039, 2, 'f2', NULL, NULL),
(138201, 23668, 1676, 3, 1038, 1, 'f1', NULL, NULL),
(138202, 23669, 1673, 4, 1038, 1, 'f1', NULL, NULL),
(138203, 23669, 1673, 4, 1039, 1, 'f2', NULL, NULL),
(138204, 23669, 1673, 4, 1041, 1, 'f4', NULL, NULL),
(138205, 23669, 1673, 4, 1048, 1, 'v4', NULL, NULL),
(138206, 23669, 1673, 4, 1049, 1, 'v5', NULL, NULL),
(138207, 23670, 1676, 4, 1047, 1, 'v3', NULL, NULL),
(138208, 23670, 1676, 4, 1046, 1, 'v2', NULL, NULL),
(138209, 23670, 1676, 4, 1045, 1, 'v1', NULL, NULL),
(138210, 23670, 1676, 4, 1043, 2, 'f6', NULL, NULL),
(138211, 23670, 1676, 4, 1042, 1, 'f5', NULL, NULL),
(138212, 23670, 1676, 4, 1041, 1, 'f4', NULL, NULL),
(138213, 23670, 1676, 4, 1040, 1, 'f3', NULL, NULL),
(138214, 23670, 1676, 4, 1038, 2, 'f1', NULL, NULL),
(138215, 23671, 1682, 4, 1038, 2, 'f1', NULL, NULL),
(138216, 23671, 1682, 4, 1039, 3, 'f2', NULL, NULL),
(138217, 23671, 1682, 4, 1040, 3, 'f3', NULL, NULL),
(138218, 23671, 1682, 4, 1041, 4, 'f4', NULL, NULL),
(138219, 23671, 1682, 4, 1042, 2, 'f5', NULL, NULL),
(138220, 23671, 1682, 4, 1043, 6, 'f6', NULL, NULL),
(138221, 23671, 1682, 4, 1044, 4, 'f7', NULL, NULL),
(138222, 23671, 1682, 4, 1047, 2, 'v3', NULL, NULL),
(138223, 23671, 1682, 4, 1048, 2, 'v4', NULL, NULL),
(138224, 23671, 1682, 4, 1049, 2, 'v5', NULL, NULL),
(138225, 23672, 1680, 4, 1039, 5, 'f2', NULL, NULL),
(138226, 23672, 1680, 4, 1038, 6, 'f1', NULL, NULL),
(138227, 23672, 1680, 4, 1040, 4, 'f3', NULL, NULL),
(138228, 23672, 1680, 4, 1041, 5, 'f4', NULL, NULL),
(138229, 23672, 1680, 4, 1044, 1, 'f7', NULL, NULL),
(138230, 23673, 1759, 3, 1038, 2, 'f1', NULL, NULL),
(138231, 23673, 1759, 3, 1040, 2, 'f3', NULL, NULL),
(138232, 23673, 1759, 3, 1044, 2, 'f7', NULL, NULL),
(138233, 23673, 1759, 3, 1046, 2, 'v2', NULL, NULL),
(138234, 23673, 1759, 3, 1047, 2, 'v3', NULL, NULL),
(138235, 23673, 1759, 3, 1048, 2, 'v4', NULL, NULL),
(138236, 23674, 1675, 5, 1038, 1, 'f1', NULL, NULL),
(138237, 23674, 1675, 5, 1039, 1, 'f2', NULL, NULL),
(138238, 23674, 1675, 5, 1041, 1, 'f4', NULL, NULL),
(138239, 23674, 1675, 5, 1044, 1, 'f7', NULL, NULL),
(138240, 23674, 1675, 5, 1045, 1, 'v1', NULL, NULL),
(138241, 23674, 1675, 5, 1048, 1, 'v4', NULL, NULL),
(138242, 23674, 1675, 5, 1049, 1, 'v5', NULL, NULL),
(138243, 23675, 1673, 4, 1048, 1, 'v4', NULL, NULL),
(138244, 23675, 1673, 4, 1042, 1, 'f5', NULL, NULL),
(138245, 23675, 1673, 4, 1041, 1, 'f4', NULL, NULL),
(138246, 23675, 1673, 4, 1039, 1, 'f2', NULL, NULL),
(138247, 23675, 1673, 4, 1038, 1, 'f1', NULL, NULL),
(138248, 23676, 1682, 3, 1044, 6, 'f7', NULL, NULL),
(138249, 23676, 1682, 3, 1042, 6, 'f5', NULL, NULL),
(138250, 23676, 1682, 3, 1040, 6, 'f3', NULL, NULL),
(138251, 23676, 1682, 3, 1039, 6, 'f2', NULL, NULL),
(138252, 23676, 1682, 3, 1038, 6, 'f1', NULL, NULL),
(138253, 23677, 1759, 3, 1044, 2, 'f7', NULL, NULL),
(138254, 23677, 1759, 3, 1043, 2, 'f6', NULL, NULL),
(138255, 23677, 1759, 3, 1041, 2, 'f4', NULL, NULL),
(138256, 23677, 1759, 3, 1039, 2, 'f2', NULL, NULL),
(138257, 23677, 1759, 3, 1038, 4, 'f1', NULL, NULL),
(138258, 23678, 1673, 5, 1049, 1, 'v5', NULL, NULL),
(138259, 23678, 1673, 5, 1046, 1, 'v2', NULL, NULL),
(138260, 23678, 1673, 5, 1044, 1, 'f7', NULL, NULL),
(138261, 23678, 1673, 5, 1039, 1, 'f2', NULL, NULL),
(138262, 23678, 1673, 5, 1038, 1, 'f1', NULL, NULL),
(138263, 23679, 1673, 5, 1049, 1, 'v5', NULL, NULL),
(138264, 23679, 1673, 5, 1046, 1, 'v2', NULL, NULL),
(138265, 23679, 1673, 5, 1044, 1, 'f7', NULL, NULL),
(138266, 23679, 1673, 5, 1039, 1, 'f2', NULL, NULL),
(138267, 23679, 1673, 5, 1038, 1, 'f1', NULL, NULL),
(138268, 23680, 1678, 3, 1043, 2, 'f6', NULL, NULL),
(138269, 23680, 1678, 3, 1042, 2, 'f5', NULL, NULL),
(138270, 23680, 1678, 3, 1041, 2, 'f4', NULL, NULL),
(138271, 23680, 1678, 3, 1040, 2, 'f3', NULL, NULL),
(138272, 23680, 1678, 3, 1039, 2, 'f2', NULL, NULL),
(138273, 23680, 1678, 3, 1038, 3, 'f1', NULL, NULL),
(138274, 23680, 1678, 3, 1049, 2, 'v5', NULL, NULL),
(138275, 23681, 1676, 4, 1046, 1, 'v2', NULL, NULL),
(138276, 23681, 1676, 4, 1045, 1, 'v1', NULL, NULL),
(138277, 23681, 1676, 4, 1044, 1, 'f7', NULL, NULL),
(138278, 23681, 1676, 4, 1043, 1, 'f6', NULL, NULL),
(138279, 23681, 1676, 4, 1041, 1, 'f4', NULL, NULL),
(138280, 23681, 1676, 4, 1039, 1, 'f2', NULL, NULL),
(138281, 23681, 1676, 4, 1038, 2, 'f1', NULL, NULL),
(138282, 23681, 1676, 4, 1047, 1, 'v3', NULL, NULL),
(138283, 23681, 1676, 4, 1049, 1, 'v5', NULL, NULL),
(138284, 23682, 1675, 4, 1044, 1, 'f7', NULL, NULL),
(138285, 23682, 1675, 4, 1043, 1, 'f6', NULL, NULL),
(138286, 23682, 1675, 4, 1042, 1, 'f5', NULL, NULL),
(138287, 23682, 1675, 4, 1041, 1, 'f4', NULL, NULL),
(138288, 23682, 1675, 4, 1040, 1, 'f3', NULL, NULL),
(138289, 23682, 1675, 4, 1039, 1, 'f2', NULL, NULL),
(138290, 23682, 1675, 4, 1038, 1, 'f1', NULL, NULL),
(138291, 23683, 1675, 3, 1044, 1, 'f7', NULL, NULL),
(138292, 23683, 1675, 3, 1043, 1, 'f6', NULL, NULL),
(138293, 23683, 1675, 3, 1042, 1, 'f5', NULL, NULL),
(138294, 23683, 1675, 3, 1041, 1, 'f4', NULL, NULL),
(138295, 23683, 1675, 3, 1040, 1, 'f3', NULL, NULL),
(138296, 23683, 1675, 3, 1039, 1, 'f2', NULL, NULL),
(138297, 23683, 1675, 3, 1038, 1, 'f1', NULL, NULL),
(138298, 23684, 1673, 4, 1042, 1, 'f5', NULL, NULL),
(138299, 23684, 1673, 4, 1041, 1, 'f4', NULL, NULL),
(138300, 23684, 1673, 4, 1040, 1, 'f3', NULL, NULL),
(138301, 23684, 1673, 4, 1039, 1, 'f2', NULL, NULL),
(138302, 23684, 1673, 4, 1044, 1, 'f7', NULL, NULL),
(138303, 23685, 1673, 2, 1040, 3, 'f3', NULL, NULL),
(138304, 23685, 1673, 2, 1039, 2, 'f2', NULL, NULL),
(138305, 23686, 1673, 4, 1041, 1, 'f4', NULL, NULL),
(138306, 23686, 1673, 4, 1040, 2, 'f3', NULL, NULL),
(138307, 23686, 1673, 4, 1039, 2, 'f2', NULL, NULL),
(138308, 23687, 1673, 3, 1040, 1, 'f3', NULL, NULL),
(138309, 23687, 1673, 3, 1038, 1, 'f1', NULL, NULL),
(138310, 23687, 1673, 3, 1039, 1, 'f2', NULL, NULL),
(138311, 23687, 1673, 3, 1043, 1, 'f6', NULL, NULL),
(138312, 23687, 1673, 3, 1044, 1, 'f7', NULL, NULL),
(138313, 23688, 1673, 3, 1040, 1, 'f3', NULL, NULL),
(138314, 23688, 1673, 3, 1043, 1, 'f6', NULL, NULL),
(138315, 23688, 1673, 3, 1044, 1, 'f7', NULL, NULL),
(138316, 23688, 1673, 3, 1039, 1, 'f2', NULL, NULL),
(138317, 23688, 1673, 3, 1038, 1, 'f1', NULL, NULL),
(138318, 23689, 1759, 5, 1038, 2, 'f1', NULL, NULL),
(138319, 23689, 1759, 5, 1039, 2, 'f2', NULL, NULL),
(138320, 23689, 1759, 5, 1040, 2, 'f3', NULL, NULL),
(138321, 23689, 1759, 5, 1041, 2, 'f4', NULL, NULL),
(138322, 23689, 1759, 5, 1043, 2, 'f6', NULL, NULL),
(138323, 23689, 1759, 5, 1044, 2, 'f7', NULL, NULL),
(138324, 23690, 1678, 3, 1043, 1, 'f6', NULL, NULL),
(138325, 23690, 1678, 3, 1042, 1, 'f5', NULL, NULL),
(138326, 23690, 1678, 3, 1041, 1, 'f4', NULL, NULL),
(138327, 23690, 1678, 3, 1040, 2, 'f3', NULL, NULL),
(138328, 23690, 1678, 3, 1039, 2, 'f2', NULL, NULL),
(138329, 23690, 1678, 3, 1038, 2, 'f1', NULL, NULL),
(138330, 23690, 1678, 3, 1044, 2, 'f7', NULL, NULL),
(138331, 23690, 1678, 3, 1046, 2, 'v2', NULL, NULL),
(138332, 23690, 1678, 3, 1047, 1, 'v3', NULL, NULL),
(138333, 23690, 1678, 3, 1049, 1, 'v5', NULL, NULL),
(138334, 23691, 1676, 2, 1041, 2, 'f4', NULL, NULL),
(138335, 23691, 1676, 2, 1040, 2, 'f3', NULL, NULL),
(138336, 23691, 1676, 2, 1039, 2, 'f2', NULL, NULL),
(138337, 23691, 1676, 2, 1038, 2, 'f1', NULL, NULL),
(138338, 23691, 1676, 2, 1044, 2, 'f7', NULL, NULL),
(138339, 23692, 1676, 2, 1044, 2, 'f7', NULL, NULL),
(138340, 23692, 1676, 2, 1041, 2, 'f4', NULL, NULL),
(138341, 23692, 1676, 2, 1040, 2, 'f3', NULL, NULL),
(138342, 23692, 1676, 2, 1039, 2, 'f2', NULL, NULL),
(138343, 23692, 1676, 2, 1038, 2, 'f1', NULL, NULL),
(138344, 23693, 1675, 4, 1038, 1, 'f1', NULL, NULL),
(138345, 23693, 1675, 4, 1039, 1, 'f2', NULL, NULL),
(138346, 23693, 1675, 4, 1040, 1, 'f3', NULL, NULL),
(138347, 23693, 1675, 4, 1041, 1, 'f4', NULL, NULL),
(138348, 23693, 1675, 4, 1042, 1, 'f5', NULL, NULL),
(138349, 23693, 1675, 4, 1043, 2, 'f6', NULL, NULL),
(138350, 23694, 1673, 5, 1044, 1, 'f7', NULL, NULL),
(138351, 23694, 1673, 5, 1043, 1, 'f6', NULL, NULL),
(138352, 23694, 1673, 5, 1042, 1, 'f5', NULL, NULL),
(138353, 23694, 1673, 5, 1041, 1, 'f4', NULL, NULL),
(138354, 23694, 1673, 5, 1039, 1, 'f2', NULL, NULL),
(138355, 23695, 1676, 3, 1038, 3, 'f1', NULL, NULL),
(138356, 23695, 1676, 3, 1039, 1, 'f2', NULL, NULL),
(138357, 23695, 1676, 3, 1041, 1, 'f4', NULL, NULL),
(138358, 23695, 1676, 3, 1042, 1, 'f5', NULL, NULL),
(138359, 23695, 1676, 3, 1044, 1, 'f7', NULL, NULL),
(138360, 23695, 1676, 3, 1047, 1, 'v3', NULL, NULL),
(138361, 23695, 1676, 3, 1049, 2, 'v5', NULL, NULL),
(138362, 23696, 1673, 4, 1039, 1, 'f2', NULL, NULL),
(138363, 23696, 1673, 4, 1038, 2, 'f1', NULL, NULL),
(138364, 23696, 1673, 4, 1041, 1, 'f4', NULL, NULL),
(138365, 23696, 1673, 4, 1044, 1, 'f7', NULL, NULL),
(138366, 23697, 1675, 2, 1044, 2, 'f7', NULL, NULL),
(138367, 23697, 1675, 2, 1042, 1, 'f5', NULL, NULL),
(138368, 23697, 1675, 2, 1040, 1, 'f3', NULL, NULL),
(138369, 23697, 1675, 2, 1039, 1, 'f2', NULL, NULL),
(138370, 23697, 1675, 2, 1038, 2, 'f1', NULL, NULL),
(138371, 23698, 1676, 4, 1038, 4, 'f1', NULL, NULL),
(138372, 23698, 1676, 4, 1039, 2, 'f2', NULL, NULL),
(138373, 23698, 1676, 4, 1040, 2, 'f3', NULL, NULL),
(138374, 23698, 1676, 4, 1043, 2, 'f6', NULL, NULL),
(138375, 23699, 1676, 3, 1041, 2, 'f4', NULL, NULL),
(138376, 23699, 1676, 3, 1038, 1, 'f1', NULL, NULL),
(138377, 23699, 1676, 3, 1039, 2, 'f2', NULL, NULL),
(138378, 23699, 1676, 3, 1040, 2, 'f3', NULL, NULL),
(138379, 23699, 1676, 3, 1044, 1, 'f7', NULL, NULL),
(138380, 23699, 1676, 3, 1042, 2, 'f5', NULL, NULL),
(138381, 23700, 1759, 4, 1038, 2, 'f1', NULL, NULL),
(138382, 23700, 1759, 4, 1039, 2, 'f2', NULL, NULL),
(138383, 23700, 1759, 4, 1040, 2, 'f3', NULL, NULL),
(138384, 23700, 1759, 4, 1041, 1, 'f4', NULL, NULL),
(138385, 23700, 1759, 4, 1042, 2, 'f5', NULL, NULL),
(138386, 23700, 1759, 4, 1043, 2, 'f6', NULL, NULL),
(138387, 23700, 1759, 4, 1044, 1, 'f7', NULL, NULL),
(138388, 23701, 1680, 4, 1044, 3, 'f7', NULL, NULL),
(138389, 23701, 1680, 4, 1043, 2, 'f6', NULL, NULL),
(138390, 23701, 1680, 4, 1042, 2, 'f5', NULL, NULL),
(138391, 23701, 1680, 4, 1041, 3, 'f4', NULL, NULL),
(138392, 23701, 1680, 4, 1040, 2, 'f3', NULL, NULL),
(138393, 23701, 1680, 4, 1039, 4, 'f2', NULL, NULL),
(138394, 23701, 1680, 4, 1038, 4, 'f1', NULL, NULL),
(138395, 23702, 1676, 4, 1049, 1, 'v5', NULL, NULL),
(138396, 23702, 1676, 4, 1046, 1, 'v2', NULL, NULL),
(138397, 23702, 1676, 4, 1044, 2, 'f7', NULL, NULL),
(138398, 23702, 1676, 4, 1041, 2, 'f4', NULL, NULL),
(138399, 23702, 1676, 4, 1040, 1, 'f3', NULL, NULL),
(138400, 23702, 1676, 4, 1039, 1, 'f2', NULL, NULL),
(138401, 23702, 1676, 4, 1038, 2, 'f1', NULL, NULL),
(138402, 23703, 1673, 5, 1044, 1, 'f7', NULL, NULL),
(138403, 23703, 1673, 5, 1043, 1, 'f6', NULL, NULL),
(138404, 23703, 1673, 5, 1042, 1, 'f5', NULL, NULL),
(138405, 23703, 1673, 5, 1039, 1, 'f2', NULL, NULL),
(138406, 23703, 1673, 5, 1038, 1, 'f1', NULL, NULL),
(138407, 23704, 1673, 4, 1038, 1, 'f1', NULL, NULL),
(138408, 23704, 1673, 4, 1039, 1, 'f2', NULL, NULL),
(138409, 23704, 1673, 4, 1040, 1, 'f3', NULL, NULL),
(138410, 23704, 1673, 4, 1041, 1, 'f4', NULL, NULL),
(138411, 23704, 1673, 4, 1044, 1, 'f7', NULL, NULL),
(138412, 23705, 1678, 4, 1038, 2, 'f1', NULL, NULL),
(138413, 23705, 1678, 4, 1039, 5, 'f2', NULL, NULL),
(138414, 23705, 1678, 4, 1041, 3, 'f4', NULL, NULL),
(138415, 23705, 1678, 4, 1044, 5, 'f7', NULL, NULL),
(138416, 23706, 1675, 4, 1038, 3, 'f1', NULL, NULL),
(138417, 23706, 1675, 4, 1039, 2, 'f2', NULL, NULL),
(138418, 23706, 1675, 4, 1044, 2, 'f7', NULL, NULL),
(138419, 23707, 1676, 5, 1041, 2, 'f4', NULL, NULL),
(138420, 23707, 1676, 5, 1040, 2, 'f3', NULL, NULL),
(138421, 23707, 1676, 5, 1039, 1, 'f2', NULL, NULL),
(138422, 23707, 1676, 5, 1042, 1, 'f5', NULL, NULL),
(138423, 23707, 1676, 5, 1043, 1, 'f6', NULL, NULL),
(138424, 23707, 1676, 5, 1045, 1, 'v1', NULL, NULL),
(138425, 23707, 1676, 5, 1048, 1, 'v4', NULL, NULL),
(138426, 23707, 1676, 5, 1049, 1, 'v5', NULL, NULL),
(138427, 23708, 1673, 4, 1038, 1, 'f1', NULL, NULL),
(138428, 23708, 1673, 4, 1040, 1, 'f3', NULL, NULL),
(138429, 23708, 1673, 4, 1044, 1, 'f7', NULL, NULL),
(138430, 23708, 1673, 4, 1046, 1, 'v2', NULL, NULL),
(138431, 23708, 1673, 4, 1049, 1, 'v5', NULL, NULL),
(138432, 23709, 1673, 4, 1038, 1, 'f1', NULL, NULL),
(138433, 23709, 1673, 4, 1039, 1, 'f2', NULL, NULL),
(138434, 23709, 1673, 4, 1041, 2, 'f4', NULL, NULL),
(138435, 23709, 1673, 4, 1044, 1, 'f7', NULL, NULL),
(138436, 23710, 1673, 5, 1038, 1, 'f1', NULL, NULL),
(138437, 23710, 1673, 5, 1039, 2, 'f2', NULL, NULL),
(138438, 23710, 1673, 5, 1042, 2, 'f5', NULL, NULL),
(138439, 23711, 1676, 3, 1044, 1, 'f7', NULL, NULL),
(138440, 23711, 1676, 3, 1043, 1, 'f6', NULL, NULL),
(138441, 23711, 1676, 3, 1042, 2, 'f5', NULL, NULL),
(138442, 23711, 1676, 3, 1041, 2, 'f4', NULL, NULL),
(138443, 23711, 1676, 3, 1039, 2, 'f2', NULL, NULL),
(138444, 23711, 1676, 3, 1038, 2, 'f1', NULL, NULL),
(138445, 23712, 1673, 4, 1042, 1, 'f5', NULL, NULL),
(138446, 23712, 1673, 4, 1041, 1, 'f4', NULL, NULL),
(138447, 23712, 1673, 4, 1040, 1, 'f3', NULL, NULL),
(138448, 23712, 1673, 4, 1039, 1, 'f2', NULL, NULL),
(138449, 23712, 1673, 4, 1038, 1, 'f1', NULL, NULL),
(138450, 23713, 1673, 5, 1042, 2, 'f5', NULL, NULL),
(138451, 23713, 1673, 5, 1039, 2, 'f2', NULL, NULL),
(138452, 23713, 1673, 5, 1038, 1, 'f1', NULL, NULL),
(138453, 23714, 1676, 3, 1044, 1, 'f7', NULL, NULL),
(138454, 23714, 1676, 3, 1043, 1, 'f6', NULL, NULL),
(138455, 23714, 1676, 3, 1042, 2, 'f5', NULL, NULL),
(138456, 23714, 1676, 3, 1041, 2, 'f4', NULL, NULL),
(138457, 23714, 1676, 3, 1039, 2, 'f2', NULL, NULL),
(138458, 23714, 1676, 3, 1038, 2, 'f1', NULL, NULL),
(138459, 23715, 1676, 4, 1042, 1, 'f5', NULL, NULL),
(138460, 23715, 1676, 4, 1041, 3, 'f4', NULL, NULL),
(138461, 23715, 1676, 4, 1040, 1, 'f3', NULL, NULL),
(138462, 23715, 1676, 4, 1039, 3, 'f2', NULL, NULL),
(138463, 23715, 1676, 4, 1038, 2, 'f1', NULL, NULL),
(138464, 23716, 1678, 3, 1044, 4, 'f7', NULL, NULL),
(138465, 23716, 1678, 3, 1042, 3, 'f5', NULL, NULL),
(138466, 23716, 1678, 3, 1041, 4, 'f4', NULL, NULL),
(138467, 23716, 1678, 3, 1039, 4, 'f2', NULL, NULL),
(138468, 23717, 1682, 4, 1044, 5, 'f7', NULL, NULL),
(138469, 23717, 1682, 4, 1042, 5, 'f5', NULL, NULL),
(138470, 23717, 1682, 4, 1041, 5, 'f4', NULL, NULL),
(138471, 23717, 1682, 4, 1040, 5, 'f3', NULL, NULL),
(138472, 23717, 1682, 4, 1039, 5, 'f2', NULL, NULL),
(138473, 23717, 1682, 4, 1038, 5, 'f1', NULL, NULL),
(138474, 23718, 1676, 3, 1048, 1, 'v4', NULL, NULL),
(138475, 23718, 1676, 3, 1047, 1, 'v3', NULL, NULL),
(138476, 23718, 1676, 3, 1046, 1, 'v2', NULL, NULL),
(138477, 23718, 1676, 3, 1044, 1, 'f7', NULL, NULL),
(138478, 23718, 1676, 3, 1043, 1, 'f6', NULL, NULL),
(138479, 23718, 1676, 3, 1042, 1, 'f5', NULL, NULL),
(138480, 23718, 1676, 3, 1040, 1, 'f3', NULL, NULL),
(138481, 23718, 1676, 3, 1039, 1, 'f2', NULL, NULL),
(138482, 23718, 1676, 3, 1038, 1, 'f1', NULL, NULL),
(138483, 23718, 1676, 3, 1049, 1, 'v5', NULL, NULL),
(138484, 23719, 1680, 4, 1044, 3, 'f7', NULL, NULL),
(138485, 23719, 1680, 4, 1043, 1, 'f6', NULL, NULL),
(138486, 23719, 1680, 4, 1042, 2, 'f5', NULL, NULL),
(138487, 23719, 1680, 4, 1041, 3, 'f4', NULL, NULL),
(138488, 23719, 1680, 4, 1040, 4, 'f3', NULL, NULL),
(138489, 23719, 1680, 4, 1039, 3, 'f2', NULL, NULL),
(138490, 23719, 1680, 4, 1038, 4, 'f1', NULL, NULL),
(138491, 23720, 1673, 4, 1040, 1, 'f3', NULL, NULL),
(138492, 23720, 1673, 4, 1041, 1, 'f4', NULL, NULL),
(138493, 23720, 1673, 4, 1044, 1, 'f7', NULL, NULL),
(138494, 23720, 1673, 4, 1039, 1, 'f2', NULL, NULL),
(138495, 23720, 1673, 4, 1038, 1, 'f1', NULL, NULL),
(138496, 23721, 1678, 4, 1041, 3, 'f4', NULL, NULL),
(138497, 23721, 1678, 4, 1042, 3, 'f5', NULL, NULL),
(138498, 23721, 1678, 4, 1043, 3, 'f6', NULL, NULL),
(138499, 23721, 1678, 4, 1040, 3, 'f3', NULL, NULL),
(138500, 23721, 1678, 4, 1038, 3, 'f1', NULL, NULL),
(138501, 23722, 1675, 3, 1048, 1, 'v4', NULL, NULL),
(138502, 23722, 1675, 3, 1047, 1, 'v3', NULL, NULL),
(138503, 23722, 1675, 3, 1041, 1, 'f4', NULL, NULL),
(138504, 23722, 1675, 3, 1045, 1, 'v1', NULL, NULL),
(138505, 23722, 1675, 3, 1046, 1, 'v2', NULL, NULL),
(138506, 23722, 1675, 3, 1039, 1, 'f2', NULL, NULL),
(138507, 23722, 1675, 3, 1038, 1, 'f1', NULL, NULL),
(138508, 23723, 1680, 4, 1042, 1, 'f5', NULL, NULL),
(138509, 23723, 1680, 4, 1041, 2, 'f4', NULL, NULL),
(138510, 23723, 1680, 4, 1040, 2, 'f3', NULL, NULL),
(138511, 23723, 1680, 4, 1039, 1, 'f2', NULL, NULL),
(138512, 23723, 1680, 4, 1038, 3, 'f1', NULL, NULL),
(138513, 23723, 1680, 4, 1043, 1, 'f6', NULL, NULL),
(138514, 23723, 1680, 4, 1044, 2, 'f7', NULL, NULL),
(138515, 23723, 1680, 4, 1046, 1, 'v2', NULL, NULL),
(138516, 23723, 1680, 4, 1047, 1, 'v3', NULL, NULL),
(138517, 23723, 1680, 4, 1048, 3, 'v4', NULL, NULL),
(138518, 23723, 1680, 4, 1049, 3, 'v5', NULL, NULL),
(138519, 23724, 1676, 4, 1044, 1, 'f7', NULL, NULL),
(138520, 23724, 1676, 4, 1043, 1, 'f6', NULL, NULL),
(138521, 23724, 1676, 4, 1042, 1, 'f5', NULL, NULL),
(138522, 23724, 1676, 4, 1041, 1, 'f4', NULL, NULL),
(138523, 23724, 1676, 4, 1040, 2, 'f3', NULL, NULL),
(138524, 23724, 1676, 4, 1039, 2, 'f2', NULL, NULL),
(138525, 23724, 1676, 4, 1038, 2, 'f1', NULL, NULL),
(138526, 23725, 1673, 3, 1049, 1, 'v5', NULL, NULL),
(138527, 23725, 1673, 3, 1047, 2, 'v3', NULL, NULL),
(138528, 23725, 1673, 3, 1046, 1, 'v2', NULL, NULL),
(138529, 23725, 1673, 3, 1043, 1, 'f6', NULL, NULL),
(138530, 23726, 1759, 4, 1038, 1, 'f1', NULL, NULL),
(138531, 23726, 1759, 4, 1044, 2, 'f7', NULL, NULL),
(138532, 23726, 1759, 4, 1041, 3, 'f4', NULL, NULL),
(138533, 23726, 1759, 4, 1040, 3, 'f3', NULL, NULL),
(138534, 23726, 1759, 4, 1039, 3, 'f2', NULL, NULL),
(138535, 23727, 1676, 3, 1038, 2, 'f1', NULL, NULL),
(138536, 23727, 1676, 3, 1039, 1, 'f2', NULL, NULL),
(138537, 23727, 1676, 3, 1040, 2, 'f3', NULL, NULL),
(138538, 23727, 1676, 3, 1042, 1, 'f5', NULL, NULL),
(138539, 23727, 1676, 3, 1041, 2, 'f4', NULL, NULL),
(138540, 23727, 1676, 3, 1043, 1, 'f6', NULL, NULL),
(138541, 23727, 1676, 3, 1044, 1, 'f7', NULL, NULL),
(138542, 23728, 1673, 5, 1044, 1, 'f7', NULL, NULL),
(138543, 23728, 1673, 5, 1043, 1, 'f6', NULL, NULL),
(138544, 23728, 1673, 5, 1042, 1, 'f5', NULL, NULL),
(138545, 23728, 1673, 5, 1041, 1, 'f4', NULL, NULL),
(138546, 23728, 1673, 5, 1038, 1, 'f1', NULL, NULL),
(138547, 23729, 1676, 4, 1044, 2, 'f7', NULL, NULL),
(138548, 23729, 1676, 4, 1041, 3, 'f4', NULL, NULL),
(138549, 23729, 1676, 4, 1039, 3, 'f2', NULL, NULL),
(138550, 23729, 1676, 4, 1038, 2, 'f1', NULL, NULL),
(138551, 23730, 1682, 4, 1038, 5, 'f1', NULL, NULL),
(138552, 23730, 1682, 4, 1039, 5, 'f2', NULL, NULL),
(138553, 23730, 1682, 4, 1040, 5, 'f3', NULL, NULL),
(138554, 23730, 1682, 4, 1041, 5, 'f4', NULL, NULL),
(138555, 23730, 1682, 4, 1042, 5, 'f5', NULL, NULL),
(138556, 23730, 1682, 4, 1044, 5, 'f7', NULL, NULL),
(138557, 23731, 1676, 3, 1049, 1, 'v5', NULL, NULL),
(138558, 23731, 1676, 3, 1047, 1, 'v3', NULL, NULL),
(138559, 23731, 1676, 3, 1046, 2, 'v2', NULL, NULL),
(138560, 23731, 1676, 3, 1044, 2, 'f7', NULL, NULL),
(138561, 23731, 1676, 3, 1043, 2, 'f6', NULL, NULL),
(138562, 23731, 1676, 3, 1038, 2, 'f1', NULL, NULL),
(138563, 23732, 1673, 4, 1049, 2, 'v5', NULL, NULL),
(138564, 23732, 1673, 4, 1047, 1, 'v3', NULL, NULL),
(138565, 23732, 1673, 4, 1046, 1, 'v2', NULL, NULL),
(138566, 23732, 1673, 4, 1045, 1, 'v1', NULL, NULL),
(138567, 23733, 1759, 4, 1044, 2, 'f7', NULL, NULL),
(138568, 23733, 1759, 4, 1042, 2, 'f5', NULL, NULL),
(138569, 23733, 1759, 4, 1041, 2, 'f4', NULL, NULL),
(138570, 23733, 1759, 4, 1040, 2, 'f3', NULL, NULL),
(138571, 23733, 1759, 4, 1039, 2, 'f2', NULL, NULL),
(138572, 23733, 1759, 4, 1038, 2, 'f1', NULL, NULL),
(138573, 23734, 1675, 4, 1038, 2, 'f1', NULL, NULL),
(138574, 23734, 1675, 4, 1039, 2, 'f2', NULL, NULL),
(138575, 23734, 1675, 4, 1041, 1, 'f4', NULL, NULL),
(138576, 23734, 1675, 4, 1042, 1, 'f5', NULL, NULL),
(138577, 23734, 1675, 4, 1044, 1, 'f7', NULL, NULL),
(138578, 23735, 1673, 4, 1038, 1, 'f1', NULL, NULL),
(138579, 23735, 1673, 4, 1039, 1, 'f2', NULL, NULL),
(138580, 23735, 1673, 4, 1041, 1, 'f4', NULL, NULL),
(138581, 23735, 1673, 4, 1042, 1, 'f5', NULL, NULL),
(138582, 23735, 1673, 4, 1048, 1, 'v4', NULL, NULL),
(138583, 23736, 1673, 4, 1044, 1, 'f7', NULL, NULL),
(138584, 23736, 1673, 4, 1042, 1, 'f5', NULL, NULL),
(138585, 23736, 1673, 4, 1041, 1, 'f4', NULL, NULL),
(138586, 23736, 1673, 4, 1040, 1, 'f3', NULL, NULL),
(138587, 23736, 1673, 4, 1039, 1, 'f2', NULL, NULL),
(138588, 23737, 1675, 4, 1042, 1, 'f5', NULL, NULL),
(138589, 23737, 1675, 4, 1041, 1, 'f4', NULL, NULL),
(138590, 23737, 1675, 4, 1040, 1, 'f3', NULL, NULL),
(138591, 23737, 1675, 4, 1039, 1, 'f2', NULL, NULL),
(138592, 23737, 1675, 4, 1038, 1, 'f1', NULL, NULL),
(138593, 23737, 1675, 4, 1043, 1, 'f6', NULL, NULL),
(138594, 23737, 1675, 4, 1045, 1, 'v1', NULL, NULL),
(138595, 23738, 1673, 2, 1042, 1, 'f5', NULL, NULL),
(138596, 23738, 1673, 2, 1041, 1, 'f4', NULL, NULL),
(138597, 23738, 1673, 2, 1040, 1, 'f3', NULL, NULL),
(138598, 23738, 1673, 2, 1039, 1, 'f2', NULL, NULL),
(138599, 23738, 1673, 2, 1038, 1, 'f1', NULL, NULL),
(138600, 23739, 1675, 3, 1039, 1, 'f2', NULL, NULL),
(138601, 23739, 1675, 3, 1038, 1, 'f1', NULL, NULL),
(138602, 23739, 1675, 3, 1040, 2, 'f3', NULL, NULL),
(138603, 23739, 1675, 3, 1041, 1, 'f4', NULL, NULL),
(138604, 23739, 1675, 3, 1042, 1, 'f5', NULL, NULL),
(138605, 23739, 1675, 3, 1044, 1, 'f7', NULL, NULL),
(138606, 23740, 1675, 4, 1039, 1, 'f2', NULL, NULL),
(138607, 23740, 1675, 4, 1040, 1, 'f3', NULL, NULL),
(138608, 23740, 1675, 4, 1041, 1, 'f4', NULL, NULL),
(138609, 23740, 1675, 4, 1042, 2, 'f5', NULL, NULL),
(138610, 23740, 1675, 4, 1045, 1, 'v1', NULL, NULL),
(138611, 23740, 1675, 4, 1049, 1, 'v5', NULL, NULL),
(138612, 23741, 1673, 4, 1043, 2, 'f6', NULL, NULL),
(138613, 23741, 1673, 4, 1042, 1, 'f5', NULL, NULL),
(138614, 23741, 1673, 4, 1038, 2, 'f1', NULL, NULL),
(138615, 23742, 1675, 5, 1044, 1, 'f7', NULL, NULL),
(138616, 23742, 1675, 5, 1042, 1, 'f5', NULL, NULL),
(138617, 23742, 1675, 5, 1041, 1, 'f4', NULL, NULL),
(138618, 23742, 1675, 5, 1040, 2, 'f3', NULL, NULL),
(138619, 23742, 1675, 5, 1039, 1, 'f2', NULL, NULL),
(138620, 23742, 1675, 5, 1038, 1, 'f1', NULL, NULL),
(138621, 23743, 1676, 3, 1049, 1, 'v5', NULL, NULL),
(138622, 23743, 1676, 3, 1048, 1, 'v4', NULL, NULL),
(138623, 23743, 1676, 3, 1047, 1, 'v3', NULL, NULL),
(138624, 23743, 1676, 3, 1046, 2, 'v2', NULL, NULL),
(138625, 23743, 1676, 3, 1045, 1, 'v1', NULL, NULL),
(138626, 23743, 1676, 3, 1044, 1, 'f7', NULL, NULL),
(138627, 23743, 1676, 3, 1043, 2, 'f6', NULL, NULL),
(138628, 23743, 1676, 3, 1039, 1, 'f2', NULL, NULL),
(138629, 23744, 1682, 4, 1049, 2, 'v5', NULL, NULL),
(138630, 23744, 1682, 4, 1046, 2, 'v2', NULL, NULL),
(138631, 23744, 1682, 4, 1044, 7, 'f7', NULL, NULL),
(138632, 23744, 1682, 4, 1043, 4, 'f6', NULL, NULL),
(138633, 23744, 1682, 4, 1042, 4, 'f5', NULL, NULL),
(138634, 23744, 1682, 4, 1040, 2, 'f3', NULL, NULL),
(138635, 23744, 1682, 4, 1039, 4, 'f2', NULL, NULL),
(138636, 23744, 1682, 4, 1038, 5, 'f1', NULL, NULL),
(138637, 23745, 1676, 3, 1044, 2, 'f7', NULL, NULL),
(138638, 23745, 1676, 3, 1043, 2, 'f6', NULL, NULL),
(138639, 23745, 1676, 3, 1042, 2, 'f5', NULL, NULL),
(138640, 23745, 1676, 3, 1041, 2, 'f4', NULL, NULL),
(138641, 23745, 1676, 3, 1039, 2, 'f2', NULL, NULL),
(138642, 23746, 1676, 4, 1044, 2, 'f7', NULL, NULL),
(138643, 23746, 1676, 4, 1042, 2, 'f5', NULL, NULL),
(138644, 23746, 1676, 4, 1040, 2, 'f3', NULL, NULL),
(138645, 23746, 1676, 4, 1039, 2, 'f2', NULL, NULL),
(138646, 23746, 1676, 4, 1038, 2, 'f1', NULL, NULL),
(138647, 23747, 1759, 4, 1044, 2, 'f7', NULL, NULL),
(138648, 23747, 1759, 4, 1043, 2, 'f6', NULL, NULL),
(138649, 23747, 1759, 4, 1042, 2, 'f5', NULL, NULL),
(138650, 23747, 1759, 4, 1041, 2, 'f4', NULL, NULL),
(138651, 23747, 1759, 4, 1040, 2, 'f3', NULL, NULL),
(138652, 23747, 1759, 4, 1039, 2, 'f2', NULL, NULL),
(138653, 23747, 1759, 4, 1038, 2, 'f1', NULL, NULL),
(138654, 23748, 1682, 4, 1049, 2, 'v5', NULL, NULL),
(138655, 23748, 1682, 4, 1048, 1, 'v4', NULL, NULL),
(138656, 23748, 1682, 4, 1045, 1, 'v1', NULL, NULL),
(138657, 23748, 1682, 4, 1044, 4, 'f7', NULL, NULL),
(138658, 23748, 1682, 4, 1043, 5, 'f6', NULL, NULL),
(138659, 23748, 1682, 4, 1042, 4, 'f5', NULL, NULL),
(138660, 23748, 1682, 4, 1041, 5, 'f4', NULL, NULL),
(138661, 23748, 1682, 4, 1040, 5, 'f3', NULL, NULL),
(138662, 23748, 1682, 4, 1039, 1, 'f2', NULL, NULL),
(138663, 23748, 1682, 4, 1038, 2, 'f1', NULL, NULL),
(138664, 23749, 1675, 3, 1049, 1, 'v5', NULL, NULL),
(138665, 23749, 1675, 3, 1044, 2, 'f7', NULL, NULL),
(138666, 23749, 1675, 3, 1041, 1, 'f4', NULL, NULL),
(138667, 23749, 1675, 3, 1040, 2, 'f3', NULL, NULL),
(138668, 23749, 1675, 3, 1039, 1, 'f2', NULL, NULL),
(138669, 23750, 1673, 4, 1044, 1, 'f7', NULL, NULL),
(138670, 23750, 1673, 4, 1042, 1, 'f5', NULL, NULL),
(138671, 23750, 1673, 4, 1041, 1, 'f4', NULL, NULL),
(138672, 23750, 1673, 4, 1039, 1, 'f2', NULL, NULL),
(138673, 23750, 1673, 4, 1038, 1, 'f1', NULL, NULL),
(138674, 23751, 1759, 3, 1049, 1, 'v5', NULL, NULL),
(138675, 23751, 1759, 3, 1046, 1, 'v2', NULL, NULL),
(138676, 23751, 1759, 3, 1044, 1, 'f7', NULL, NULL),
(138677, 23751, 1759, 3, 1043, 2, 'f6', NULL, NULL),
(138678, 23751, 1759, 3, 1041, 1, 'f4', NULL, NULL),
(138679, 23751, 1759, 3, 1040, 2, 'f3', NULL, NULL),
(138680, 23751, 1759, 3, 1039, 2, 'f2', NULL, NULL),
(138681, 23751, 1759, 3, 1038, 2, 'f1', NULL, NULL),
(138682, 23752, 1676, 4, 1047, 1, 'v3', NULL, NULL),
(138683, 23752, 1676, 4, 1044, 1, 'f7', NULL, NULL),
(138684, 23752, 1676, 4, 1042, 1, 'f5', NULL, NULL),
(138685, 23752, 1676, 4, 1041, 2, 'f4', NULL, NULL),
(138686, 23752, 1676, 4, 1039, 2, 'f2', NULL, NULL),
(138687, 23752, 1676, 4, 1038, 3, 'f1', NULL, NULL),
(138688, 23753, 1673, 4, 1047, 1, 'v3', NULL, NULL),
(138689, 23753, 1673, 4, 1045, 2, 'v1', NULL, NULL),
(138690, 23753, 1673, 4, 1044, 1, 'f7', NULL, NULL),
(138691, 23753, 1673, 4, 1042, 1, 'f5', NULL, NULL),
(138692, 23754, 1676, 4, 1047, 1, 'v3', NULL, NULL),
(138693, 23754, 1676, 4, 1044, 2, 'f7', NULL, NULL),
(138694, 23754, 1676, 4, 1042, 2, 'f5', NULL, NULL),
(138695, 23754, 1676, 4, 1041, 1, 'f4', NULL, NULL),
(138696, 23754, 1676, 4, 1039, 2, 'f2', NULL, NULL),
(138697, 23754, 1676, 4, 1038, 2, 'f1', NULL, NULL),
(138698, 23755, 1676, 4, 1038, 3, 'f1', NULL, NULL),
(138699, 23755, 1676, 4, 1041, 2, 'f4', NULL, NULL),
(138700, 23755, 1676, 4, 1044, 1, 'f7', NULL, NULL),
(138701, 23755, 1676, 4, 1045, 2, 'v1', NULL, NULL),
(138702, 23755, 1676, 4, 1046, 2, 'v2', NULL, NULL),
(138703, 23756, 1676, 3, 1048, 1, 'v4', NULL, NULL),
(138704, 23756, 1676, 3, 1047, 1, 'v3', NULL, NULL),
(138705, 23756, 1676, 3, 1046, 1, 'v2', NULL, NULL),
(138706, 23756, 1676, 3, 1044, 1, 'f7', NULL, NULL),
(138707, 23756, 1676, 3, 1042, 1, 'f5', NULL, NULL),
(138708, 23756, 1676, 3, 1040, 1, 'f3', NULL, NULL),
(138709, 23756, 1676, 3, 1039, 2, 'f2', NULL, NULL),
(138710, 23756, 1676, 3, 1038, 2, 'f1', NULL, NULL),
(138711, 23757, 1676, 2, 1039, 2, 'f2', NULL, NULL),
(138712, 23757, 1676, 2, 1038, 2, 'f1', NULL, NULL),
(138713, 23757, 1676, 2, 1040, 1, 'f3', NULL, NULL),
(138714, 23757, 1676, 2, 1042, 1, 'f5', NULL, NULL),
(138715, 23757, 1676, 2, 1044, 1, 'f7', NULL, NULL),
(138716, 23757, 1676, 2, 1046, 1, 'v2', NULL, NULL),
(138717, 23757, 1676, 2, 1047, 1, 'v3', NULL, NULL),
(138718, 23757, 1676, 2, 1048, 1, 'v4', NULL, NULL),
(138719, 23758, 1676, 3, 1044, 2, 'f7', NULL, NULL),
(138720, 23758, 1676, 3, 1043, 1, 'f6', NULL, NULL),
(138721, 23758, 1676, 3, 1042, 2, 'f5', NULL, NULL),
(138722, 23758, 1676, 3, 1041, 1, 'f4', NULL, NULL),
(138723, 23758, 1676, 3, 1039, 2, 'f2', NULL, NULL),
(138724, 23758, 1676, 3, 1038, 2, 'f1', NULL, NULL),
(138725, 23759, 1675, 3, 1038, 1, 'f1', NULL, NULL),
(138726, 23759, 1675, 3, 1039, 1, 'f2', NULL, NULL),
(138727, 23759, 1675, 3, 1040, 1, 'f3', NULL, NULL),
(138728, 23759, 1675, 3, 1041, 1, 'f4', NULL, NULL),
(138729, 23759, 1675, 3, 1042, 1, 'f5', NULL, NULL),
(138730, 23759, 1675, 3, 1044, 2, 'f7', NULL, NULL),
(138731, 23760, 1673, 3, 1040, 1, 'f3', NULL, NULL),
(138732, 23760, 1673, 3, 1041, 1, 'f4', NULL, NULL),
(138733, 23760, 1673, 3, 1043, 1, 'f6', NULL, NULL),
(138734, 23760, 1673, 3, 1044, 1, 'f7', NULL, NULL),
(138735, 23760, 1673, 3, 1049, 1, 'v5', NULL, NULL),
(138736, 23761, 1680, 4, 1043, 2, 'f6', NULL, NULL),
(138737, 23761, 1680, 4, 1042, 4, 'f5', NULL, NULL),
(138738, 23761, 1680, 4, 1041, 1, 'f4', NULL, NULL),
(138739, 23761, 1680, 4, 1040, 1, 'f3', NULL, NULL),
(138740, 23761, 1680, 4, 1039, 5, 'f2', NULL, NULL),
(138741, 23761, 1680, 4, 1038, 4, 'f1', NULL, NULL),
(138742, 23761, 1680, 4, 1044, 2, 'f7', NULL, NULL),
(138743, 23761, 1680, 4, 1049, 1, 'v5', NULL, NULL),
(138744, 23762, 1676, 3, 1048, 1, 'v4', NULL, NULL),
(138745, 23762, 1676, 3, 1044, 2, 'f7', NULL, NULL),
(138746, 23762, 1676, 3, 1042, 1, 'f5', NULL, NULL),
(138747, 23762, 1676, 3, 1041, 1, 'f4', NULL, NULL),
(138748, 23762, 1676, 3, 1040, 2, 'f3', NULL, NULL),
(138749, 23762, 1676, 3, 1039, 1, 'f2', NULL, NULL),
(138750, 23762, 1676, 3, 1038, 2, 'f1', NULL, NULL),
(138751, 23763, 1676, 4, 1043, 1, 'f6', NULL, NULL),
(138752, 23763, 1676, 4, 1042, 1, 'f5', NULL, NULL),
(138753, 23763, 1676, 4, 1041, 1, 'f4', NULL, NULL),
(138754, 23763, 1676, 4, 1040, 1, 'f3', NULL, NULL),
(138755, 23763, 1676, 4, 1039, 2, 'f2', NULL, NULL),
(138756, 23763, 1676, 4, 1038, 2, 'f1', NULL, NULL),
(138757, 23763, 1676, 4, 1044, 1, 'f7', NULL, NULL),
(138758, 23763, 1676, 4, 1048, 1, 'v4', NULL, NULL),
(138759, 23764, 1673, 4, 1046, 1, 'v2', NULL, NULL),
(138760, 23764, 1673, 4, 1047, 1, 'v3', NULL, NULL),
(138761, 23764, 1673, 4, 1045, 1, 'v1', NULL, NULL),
(138762, 23764, 1673, 4, 1038, 2, 'f1', NULL, NULL),
(138763, 23765, 1673, 4, 1044, 1, 'f7', NULL, NULL),
(138764, 23765, 1673, 4, 1043, 1, 'f6', NULL, NULL),
(138765, 23765, 1673, 4, 1042, 1, 'f5', NULL, NULL),
(138766, 23765, 1673, 4, 1039, 1, 'f2', NULL, NULL),
(138767, 23765, 1673, 4, 1038, 1, 'f1', NULL, NULL),
(138768, 23766, 1678, 4, 1041, 2, 'f4', NULL, NULL),
(138769, 23766, 1678, 4, 1040, 3, 'f3', NULL, NULL),
(138770, 23766, 1678, 4, 1039, 2, 'f2', NULL, NULL),
(138771, 23766, 1678, 4, 1038, 1, 'f1', NULL, NULL),
(138772, 23766, 1678, 4, 1042, 1, 'f5', NULL, NULL),
(138773, 23766, 1678, 4, 1044, 4, 'f7', NULL, NULL),
(138774, 23766, 1678, 4, 1048, 2, 'v4', NULL, NULL),
(138775, 23767, 1675, 4, 1044, 1, 'f7', NULL, NULL),
(138776, 23767, 1675, 4, 1043, 1, 'f6', NULL, NULL),
(138777, 23767, 1675, 4, 1042, 2, 'f5', NULL, NULL),
(138778, 23767, 1675, 4, 1040, 2, 'f3', NULL, NULL),
(138779, 23767, 1675, 4, 1039, 1, 'f2', NULL, NULL),
(138780, 23768, 1673, 3, 1044, 1, 'f7', NULL, NULL),
(138781, 23768, 1673, 3, 1039, 2, 'f2', NULL, NULL),
(138782, 23768, 1673, 3, 1038, 2, 'f1', NULL, NULL),
(138783, 23769, 1676, 8, 1049, 1, 'v5', NULL, NULL),
(138784, 23769, 1676, 8, 1048, 1, 'v4', NULL, NULL),
(138785, 23769, 1676, 8, 1046, 2, 'v2', NULL, NULL),
(138786, 23769, 1676, 8, 1044, 2, 'f7', NULL, NULL),
(138787, 23769, 1676, 8, 1042, 2, 'f5', NULL, NULL),
(138788, 23769, 1676, 8, 1040, 1, 'f3', NULL, NULL),
(138789, 23769, 1676, 8, 1039, 1, 'f2', NULL, NULL),
(138790, 23770, 1676, 4, 1039, 1, 'f2', NULL, NULL),
(138791, 23770, 1676, 4, 1038, 1, 'f1', NULL, NULL),
(138792, 23770, 1676, 4, 1040, 1, 'f3', NULL, NULL),
(138793, 23770, 1676, 4, 1041, 2, 'f4', NULL, NULL),
(138794, 23770, 1676, 4, 1042, 1, 'f5', NULL, NULL),
(138795, 23770, 1676, 4, 1043, 1, 'f6', NULL, NULL),
(138796, 23770, 1676, 4, 1044, 2, 'f7', NULL, NULL),
(138797, 23770, 1676, 4, 1047, 1, 'v3', NULL, NULL),
(138798, 23771, 1676, 2, 1044, 2, 'f7', NULL, NULL),
(138799, 23771, 1676, 2, 1043, 1, 'f6', NULL, NULL),
(138800, 23771, 1676, 2, 1041, 2, 'f4', NULL, NULL),
(138801, 23771, 1676, 2, 1040, 2, 'f3', NULL, NULL),
(138802, 23771, 1676, 2, 1039, 2, 'f2', NULL, NULL),
(138803, 23771, 1676, 2, 1038, 1, 'f1', NULL, NULL),
(138804, 23772, 1673, 5, 1044, 1, 'f7', NULL, NULL),
(138805, 23772, 1673, 5, 1041, 1, 'f4', NULL, NULL),
(138806, 23772, 1673, 5, 1039, 1, 'f2', NULL, NULL),
(138807, 23772, 1673, 5, 1038, 2, 'f1', NULL, NULL),
(138808, 23773, 1676, 4, 1043, 2, 'f6', NULL, NULL),
(138809, 23773, 1676, 4, 1042, 2, 'f5', NULL, NULL),
(138810, 23773, 1676, 4, 1041, 2, 'f4', NULL, NULL),
(138811, 23773, 1676, 4, 1040, 2, 'f3', NULL, NULL),
(138812, 23773, 1676, 4, 1039, 2, 'f2', NULL, NULL),
(138813, 23774, 1675, 4, 1043, 1, 'f6', NULL, NULL),
(138814, 23774, 1675, 4, 1042, 1, 'f5', NULL, NULL),
(138815, 23774, 1675, 4, 1041, 1, 'f4', NULL, NULL),
(138816, 23774, 1675, 4, 1040, 1, 'f3', NULL, NULL),
(138817, 23774, 1675, 4, 1039, 1, 'f2', NULL, NULL),
(138818, 23774, 1675, 4, 1038, 1, 'f1', NULL, NULL),
(138819, 23774, 1675, 4, 1044, 1, 'f7', NULL, NULL),
(138820, 23775, 1676, 4, 1048, 1, 'v4', NULL, NULL),
(138821, 23775, 1676, 4, 1044, 2, 'f7', NULL, NULL),
(138822, 23775, 1676, 4, 1042, 1, 'f5', NULL, NULL),
(138823, 23775, 1676, 4, 1041, 1, 'f4', NULL, NULL),
(138824, 23775, 1676, 4, 1040, 1, 'f3', NULL, NULL),
(138825, 23775, 1676, 4, 1039, 1, 'f2', NULL, NULL),
(138826, 23775, 1676, 4, 1049, 1, 'v5', NULL, NULL),
(138827, 23775, 1676, 4, 1038, 2, 'f1', NULL, NULL),
(138828, 23776, 1676, 4, 1043, 2, 'f6', NULL, NULL),
(138829, 23776, 1676, 4, 1041, 2, 'f4', NULL, NULL),
(138830, 23776, 1676, 4, 1040, 2, 'f3', NULL, NULL),
(138831, 23776, 1676, 4, 1039, 2, 'f2', NULL, NULL),
(138832, 23776, 1676, 4, 1038, 2, 'f1', NULL, NULL),
(138833, 23777, 1759, 4, 1042, 2, 'f5', NULL, NULL),
(138834, 23777, 1759, 4, 1041, 2, 'f4', NULL, NULL),
(138835, 23777, 1759, 4, 1040, 2, 'f3', NULL, NULL),
(138836, 23777, 1759, 4, 1039, 2, 'f2', NULL, NULL),
(138837, 23777, 1759, 4, 1038, 2, 'f1', NULL, NULL),
(138838, 23777, 1759, 4, 1044, 2, 'f7', NULL, NULL),
(138839, 23778, 1673, 5, 1038, 1, 'f1', NULL, NULL),
(138840, 23778, 1673, 5, 1045, 1, 'v1', NULL, NULL),
(138841, 23778, 1673, 5, 1046, 1, 'v2', NULL, NULL),
(138842, 23778, 1673, 5, 1047, 1, 'v3', NULL, NULL),
(138843, 23778, 1673, 5, 1049, 1, 'v5', NULL, NULL),
(138844, 23779, 1673, 4, 1038, 1, 'f1', NULL, NULL),
(138845, 23779, 1673, 4, 1039, 1, 'f2', NULL, NULL),
(138846, 23779, 1673, 4, 1041, 1, 'f4', NULL, NULL),
(138847, 23779, 1673, 4, 1042, 1, 'f5', NULL, NULL),
(138848, 23779, 1673, 4, 1043, 1, 'f6', NULL, NULL),
(138849, 23780, 1682, 4, 1042, 4, 'f5', NULL, NULL),
(138850, 23780, 1682, 4, 1041, 6, 'f4', NULL, NULL),
(138851, 23780, 1682, 4, 1040, 6, 'f3', NULL, NULL),
(138852, 23780, 1682, 4, 1039, 4, 'f2', NULL, NULL),
(138853, 23780, 1682, 4, 1038, 2, 'f1', NULL, NULL),
(138854, 23780, 1682, 4, 1043, 4, 'f6', NULL, NULL),
(138855, 23780, 1682, 4, 1044, 4, 'f7', NULL, NULL),
(138856, 23781, 1675, 3, 1044, 1, 'f7', NULL, NULL),
(138857, 23781, 1675, 3, 1042, 1, 'f5', NULL, NULL),
(138858, 23781, 1675, 3, 1041, 1, 'f4', NULL, NULL),
(138859, 23781, 1675, 3, 1040, 1, 'f3', NULL, NULL),
(138860, 23781, 1675, 3, 1039, 2, 'f2', NULL, NULL),
(138861, 23781, 1675, 3, 1047, 1, 'v3', NULL, NULL),
(138862, 23782, 1673, 6, 1044, 1, 'f7', NULL, NULL),
(138863, 23782, 1673, 6, 1042, 1, 'f5', NULL, NULL),
(138864, 23782, 1673, 6, 1038, 1, 'f1', NULL, NULL),
(138865, 23782, 1673, 6, 1039, 1, 'f2', NULL, NULL);
INSERT INTO `order_item_dishes` (`oid_id`, `oid_order_item_id`, `oid_product_id`, `oid_typemeal_id`, `oid_dish_id`, `oid_quantity`, `oid_ref`, `created_at`, `updated_at`) VALUES
(138866, 23782, 1673, 6, 1040, 1, 'f3', NULL, NULL),
(138867, 23783, 1676, 4, 1038, 1, 'f1', NULL, NULL),
(138868, 23783, 1676, 4, 1040, 1, 'f3', NULL, NULL),
(138869, 23783, 1676, 4, 1041, 3, 'f4', NULL, NULL),
(138870, 23783, 1676, 4, 1042, 1, 'f5', NULL, NULL),
(138871, 23783, 1676, 4, 1043, 2, 'f6', NULL, NULL),
(138872, 23783, 1676, 4, 1044, 2, 'f7', NULL, NULL),
(138873, 23784, 1673, 3, 1039, 2, 'f2', NULL, NULL),
(138874, 23784, 1673, 3, 1040, 1, 'f3', NULL, NULL),
(138875, 23784, 1673, 3, 1042, 1, 'f5', NULL, NULL),
(138876, 23784, 1673, 3, 1046, 1, 'v2', NULL, NULL),
(138877, 23785, 1673, 3, 1041, 1, 'f4', NULL, NULL),
(138878, 23785, 1673, 3, 1040, 1, 'f3', NULL, NULL),
(138879, 23785, 1673, 3, 1039, 1, 'f2', NULL, NULL),
(138880, 23785, 1673, 3, 1038, 1, 'f1', NULL, NULL),
(138881, 23785, 1673, 3, 1044, 1, 'f7', NULL, NULL),
(138882, 23786, 1676, 4, 1043, 2, 'f6', NULL, NULL),
(138883, 23786, 1676, 4, 1041, 1, 'f4', NULL, NULL),
(138884, 23786, 1676, 4, 1040, 2, 'f3', NULL, NULL),
(138885, 23786, 1676, 4, 1039, 1, 'f2', NULL, NULL),
(138886, 23786, 1676, 4, 1038, 2, 'f1', NULL, NULL),
(138887, 23786, 1676, 4, 1044, 2, 'f7', NULL, NULL),
(138888, 23787, 1759, 4, 1044, 2, 'f7', NULL, NULL),
(138889, 23787, 1759, 4, 1042, 2, 'f5', NULL, NULL),
(138890, 23787, 1759, 4, 1041, 2, 'f4', NULL, NULL),
(138891, 23787, 1759, 4, 1040, 2, 'f3', NULL, NULL),
(138892, 23787, 1759, 4, 1039, 2, 'f2', NULL, NULL),
(138893, 23787, 1759, 4, 1038, 2, 'f1', NULL, NULL),
(138894, 23788, 1675, 5, 1044, 1, 'f7', NULL, NULL),
(138895, 23788, 1675, 5, 1043, 1, 'f6', NULL, NULL),
(138896, 23788, 1675, 5, 1041, 1, 'f4', NULL, NULL),
(138897, 23788, 1675, 5, 1040, 1, 'f3', NULL, NULL),
(138898, 23788, 1675, 5, 1039, 2, 'f2', NULL, NULL),
(138899, 23788, 1675, 5, 1038, 1, 'f1', NULL, NULL),
(138900, 23789, 1675, 4, 1044, 2, 'f7', NULL, NULL),
(138901, 23789, 1675, 4, 1042, 2, 'f5', NULL, NULL),
(138902, 23789, 1675, 4, 1039, 1, 'f2', NULL, NULL),
(138903, 23789, 1675, 4, 1038, 2, 'f1', NULL, NULL),
(138904, 23790, 1759, 3, 1044, 2, 'f7', NULL, NULL),
(138905, 23790, 1759, 3, 1043, 2, 'f6', NULL, NULL),
(138906, 23790, 1759, 3, 1042, 1, 'f5', NULL, NULL),
(138907, 23790, 1759, 3, 1041, 1, 'f4', NULL, NULL),
(138908, 23790, 1759, 3, 1039, 2, 'f2', NULL, NULL),
(138909, 23790, 1759, 3, 1038, 1, 'f1', NULL, NULL),
(138910, 23790, 1759, 3, 1047, 1, 'v3', NULL, NULL),
(138911, 23790, 1759, 3, 1049, 2, 'v5', NULL, NULL),
(138912, 23791, 1759, 4, 1038, 2, 'f1', NULL, NULL),
(138913, 23791, 1759, 4, 1041, 2, 'f4', NULL, NULL),
(138914, 23791, 1759, 4, 1042, 2, 'f5', NULL, NULL),
(138915, 23791, 1759, 4, 1043, 2, 'f6', NULL, NULL),
(138916, 23791, 1759, 4, 1044, 2, 'f7', NULL, NULL),
(138917, 23791, 1759, 4, 1046, 1, 'v2', NULL, NULL),
(138918, 23791, 1759, 4, 1049, 1, 'v5', NULL, NULL),
(138919, 23792, 1673, 3, 1039, 1, 'f2', NULL, NULL),
(138920, 23792, 1673, 3, 1041, 1, 'f4', NULL, NULL),
(138921, 23792, 1673, 3, 1042, 2, 'f5', NULL, NULL),
(138922, 23792, 1673, 3, 1043, 1, 'f6', NULL, NULL),
(138923, 23793, 1759, 3, 1047, 1, 'v3', NULL, NULL),
(138924, 23793, 1759, 3, 1044, 2, 'f7', NULL, NULL),
(138925, 23793, 1759, 3, 1043, 2, 'f6', NULL, NULL),
(138926, 23793, 1759, 3, 1042, 1, 'f5', NULL, NULL),
(138927, 23793, 1759, 3, 1041, 1, 'f4', NULL, NULL),
(138928, 23793, 1759, 3, 1039, 2, 'f2', NULL, NULL),
(138929, 23793, 1759, 3, 1038, 1, 'f1', NULL, NULL),
(138930, 23793, 1759, 3, 1049, 2, 'v5', NULL, NULL),
(138931, 23794, 1682, 4, 1042, 2, 'f5', NULL, NULL),
(138932, 23794, 1682, 4, 1041, 4, 'f4', NULL, NULL),
(138933, 23794, 1682, 4, 1040, 4, 'f3', NULL, NULL),
(138934, 23794, 1682, 4, 1039, 2, 'f2', NULL, NULL),
(138935, 23794, 1682, 4, 1038, 4, 'f1', NULL, NULL),
(138936, 23794, 1682, 4, 1043, 4, 'f6', NULL, NULL),
(138937, 23794, 1682, 4, 1044, 4, 'f7', NULL, NULL),
(138938, 23794, 1682, 4, 1047, 2, 'v3', NULL, NULL),
(138939, 23794, 1682, 4, 1049, 4, 'v5', NULL, NULL),
(138940, 23795, 1673, 5, 1044, 1, 'f7', NULL, NULL),
(138941, 23795, 1673, 5, 1043, 1, 'f6', NULL, NULL),
(138942, 23795, 1673, 5, 1038, 1, 'f1', NULL, NULL),
(138943, 23795, 1673, 5, 1040, 1, 'f3', NULL, NULL),
(138944, 23795, 1673, 5, 1041, 1, 'f4', NULL, NULL),
(138945, 23796, 1673, 3, 1046, 2, 'v2', NULL, NULL),
(138946, 23796, 1673, 3, 1042, 1, 'f5', NULL, NULL),
(138947, 23796, 1673, 3, 1038, 1, 'f1', NULL, NULL),
(138948, 23796, 1673, 3, 1049, 1, 'v5', NULL, NULL),
(138949, 23797, 1675, 4, 1039, 1, 'f2', NULL, NULL),
(138950, 23797, 1675, 4, 1040, 1, 'f3', NULL, NULL),
(138951, 23797, 1675, 4, 1041, 1, 'f4', NULL, NULL),
(138952, 23797, 1675, 4, 1042, 1, 'f5', NULL, NULL),
(138953, 23797, 1675, 4, 1043, 2, 'f6', NULL, NULL),
(138954, 23797, 1675, 4, 1044, 1, 'f7', NULL, NULL),
(138955, 23798, 1673, 3, 1038, 1, 'f1', NULL, NULL),
(138956, 23798, 1673, 3, 1040, 1, 'f3', NULL, NULL),
(138957, 23798, 1673, 3, 1041, 1, 'f4', NULL, NULL),
(138958, 23798, 1673, 3, 1043, 1, 'f6', NULL, NULL),
(138959, 23798, 1673, 3, 1044, 1, 'f7', NULL, NULL),
(138960, 23799, 1673, 4, 1038, 1, 'f1', NULL, NULL),
(138961, 23799, 1673, 4, 1040, 1, 'f3', NULL, NULL),
(138962, 23799, 1673, 4, 1041, 1, 'f4', NULL, NULL),
(138963, 23799, 1673, 4, 1043, 1, 'f6', NULL, NULL),
(138964, 23799, 1673, 4, 1044, 1, 'f7', NULL, NULL),
(138965, 23800, 1678, 4, 1044, 3, 'f7', NULL, NULL),
(138966, 23800, 1678, 4, 1043, 2, 'f6', NULL, NULL),
(138967, 23800, 1678, 4, 1042, 3, 'f5', NULL, NULL),
(138968, 23800, 1678, 4, 1041, 3, 'f4', NULL, NULL),
(138969, 23800, 1678, 4, 1040, 2, 'f3', NULL, NULL),
(138970, 23800, 1678, 4, 1039, 2, 'f2', NULL, NULL),
(138971, 23801, 1682, 4, 1049, 3, 'v5', NULL, NULL),
(138972, 23801, 1682, 4, 1048, 2, 'v4', NULL, NULL),
(138973, 23801, 1682, 4, 1047, 2, 'v3', NULL, NULL),
(138974, 23801, 1682, 4, 1046, 2, 'v2', NULL, NULL),
(138975, 23801, 1682, 4, 1045, 2, 'v1', NULL, NULL),
(138976, 23801, 1682, 4, 1044, 2, 'f7', NULL, NULL),
(138977, 23801, 1682, 4, 1042, 2, 'f5', NULL, NULL),
(138978, 23801, 1682, 4, 1041, 4, 'f4', NULL, NULL),
(138979, 23801, 1682, 4, 1040, 1, 'f3', NULL, NULL),
(138980, 23801, 1682, 4, 1039, 4, 'f2', NULL, NULL),
(138981, 23801, 1682, 4, 1038, 6, 'f1', NULL, NULL),
(138982, 23802, 1678, 4, 1044, 4, 'f7', NULL, NULL),
(138983, 23802, 1678, 4, 1042, 2, 'f5', NULL, NULL),
(138984, 23802, 1678, 4, 1041, 3, 'f4', NULL, NULL),
(138985, 23802, 1678, 4, 1040, 2, 'f3', NULL, NULL),
(138986, 23802, 1678, 4, 1039, 4, 'f2', NULL, NULL),
(138987, 23803, 1673, 4, 1038, 1, 'f1', NULL, NULL),
(138988, 23803, 1673, 4, 1040, 1, 'f3', NULL, NULL),
(138989, 23803, 1673, 4, 1041, 1, 'f4', NULL, NULL),
(138990, 23803, 1673, 4, 1045, 1, 'v1', NULL, NULL),
(138991, 23803, 1673, 4, 1046, 1, 'v2', NULL, NULL),
(138992, 23804, 1673, 5, 1044, 1, 'f7', NULL, NULL),
(138993, 23804, 1673, 5, 1042, 1, 'f5', NULL, NULL),
(138994, 23804, 1673, 5, 1040, 1, 'f3', NULL, NULL),
(138995, 23804, 1673, 5, 1039, 1, 'f2', NULL, NULL),
(138996, 23804, 1673, 5, 1038, 1, 'f1', NULL, NULL),
(138997, 23804, 1673, 5, 1045, 1, 'v1', NULL, NULL),
(138998, 23805, 1676, 2, 1049, 1, 'v5', NULL, NULL),
(138999, 23805, 1676, 2, 1048, 1, 'v4', NULL, NULL),
(139000, 23805, 1676, 2, 1047, 1, 'v3', NULL, NULL),
(139001, 23805, 1676, 2, 1046, 1, 'v2', NULL, NULL),
(139002, 23805, 1676, 2, 1045, 1, 'v1', NULL, NULL),
(139003, 23805, 1676, 2, 1042, 1, 'f5', NULL, NULL),
(139004, 23805, 1676, 2, 1041, 1, 'f4', NULL, NULL),
(139005, 23805, 1676, 2, 1040, 1, 'f3', NULL, NULL),
(139006, 23805, 1676, 2, 1039, 1, 'f2', NULL, NULL),
(139007, 23805, 1676, 2, 1038, 1, 'f1', NULL, NULL),
(139008, 23806, 1673, 4, 1045, 1, 'v1', NULL, NULL),
(139009, 23806, 1673, 4, 1044, 1, 'f7', NULL, NULL),
(139010, 23806, 1673, 4, 1043, 1, 'f6', NULL, NULL),
(139011, 23806, 1673, 4, 1039, 1, 'f2', NULL, NULL),
(139012, 23806, 1673, 4, 1038, 1, 'f1', NULL, NULL),
(139013, 23807, 1676, 4, 1049, 2, 'v5', NULL, NULL),
(139014, 23807, 1676, 4, 1048, 2, 'v4', NULL, NULL),
(139015, 23807, 1676, 4, 1047, 2, 'v3', NULL, NULL),
(139016, 23807, 1676, 4, 1046, 2, 'v2', NULL, NULL),
(139017, 23807, 1676, 4, 1045, 2, 'v1', NULL, NULL),
(139018, 23808, 1673, 3, 1045, 1, 'v1', NULL, NULL),
(139019, 23808, 1673, 3, 1043, 1, 'f6', NULL, NULL),
(139020, 23808, 1673, 3, 1038, 1, 'f1', NULL, NULL),
(139021, 23808, 1673, 3, 1039, 1, 'f2', NULL, NULL),
(139022, 23808, 1673, 3, 1040, 1, 'f3', NULL, NULL),
(139023, 23809, 1676, 4, 1044, 2, 'f7', NULL, NULL),
(139024, 23809, 1676, 4, 1038, 4, 'f1', NULL, NULL),
(139025, 23809, 1676, 4, 1041, 2, 'f4', NULL, NULL),
(139026, 23809, 1676, 4, 1042, 1, 'f5', NULL, NULL),
(139027, 23809, 1676, 4, 1043, 1, 'f6', NULL, NULL),
(139028, 23810, 1675, 4, 1046, 1, 'v2', NULL, NULL),
(139029, 23810, 1675, 4, 1043, 1, 'f6', NULL, NULL),
(139030, 23810, 1675, 4, 1038, 2, 'f1', NULL, NULL),
(139031, 23810, 1675, 4, 1041, 1, 'f4', NULL, NULL),
(139032, 23810, 1675, 4, 1040, 1, 'f3', NULL, NULL),
(139033, 23810, 1675, 4, 1039, 1, 'f2', NULL, NULL),
(139034, 23811, 1682, 4, 1042, 2, 'f5', NULL, NULL),
(139035, 23811, 1682, 4, 1041, 10, 'f4', NULL, NULL),
(139036, 23811, 1682, 4, 1040, 6, 'f3', NULL, NULL),
(139037, 23811, 1682, 4, 1038, 10, 'f1', NULL, NULL),
(139038, 23811, 1682, 4, 1039, 2, 'f2', NULL, NULL),
(139039, 23812, 1675, 4, 1045, 1, 'v1', NULL, NULL),
(139040, 23812, 1675, 4, 1038, 2, 'f1', NULL, NULL),
(139041, 23812, 1675, 4, 1044, 2, 'f7', NULL, NULL),
(139042, 23812, 1675, 4, 1042, 2, 'f5', NULL, NULL),
(139043, 23813, 1759, 4, 1044, 2, 'f7', NULL, NULL),
(139044, 23813, 1759, 4, 1043, 2, 'f6', NULL, NULL),
(139045, 23813, 1759, 4, 1038, 4, 'f1', NULL, NULL),
(139046, 23813, 1759, 4, 1039, 4, 'f2', NULL, NULL),
(139047, 23814, 1673, 6, 1044, 1, 'f7', NULL, NULL),
(139048, 23814, 1673, 6, 1039, 1, 'f2', NULL, NULL),
(139049, 23814, 1673, 6, 1040, 1, 'f3', NULL, NULL),
(139050, 23814, 1673, 6, 1042, 1, 'f5', NULL, NULL),
(139051, 23814, 1673, 6, 1043, 1, 'f6', NULL, NULL),
(139052, 23815, 1759, 4, 1042, 2, 'f5', NULL, NULL),
(139053, 23815, 1759, 4, 1041, 2, 'f4', NULL, NULL),
(139054, 23815, 1759, 4, 1040, 3, 'f3', NULL, NULL),
(139055, 23815, 1759, 4, 1039, 1, 'f2', NULL, NULL),
(139056, 23815, 1759, 4, 1038, 4, 'f1', NULL, NULL),
(139057, 23816, 1673, 3, 1049, 1, 'v5', NULL, NULL),
(139058, 23816, 1673, 3, 1042, 1, 'f5', NULL, NULL),
(139059, 23816, 1673, 3, 1041, 1, 'f4', NULL, NULL),
(139060, 23816, 1673, 3, 1040, 1, 'f3', NULL, NULL),
(139061, 23816, 1673, 3, 1039, 1, 'f2', NULL, NULL),
(139062, 23817, 1676, 4, 1038, 1, 'f1', NULL, NULL),
(139063, 23817, 1676, 4, 1039, 2, 'f2', NULL, NULL),
(139064, 23817, 1676, 4, 1040, 1, 'f3', NULL, NULL),
(139065, 23817, 1676, 4, 1041, 1, 'f4', NULL, NULL),
(139066, 23817, 1676, 4, 1042, 1, 'f5', NULL, NULL),
(139067, 23817, 1676, 4, 1043, 1, 'f6', NULL, NULL),
(139068, 23817, 1676, 4, 1044, 1, 'f7', NULL, NULL),
(139069, 23817, 1676, 4, 1046, 1, 'v2', NULL, NULL),
(139070, 23817, 1676, 4, 1049, 1, 'v5', NULL, NULL),
(139071, 23818, 1673, 3, 1038, 1, 'f1', NULL, NULL),
(139072, 23818, 1673, 3, 1039, 1, 'f2', NULL, NULL),
(139073, 23818, 1673, 3, 1040, 1, 'f3', NULL, NULL),
(139074, 23818, 1673, 3, 1042, 1, 'f5', NULL, NULL),
(139075, 23818, 1673, 3, 1044, 1, 'f7', NULL, NULL),
(139076, 23819, 1673, 3, 1044, 1, 'f7', NULL, NULL),
(139077, 23819, 1673, 3, 1043, 1, 'f6', NULL, NULL),
(139078, 23819, 1673, 3, 1042, 1, 'f5', NULL, NULL),
(139079, 23819, 1673, 3, 1041, 1, 'f4', NULL, NULL),
(139080, 23819, 1673, 3, 1040, 1, 'f3', NULL, NULL),
(139081, 23820, 1673, 5, 1042, 1, 'f5', NULL, NULL),
(139082, 23820, 1673, 5, 1044, 1, 'f7', NULL, NULL),
(139083, 23820, 1673, 5, 1045, 1, 'v1', NULL, NULL),
(139084, 23820, 1673, 5, 1046, 1, 'v2', NULL, NULL),
(139085, 23820, 1673, 5, 1049, 1, 'v5', NULL, NULL),
(139086, 23821, 1676, 4, 1038, 2, 'f1', NULL, NULL),
(139087, 23821, 1676, 4, 1040, 2, 'f3', NULL, NULL),
(139088, 23821, 1676, 4, 1041, 2, 'f4', NULL, NULL),
(139089, 23821, 1676, 4, 1042, 2, 'f5', NULL, NULL),
(139090, 23821, 1676, 4, 1043, 2, 'f6', NULL, NULL),
(139091, 23822, 1673, 3, 1049, 1, 'v5', NULL, NULL),
(139092, 23822, 1673, 3, 1042, 1, 'f5', NULL, NULL),
(139093, 23822, 1673, 3, 1041, 1, 'f4', NULL, NULL),
(139094, 23822, 1673, 3, 1040, 1, 'f3', NULL, NULL),
(139095, 23822, 1673, 3, 1039, 1, 'f2', NULL, NULL),
(139096, 23823, 1676, 4, 1047, 1, 'v3', NULL, NULL),
(139097, 23823, 1676, 4, 1043, 4, 'f6', NULL, NULL),
(139098, 23823, 1676, 4, 1042, 1, 'f5', NULL, NULL),
(139099, 23823, 1676, 4, 1038, 4, 'f1', NULL, NULL),
(139100, 23824, 1676, 4, 1038, 6, 'f1', NULL, NULL),
(139101, 23824, 1676, 4, 1039, 2, 'f2', NULL, NULL),
(139102, 23824, 1676, 4, 1041, 2, 'f4', NULL, NULL),
(139103, 23825, 1676, 3, 1042, 1, 'f5', NULL, NULL),
(139104, 23825, 1676, 3, 1041, 1, 'f4', NULL, NULL),
(139105, 23825, 1676, 3, 1040, 1, 'f3', NULL, NULL),
(139106, 23825, 1676, 3, 1039, 1, 'f2', NULL, NULL),
(139107, 23825, 1676, 3, 1038, 1, 'f1', NULL, NULL),
(139108, 23825, 1676, 3, 1043, 1, 'f6', NULL, NULL),
(139109, 23825, 1676, 3, 1044, 1, 'f7', NULL, NULL),
(139110, 23825, 1676, 3, 1047, 1, 'v3', NULL, NULL),
(139111, 23825, 1676, 3, 1048, 1, 'v4', NULL, NULL),
(139112, 23825, 1676, 3, 1049, 1, 'v5', NULL, NULL),
(139113, 23826, 1680, 4, 1044, 5, 'f7', NULL, NULL),
(139114, 23826, 1680, 4, 1042, 2, 'f5', NULL, NULL),
(139115, 23826, 1680, 4, 1041, 3, 'f4', NULL, NULL),
(139116, 23826, 1680, 4, 1040, 5, 'f3', NULL, NULL),
(139117, 23826, 1680, 4, 1039, 2, 'f2', NULL, NULL),
(139118, 23826, 1680, 4, 1038, 3, 'f1', NULL, NULL),
(139119, 23827, 1675, 4, 1045, 1, 'v1', NULL, NULL),
(139120, 23827, 1675, 4, 1044, 1, 'f7', NULL, NULL),
(139121, 23827, 1675, 4, 1043, 1, 'f6', NULL, NULL),
(139122, 23827, 1675, 4, 1041, 1, 'f4', NULL, NULL),
(139123, 23827, 1675, 4, 1040, 1, 'f3', NULL, NULL),
(139124, 23827, 1675, 4, 1039, 1, 'f2', NULL, NULL),
(139125, 23827, 1675, 4, 1038, 1, 'f1', NULL, NULL),
(139126, 23828, 1673, 3, 1044, 1, 'f7', NULL, NULL),
(139127, 23828, 1673, 3, 1042, 1, 'f5', NULL, NULL),
(139128, 23828, 1673, 3, 1040, 1, 'f3', NULL, NULL),
(139129, 23828, 1673, 3, 1039, 2, 'f2', NULL, NULL),
(139130, 23829, 1675, 3, 1038, 1, 'f1', NULL, NULL),
(139131, 23829, 1675, 3, 1039, 1, 'f2', NULL, NULL),
(139132, 23829, 1675, 3, 1040, 1, 'f3', NULL, NULL),
(139133, 23829, 1675, 3, 1041, 1, 'f4', NULL, NULL),
(139134, 23829, 1675, 3, 1042, 1, 'f5', NULL, NULL),
(139135, 23829, 1675, 3, 1043, 1, 'f6', NULL, NULL),
(139136, 23829, 1675, 3, 1044, 1, 'f7', NULL, NULL),
(139137, 23830, 1676, 5, 1040, 3, 'f3', NULL, NULL),
(139138, 23830, 1676, 5, 1041, 4, 'f4', NULL, NULL),
(139139, 23830, 1676, 5, 1042, 1, 'f5', NULL, NULL),
(139140, 23830, 1676, 5, 1044, 1, 'f7', NULL, NULL),
(139141, 23830, 1676, 5, 1047, 1, 'v3', NULL, NULL),
(139142, 23831, 1673, 4, 1039, 1, 'f2', NULL, NULL),
(139143, 23831, 1673, 4, 1040, 1, 'f3', NULL, NULL),
(139144, 23831, 1673, 4, 1043, 1, 'f6', NULL, NULL),
(139145, 23831, 1673, 4, 1046, 2, 'v2', NULL, NULL),
(139146, 23832, 1676, 4, 1044, 4, 'f7', NULL, NULL),
(139147, 23832, 1676, 4, 1042, 2, 'f5', NULL, NULL),
(139148, 23832, 1676, 4, 1039, 2, 'f2', NULL, NULL),
(139149, 23832, 1676, 4, 1041, 2, 'f4', NULL, NULL),
(139150, 23833, 1676, 4, 1044, 2, 'f7', NULL, NULL),
(139151, 23833, 1676, 4, 1043, 2, 'f6', NULL, NULL),
(139152, 23833, 1676, 4, 1038, 2, 'f1', NULL, NULL),
(139153, 23833, 1676, 4, 1039, 2, 'f2', NULL, NULL),
(139154, 23833, 1676, 4, 1040, 2, 'f3', NULL, NULL),
(139155, 23834, 1675, 6, 1042, 2, 'f5', NULL, NULL),
(139156, 23834, 1675, 6, 1044, 1, 'f7', NULL, NULL),
(139157, 23834, 1675, 6, 1046, 1, 'v2', NULL, NULL),
(139158, 23834, 1675, 6, 1039, 1, 'f2', NULL, NULL),
(139159, 23834, 1675, 6, 1038, 2, 'f1', NULL, NULL),
(139160, 23835, 1675, 4, 1044, 1, 'f7', NULL, NULL),
(139161, 23835, 1675, 4, 1043, 1, 'f6', NULL, NULL),
(139162, 23835, 1675, 4, 1042, 1, 'f5', NULL, NULL),
(139163, 23835, 1675, 4, 1041, 1, 'f4', NULL, NULL),
(139164, 23835, 1675, 4, 1040, 1, 'f3', NULL, NULL),
(139165, 23835, 1675, 4, 1039, 1, 'f2', NULL, NULL),
(139166, 23835, 1675, 4, 1038, 1, 'f1', NULL, NULL),
(139167, 23836, 1675, 5, 1038, 1, 'f1', NULL, NULL),
(139168, 23836, 1675, 5, 1039, 1, 'f2', NULL, NULL),
(139169, 23836, 1675, 5, 1040, 1, 'f3', NULL, NULL),
(139170, 23836, 1675, 5, 1041, 1, 'f4', NULL, NULL),
(139171, 23836, 1675, 5, 1042, 1, 'f5', NULL, NULL),
(139172, 23836, 1675, 5, 1043, 1, 'f6', NULL, NULL),
(139173, 23836, 1675, 5, 1044, 1, 'f7', NULL, NULL),
(139174, 23837, 1676, 5, 1044, 2, 'f7', NULL, NULL),
(139175, 23837, 1676, 5, 1041, 1, 'f4', NULL, NULL),
(139176, 23837, 1676, 5, 1040, 3, 'f3', NULL, NULL),
(139177, 23837, 1676, 5, 1039, 3, 'f2', NULL, NULL),
(139178, 23837, 1676, 5, 1038, 1, 'f1', NULL, NULL),
(139179, 23838, 1673, 3, 1038, 1, 'f1', NULL, NULL),
(139180, 23838, 1673, 3, 1039, 1, 'f2', NULL, NULL),
(139181, 23838, 1673, 3, 1040, 1, 'f3', NULL, NULL),
(139182, 23838, 1673, 3, 1042, 1, 'f5', NULL, NULL),
(139183, 23838, 1673, 3, 1044, 1, 'f7', NULL, NULL),
(139184, 23839, 1673, 3, 1038, 1, 'f1', NULL, NULL),
(139185, 23839, 1673, 3, 1039, 1, 'f2', NULL, NULL),
(139186, 23839, 1673, 3, 1040, 1, 'f3', NULL, NULL),
(139187, 23839, 1673, 3, 1042, 1, 'f5', NULL, NULL),
(139188, 23839, 1673, 3, 1044, 1, 'f7', NULL, NULL),
(139189, 23840, 1673, 3, 1038, 1, 'f1', NULL, NULL),
(139190, 23840, 1673, 3, 1039, 1, 'f2', NULL, NULL),
(139191, 23840, 1673, 3, 1040, 1, 'f3', NULL, NULL),
(139192, 23840, 1673, 3, 1042, 1, 'f5', NULL, NULL),
(139193, 23840, 1673, 3, 1044, 1, 'f7', NULL, NULL),
(139194, 23841, 1673, 3, 1038, 1, 'f1', NULL, NULL),
(139195, 23841, 1673, 3, 1039, 1, 'f2', NULL, NULL),
(139196, 23841, 1673, 3, 1040, 1, 'f3', NULL, NULL),
(139197, 23841, 1673, 3, 1042, 1, 'f5', NULL, NULL),
(139198, 23841, 1673, 3, 1044, 1, 'f7', NULL, NULL),
(139199, 23842, 1673, 3, 1038, 1, 'f1', NULL, NULL),
(139200, 23842, 1673, 3, 1039, 1, 'f2', NULL, NULL),
(139201, 23842, 1673, 3, 1040, 1, 'f3', NULL, NULL),
(139202, 23842, 1673, 3, 1042, 1, 'f5', NULL, NULL),
(139203, 23842, 1673, 3, 1044, 1, 'f7', NULL, NULL),
(139204, 23843, 1673, 3, 1038, 1, 'f1', NULL, NULL),
(139205, 23843, 1673, 3, 1039, 1, 'f2', NULL, NULL),
(139206, 23843, 1673, 3, 1040, 1, 'f3', NULL, NULL),
(139207, 23843, 1673, 3, 1042, 1, 'f5', NULL, NULL),
(139208, 23843, 1673, 3, 1044, 1, 'f7', NULL, NULL),
(139209, 23844, 1673, 3, 1038, 1, 'f1', NULL, NULL),
(139210, 23844, 1673, 3, 1039, 1, 'f2', NULL, NULL),
(139211, 23844, 1673, 3, 1040, 1, 'f3', NULL, NULL),
(139212, 23844, 1673, 3, 1042, 1, 'f5', NULL, NULL),
(139213, 23844, 1673, 3, 1044, 1, 'f7', NULL, NULL),
(139214, 23845, 1673, 3, 1038, 1, 'f1', NULL, NULL),
(139215, 23845, 1673, 3, 1039, 1, 'f2', NULL, NULL),
(139216, 23845, 1673, 3, 1040, 1, 'f3', NULL, NULL),
(139217, 23845, 1673, 3, 1042, 1, 'f5', NULL, NULL),
(139218, 23845, 1673, 3, 1044, 1, 'f7', NULL, NULL),
(139219, 23846, 1673, 3, 1038, 1, 'f1', NULL, NULL),
(139220, 23846, 1673, 3, 1039, 1, 'f2', NULL, NULL),
(139221, 23846, 1673, 3, 1040, 1, 'f3', NULL, NULL),
(139222, 23846, 1673, 3, 1042, 1, 'f5', NULL, NULL),
(139223, 23846, 1673, 3, 1044, 1, 'f7', NULL, NULL),
(139224, 23847, 1673, 3, 1038, 1, 'f1', NULL, NULL),
(139225, 23847, 1673, 3, 1039, 1, 'f2', NULL, NULL),
(139226, 23847, 1673, 3, 1040, 1, 'f3', NULL, NULL),
(139227, 23847, 1673, 3, 1042, 1, 'f5', NULL, NULL),
(139228, 23847, 1673, 3, 1044, 1, 'f7', NULL, NULL),
(139229, 23848, 1760, 4, 1042, 5, 'f5', NULL, NULL),
(139230, 23848, 1760, 4, 1041, 5, 'f4', NULL, NULL),
(139231, 23848, 1760, 4, 1040, 10, 'f3', NULL, NULL),
(139232, 23848, 1760, 4, 1039, 5, 'f2', NULL, NULL),
(139233, 23848, 1760, 4, 1038, 5, 'f1', NULL, NULL),
(139234, 23848, 1760, 4, 1044, 10, 'f7', NULL, NULL),
(139235, 23849, 1676, 4, 1044, 1, 'f7', NULL, NULL),
(139236, 23849, 1676, 4, 1043, 1, 'f6', NULL, NULL),
(139237, 23849, 1676, 4, 1042, 1, 'f5', NULL, NULL),
(139238, 23849, 1676, 4, 1041, 1, 'f4', NULL, NULL),
(139239, 23849, 1676, 4, 1040, 1, 'f3', NULL, NULL),
(139240, 23849, 1676, 4, 1039, 1, 'f2', NULL, NULL),
(139241, 23849, 1676, 4, 1045, 1, 'v1', NULL, NULL),
(139242, 23849, 1676, 4, 1046, 1, 'v2', NULL, NULL),
(139243, 23849, 1676, 4, 1047, 1, 'v3', NULL, NULL),
(139244, 23849, 1676, 4, 1049, 1, 'v5', NULL, NULL),
(139245, 23850, 1682, 4, 1038, 5, 'f1', NULL, NULL),
(139246, 23850, 1682, 4, 1039, 5, 'f2', NULL, NULL),
(139247, 23850, 1682, 4, 1040, 5, 'f3', NULL, NULL),
(139248, 23850, 1682, 4, 1041, 5, 'f4', NULL, NULL),
(139249, 23850, 1682, 4, 1042, 6, 'f5', NULL, NULL),
(139250, 23850, 1682, 4, 1043, 4, 'f6', NULL, NULL);

-- --------------------------------------------------------

--
-- Estrutura da tabela `order_pack60_shipments`
--

CREATE TABLE IF NOT EXISTS `order_pack60_shipments` (
  `ops_id` bigint UNSIGNED NOT NULL AUTO_INCREMENT,
  `ops_order_id` bigint UNSIGNED NOT NULL,
  `ops_first_shipment_date` date DEFAULT NULL,
  `ops_second_shipment_date` date DEFAULT NULL,
  `ops_tracking_number` varchar(191) COLLATE utf8mb4_unicode_ci DEFAULT NULL,
  `ops_notes` text COLLATE utf8mb4_unicode_ci,
  `ops_is_overdue` tinyint(1) NOT NULL DEFAULT '0',
  `created_at` timestamp NULL DEFAULT NULL,
  `updated_at` timestamp NULL DEFAULT NULL,
  PRIMARY KEY (`ops_id`),
  KEY `order_pack60_shipments_ops_order_id_index` (`ops_order_id`),
  KEY `order_pack60_shipments_ops_second_shipment_date_index` (`ops_second_shipment_date`),
  KEY `order_pack60_shipments_ops_is_overdue_index` (`ops_is_overdue`)
) ENGINE=MyISAM AUTO_INCREMENT=342 DEFAULT CHARSET=utf8mb4 COLLATE=utf8mb4_unicode_ci;

--
-- Extraindo dados da tabela `order_pack60_shipments`
--

INSERT INTO `order_pack60_shipments` (`ops_id`, `ops_order_id`, `ops_first_shipment_date`, `ops_second_shipment_date`, `ops_tracking_number`, `ops_notes`, `ops_is_overdue`, `created_at`, `updated_at`) VALUES
(1, 22397, '2026-01-27', '2026-01-30', 'SD1254CD', 'teste', 0, '2026-01-27 16:10:59', '2026-01-30 17:30:26'),
(2, 22360, NULL, '2026-01-29', NULL, NULL, 0, '2026-01-29 14:48:13', '2026-01-29 14:48:13'),
(3, 22356, NULL, '2026-01-29', NULL, NULL, 0, '2026-01-29 14:48:13', '2026-01-29 14:48:13'),
(4, 22355, NULL, '2026-01-29', NULL, NULL, 0, '2026-01-29 14:48:13', '2026-01-29 14:48:13'),
(5, 22267, NULL, '2026-01-29', NULL, NULL, 0, '2026-01-29 14:48:13', '2026-01-29 14:48:13'),
(6, 22217, NULL, '2026-01-29', NULL, NULL, 0, '2026-01-29 14:48:13', '2026-01-29 14:48:13'),
(7, 22215, NULL, '2026-01-29', NULL, NULL, 0, '2026-01-29 14:48:13', '2026-01-29 14:48:13'),
(8, 22212, NULL, '2026-01-29', NULL, NULL, 0, '2026-01-29 14:48:13', '2026-01-29 14:48:13'),
(9, 22195, NULL, '2026-01-29', NULL, NULL, 0, '2026-01-29 14:48:13', '2026-01-29 14:48:13'),
(10, 22011, NULL, '2026-01-29', NULL, NULL, 0, '2026-01-29 14:48:13', '2026-01-29 14:48:13'),
(11, 21848, NULL, '2026-01-29', NULL, NULL, 0, '2026-01-29 14:48:13', '2026-01-29 14:48:13'),
(12, 21820, NULL, '2026-01-29', NULL, NULL, 0, '2026-01-29 14:48:13', '2026-01-29 14:48:13'),
(13, 21702, NULL, '2026-01-29', NULL, NULL, 0, '2026-01-29 14:48:13', '2026-01-29 14:48:13'),
(14, 21686, NULL, '2026-01-29', NULL, NULL, 0, '2026-01-29 14:48:13', '2026-01-29 14:48:13'),
(15, 21682, NULL, '2026-01-29', NULL, NULL, 0, '2026-01-29 14:48:13', '2026-01-29 14:48:13'),
(16, 21578, NULL, '2026-01-29', NULL, NULL, 0, '2026-01-29 14:48:13', '2026-01-29 14:48:13'),
(17, 21563, NULL, '2026-01-29', NULL, NULL, 0, '2026-01-29 14:48:13', '2026-01-29 14:48:13'),
(18, 21532, NULL, '2026-01-29', NULL, NULL, 0, '2026-01-29 14:48:13', '2026-01-29 14:48:13'),
(19, 21496, NULL, '2026-01-29', NULL, NULL, 0, '2026-01-29 14:48:13', '2026-01-29 14:48:13'),
(20, 21422, NULL, '2026-01-29', NULL, NULL, 0, '2026-01-29 14:48:14', '2026-01-29 14:48:14'),
(21, 21421, NULL, '2026-01-29', NULL, NULL, 0, '2026-01-29 14:48:14', '2026-01-29 14:48:14'),
(22, 21400, NULL, '2026-01-29', NULL, NULL, 0, '2026-01-29 14:48:14', '2026-01-29 14:48:14'),
(23, 21328, NULL, '2026-01-29', NULL, NULL, 0, '2026-01-29 14:48:14', '2026-01-29 14:48:14'),
(24, 21327, NULL, '2026-01-29', NULL, NULL, 0, '2026-01-29 14:48:14', '2026-01-29 14:48:14'),
(25, 21254, NULL, '2026-01-29', NULL, NULL, 0, '2026-01-29 14:48:14', '2026-01-29 14:48:14'),
(26, 21253, NULL, '2026-01-29', NULL, NULL, 0, '2026-01-29 14:48:14', '2026-01-29 14:48:14'),
(27, 21249, NULL, '2026-01-29', NULL, NULL, 0, '2026-01-29 14:48:14', '2026-01-29 14:48:14'),
(28, 21169, NULL, '2026-01-29', NULL, NULL, 0, '2026-01-29 14:48:14', '2026-01-29 14:48:14'),
(29, 21158, NULL, '2026-01-29', NULL, NULL, 0, '2026-01-29 14:48:14', '2026-01-29 14:48:14'),
(30, 21133, NULL, '2026-01-29', NULL, NULL, 0, '2026-01-29 14:48:14', '2026-01-29 14:48:14'),
(31, 21087, NULL, '2026-01-29', NULL, NULL, 0, '2026-01-29 14:48:14', '2026-01-29 14:48:14'),
(32, 21074, NULL, '2026-01-29', NULL, NULL, 0, '2026-01-29 14:48:14', '2026-01-29 14:48:14'),
(33, 21061, NULL, '2026-01-29', NULL, NULL, 0, '2026-01-29 14:48:14', '2026-01-29 14:48:14'),
(34, 21036, NULL, '2026-01-29', NULL, NULL, 0, '2026-01-29 14:48:14', '2026-01-29 14:48:14'),
(35, 21023, NULL, '2026-01-29', NULL, NULL, 0, '2026-01-29 14:48:14', '2026-01-29 14:48:14'),
(36, 20995, NULL, '2026-01-29', NULL, NULL, 0, '2026-01-29 14:48:14', '2026-01-29 14:48:14'),
(37, 20984, NULL, '2026-01-29', NULL, NULL, 0, '2026-01-29 14:48:14', '2026-01-29 14:48:14'),
(38, 20968, NULL, '2026-01-29', NULL, NULL, 0, '2026-01-29 14:48:14', '2026-01-29 14:48:14'),
(39, 20937, NULL, '2026-01-29', NULL, NULL, 0, '2026-01-29 14:48:14', '2026-01-29 14:48:14'),
(40, 20773, NULL, '2026-01-29', NULL, NULL, 0, '2026-01-29 14:48:14', '2026-01-29 14:48:14'),
(41, 20531, NULL, '2026-01-29', NULL, NULL, 0, '2026-01-29 14:48:14', '2026-01-29 14:48:14'),
(42, 20492, NULL, '2026-01-29', NULL, NULL, 0, '2026-01-29 14:48:14', '2026-01-29 14:48:14'),
(43, 20431, NULL, '2026-01-29', NULL, NULL, 0, '2026-01-29 14:48:14', '2026-01-29 14:48:14'),
(44, 20371, NULL, '2026-01-29', NULL, NULL, 0, '2026-01-29 14:48:14', '2026-01-29 14:48:14'),
(45, 20365, NULL, '2026-01-29', NULL, NULL, 0, '2026-01-29 14:48:14', '2026-01-29 14:48:14'),
(46, 20317, NULL, '2026-01-29', NULL, NULL, 0, '2026-01-29 14:48:14', '2026-01-29 14:48:14'),
(47, 20254, NULL, '2026-01-29', NULL, NULL, 0, '2026-01-29 14:48:14', '2026-01-29 14:48:14'),
(48, 20176, NULL, '2026-01-29', NULL, NULL, 0, '2026-01-29 14:48:14', '2026-01-29 14:48:14'),
(49, 20135, NULL, '2026-01-29', NULL, NULL, 0, '2026-01-29 14:48:14', '2026-01-29 14:48:14'),
(50, 20129, NULL, '2026-01-29', NULL, NULL, 0, '2026-01-29 14:48:14', '2026-01-29 14:48:14'),
(51, 20096, NULL, '2026-01-29', NULL, NULL, 0, '2026-01-29 14:48:14', '2026-01-29 14:48:14'),
(52, 20095, NULL, '2026-01-29', NULL, NULL, 0, '2026-01-29 14:48:14', '2026-01-29 14:48:14'),
(53, 20081, NULL, '2026-01-29', NULL, NULL, 0, '2026-01-29 14:48:14', '2026-01-29 14:48:14'),
(54, 20028, NULL, '2026-01-29', NULL, NULL, 0, '2026-01-29 14:48:14', '2026-01-29 14:48:14'),
(55, 20024, NULL, '2026-01-29', NULL, NULL, 0, '2026-01-29 14:48:14', '2026-01-29 14:48:14'),
(56, 19990, NULL, '2026-01-29', NULL, NULL, 0, '2026-01-29 14:48:14', '2026-01-29 14:48:14'),
(57, 19972, NULL, '2026-01-29', NULL, NULL, 0, '2026-01-29 14:48:14', '2026-01-29 14:48:14'),
(58, 19900, NULL, '2026-01-29', NULL, NULL, 0, '2026-01-29 14:48:14', '2026-01-29 14:48:14'),
(59, 19831, NULL, '2026-01-29', NULL, NULL, 0, '2026-01-29 14:48:14', '2026-01-29 14:48:14'),
(60, 19690, NULL, '2026-01-29', NULL, NULL, 0, '2026-01-29 14:48:14', '2026-01-29 14:48:14'),
(61, 19671, NULL, '2026-01-29', NULL, NULL, 0, '2026-01-29 14:48:14', '2026-01-29 14:48:14'),
(62, 19528, NULL, '2026-01-29', NULL, NULL, 0, '2026-01-29 14:48:14', '2026-01-29 14:48:14'),
(63, 19503, NULL, '2026-01-29', NULL, NULL, 0, '2026-01-29 14:48:14', '2026-01-29 14:48:14'),
(64, 19489, NULL, '2026-01-29', NULL, NULL, 0, '2026-01-29 14:48:14', '2026-01-29 14:48:14'),
(65, 19438, NULL, '2026-01-29', NULL, NULL, 0, '2026-01-29 14:48:14', '2026-01-29 14:48:14'),
(66, 19412, NULL, '2026-01-29', NULL, NULL, 0, '2026-01-29 14:48:14', '2026-01-29 14:48:14'),
(67, 19402, NULL, '2026-01-29', NULL, NULL, 0, '2026-01-29 14:48:14', '2026-01-29 14:48:14'),
(68, 19401, NULL, '2026-01-29', NULL, NULL, 0, '2026-01-29 14:48:14', '2026-01-29 14:48:14'),
(69, 19317, NULL, '2026-01-29', NULL, NULL, 0, '2026-01-29 14:48:14', '2026-01-29 14:48:14'),
(70, 18997, NULL, '2026-01-29', NULL, NULL, 0, '2026-01-29 14:48:14', '2026-01-29 14:48:14'),
(71, 18885, NULL, '2026-01-29', NULL, NULL, 0, '2026-01-29 14:48:14', '2026-01-29 14:48:14'),
(72, 18851, NULL, '2026-01-29', NULL, NULL, 0, '2026-01-29 14:48:14', '2026-01-29 14:48:14'),
(73, 18818, NULL, '2026-01-29', NULL, NULL, 0, '2026-01-29 14:48:14', '2026-01-29 14:48:14'),
(74, 18628, NULL, '2026-01-29', NULL, NULL, 0, '2026-01-29 14:48:14', '2026-01-29 14:48:14'),
(75, 18569, NULL, '2026-01-29', NULL, NULL, 0, '2026-01-29 14:48:14', '2026-01-29 14:48:14'),
(76, 18550, NULL, '2026-01-29', NULL, NULL, 0, '2026-01-29 14:48:14', '2026-01-29 14:48:14'),
(77, 18465, NULL, '2026-01-29', NULL, NULL, 0, '2026-01-29 14:48:14', '2026-01-29 14:48:14'),
(78, 18397, NULL, '2026-01-29', NULL, NULL, 0, '2026-01-29 14:48:14', '2026-01-29 14:48:14'),
(79, 18346, NULL, '2026-01-29', NULL, NULL, 0, '2026-01-29 14:48:14', '2026-01-29 14:48:14'),
(80, 18342, NULL, '2026-01-29', NULL, NULL, 0, '2026-01-29 14:48:14', '2026-01-29 14:48:14'),
(81, 18239, NULL, '2026-01-29', NULL, NULL, 0, '2026-01-29 14:48:14', '2026-01-29 14:48:14'),
(82, 18222, NULL, '2026-01-29', NULL, NULL, 0, '2026-01-29 14:48:14', '2026-01-29 14:48:14'),
(83, 18221, NULL, '2026-01-29', NULL, NULL, 0, '2026-01-29 14:48:14', '2026-01-29 14:48:14'),
(84, 18204, NULL, '2026-01-29', NULL, NULL, 0, '2026-01-29 14:48:14', '2026-01-29 14:48:14'),
(85, 18144, NULL, '2026-01-29', NULL, NULL, 0, '2026-01-29 14:48:14', '2026-01-29 14:48:14'),
(86, 18133, NULL, '2026-01-29', NULL, NULL, 0, '2026-01-29 14:48:14', '2026-01-29 14:48:14'),
(87, 18131, NULL, '2026-01-29', NULL, NULL, 0, '2026-01-29 14:48:14', '2026-01-29 14:48:14'),
(88, 18122, NULL, '2026-01-29', NULL, NULL, 0, '2026-01-29 14:48:14', '2026-01-29 14:48:14'),
(89, 17970, NULL, '2026-01-29', NULL, NULL, 0, '2026-01-29 14:48:14', '2026-01-29 14:48:14'),
(90, 17789, NULL, '2026-01-29', NULL, NULL, 0, '2026-01-29 14:48:14', '2026-01-29 14:48:14'),
(91, 17787, NULL, '2026-01-29', NULL, NULL, 0, '2026-01-29 14:48:14', '2026-01-29 14:48:14'),
(92, 17725, NULL, '2026-01-29', NULL, NULL, 0, '2026-01-29 14:48:14', '2026-01-29 14:48:14'),
(93, 17712, NULL, '2026-01-29', NULL, NULL, 0, '2026-01-29 14:48:14', '2026-01-29 14:48:14'),
(94, 17613, NULL, '2026-01-29', NULL, NULL, 0, '2026-01-29 14:48:14', '2026-01-29 14:48:14'),
(95, 17536, NULL, '2026-01-29', NULL, NULL, 0, '2026-01-29 14:48:14', '2026-01-29 14:48:14'),
(96, 17521, NULL, '2026-01-29', NULL, NULL, 0, '2026-01-29 14:48:14', '2026-01-29 14:48:14'),
(97, 17394, NULL, '2026-01-29', NULL, NULL, 0, '2026-01-29 14:48:14', '2026-01-29 14:48:14'),
(98, 17353, NULL, '2026-01-29', NULL, NULL, 0, '2026-01-29 14:48:14', '2026-01-29 14:48:14'),
(99, 17339, NULL, '2026-01-29', NULL, NULL, 0, '2026-01-29 14:48:14', '2026-01-29 14:48:14'),
(100, 17274, NULL, '2026-01-29', NULL, NULL, 0, '2026-01-29 14:48:14', '2026-01-29 14:48:14'),
(101, 17270, NULL, '2026-01-29', NULL, NULL, 0, '2026-01-29 14:48:14', '2026-01-29 14:48:14'),
(102, 17190, NULL, '2026-01-29', NULL, NULL, 0, '2026-01-29 14:48:14', '2026-01-29 14:48:14'),
(103, 17082, NULL, '2026-01-29', NULL, NULL, 0, '2026-01-29 14:48:14', '2026-01-29 14:48:14'),
(104, 16817, NULL, '2026-01-29', NULL, NULL, 0, '2026-01-29 14:48:14', '2026-01-29 14:48:14'),
(105, 16806, NULL, '2026-01-29', NULL, NULL, 0, '2026-01-29 14:48:14', '2026-01-29 14:48:14'),
(106, 16717, NULL, '2026-01-29', NULL, NULL, 0, '2026-01-29 14:48:14', '2026-01-29 14:48:14'),
(107, 16675, NULL, '2026-01-29', NULL, NULL, 0, '2026-01-29 14:48:14', '2026-01-29 14:48:14'),
(108, 16672, NULL, '2026-01-29', NULL, NULL, 0, '2026-01-29 14:48:14', '2026-01-29 14:48:14'),
(109, 16628, NULL, '2026-01-29', NULL, NULL, 0, '2026-01-29 14:48:14', '2026-01-29 14:48:14'),
(110, 16530, NULL, '2026-01-29', NULL, NULL, 0, '2026-01-29 14:48:14', '2026-01-29 14:48:14'),
(111, 16438, NULL, '2026-01-29', NULL, NULL, 0, '2026-01-29 14:48:14', '2026-01-29 14:48:14'),
(112, 16377, NULL, '2026-01-29', NULL, NULL, 0, '2026-01-29 14:48:14', '2026-01-29 14:48:14'),
(113, 16331, NULL, '2026-01-29', NULL, NULL, 0, '2026-01-29 14:48:14', '2026-01-29 14:48:14'),
(114, 16328, NULL, '2026-01-29', NULL, NULL, 0, '2026-01-29 14:48:14', '2026-01-29 14:48:14'),
(115, 16297, NULL, '2026-01-29', NULL, NULL, 0, '2026-01-29 14:48:14', '2026-01-29 14:48:14'),
(116, 16259, NULL, '2026-01-29', NULL, NULL, 0, '2026-01-29 14:48:14', '2026-01-29 14:48:14'),
(117, 16250, NULL, '2026-01-29', NULL, NULL, 0, '2026-01-29 14:48:14', '2026-01-29 14:48:14'),
(118, 16247, NULL, '2026-01-29', NULL, NULL, 0, '2026-01-29 14:48:14', '2026-01-29 14:48:14'),
(119, 16216, NULL, '2026-01-29', NULL, NULL, 0, '2026-01-29 14:48:14', '2026-01-29 14:48:14'),
(120, 16199, NULL, '2026-01-29', NULL, NULL, 0, '2026-01-29 14:48:14', '2026-01-29 14:48:14'),
(121, 16020, NULL, '2026-01-29', NULL, NULL, 0, '2026-01-29 14:48:14', '2026-01-29 14:48:14'),
(122, 15977, NULL, '2026-01-29', NULL, NULL, 0, '2026-01-29 14:48:14', '2026-01-29 14:48:14'),
(123, 15957, NULL, '2026-01-29', NULL, NULL, 0, '2026-01-29 14:48:14', '2026-01-29 14:48:14'),
(124, 15776, NULL, '2026-01-29', NULL, NULL, 0, '2026-01-29 14:48:14', '2026-01-29 14:48:14'),
(125, 15693, NULL, '2026-01-29', NULL, NULL, 0, '2026-01-29 14:48:14', '2026-01-29 14:48:14'),
(126, 15474, NULL, '2026-01-29', NULL, NULL, 0, '2026-01-29 14:48:14', '2026-01-29 14:48:14'),
(127, 15431, NULL, '2026-01-29', NULL, NULL, 0, '2026-01-29 14:48:14', '2026-01-29 14:48:14'),
(128, 15403, NULL, '2026-01-29', NULL, NULL, 0, '2026-01-29 14:48:14', '2026-01-29 14:48:14'),
(129, 15174, NULL, '2026-01-29', NULL, NULL, 0, '2026-01-29 14:48:14', '2026-01-29 14:48:14'),
(130, 15163, NULL, '2026-01-29', NULL, NULL, 0, '2026-01-29 14:48:14', '2026-01-29 14:48:14'),
(131, 14983, NULL, '2026-01-29', NULL, NULL, 0, '2026-01-29 14:48:14', '2026-01-29 14:48:14'),
(132, 14971, NULL, '2026-01-29', NULL, NULL, 0, '2026-01-29 14:48:14', '2026-01-29 14:48:14'),
(133, 14934, NULL, '2026-01-29', NULL, NULL, 0, '2026-01-29 14:48:14', '2026-01-29 14:48:14'),
(134, 14894, NULL, '2026-01-29', NULL, NULL, 0, '2026-01-29 14:48:14', '2026-01-29 14:48:14'),
(135, 14801, NULL, '2026-01-29', NULL, NULL, 0, '2026-01-29 14:48:14', '2026-01-29 14:48:14'),
(136, 14655, NULL, '2026-01-29', NULL, NULL, 0, '2026-01-29 14:48:14', '2026-01-29 14:48:14'),
(137, 14620, NULL, '2026-01-29', NULL, NULL, 0, '2026-01-29 14:48:14', '2026-01-29 14:48:14'),
(138, 14614, NULL, '2026-01-29', NULL, NULL, 0, '2026-01-29 14:48:14', '2026-01-29 14:48:14'),
(139, 14507, NULL, '2026-01-29', NULL, NULL, 0, '2026-01-29 14:48:15', '2026-01-29 14:48:15'),
(140, 14505, NULL, '2026-01-29', NULL, NULL, 0, '2026-01-29 14:48:15', '2026-01-29 14:48:15'),
(141, 14502, NULL, '2026-01-29', NULL, NULL, 0, '2026-01-29 14:48:15', '2026-01-29 14:48:15'),
(142, 14484, NULL, '2026-01-29', NULL, NULL, 0, '2026-01-29 14:48:15', '2026-01-29 14:48:15'),
(143, 14347, NULL, '2026-01-29', NULL, NULL, 0, '2026-01-29 14:48:15', '2026-01-29 14:48:15'),
(144, 14085, NULL, '2026-01-29', NULL, NULL, 0, '2026-01-29 14:48:15', '2026-01-29 14:48:15'),
(145, 14068, NULL, '2026-01-29', NULL, NULL, 0, '2026-01-29 14:48:15', '2026-01-29 14:48:15'),
(146, 14045, NULL, '2026-01-29', NULL, NULL, 0, '2026-01-29 14:48:15', '2026-01-29 14:48:15'),
(147, 14011, NULL, '2026-01-29', NULL, NULL, 0, '2026-01-29 14:48:15', '2026-01-29 14:48:15'),
(148, 13930, NULL, '2026-01-29', NULL, NULL, 0, '2026-01-29 14:48:15', '2026-01-29 14:48:15'),
(149, 13712, NULL, '2026-01-29', NULL, NULL, 0, '2026-01-29 14:48:15', '2026-01-29 14:48:15'),
(150, 13374, NULL, '2026-01-29', NULL, NULL, 0, '2026-01-29 14:48:15', '2026-01-29 14:48:15'),
(151, 13333, NULL, '2026-01-29', NULL, NULL, 0, '2026-01-29 14:48:15', '2026-01-29 14:48:15'),
(152, 13298, NULL, '2026-01-29', NULL, NULL, 0, '2026-01-29 14:48:15', '2026-01-29 14:48:15'),
(153, 13267, NULL, '2026-01-29', NULL, NULL, 0, '2026-01-29 14:48:15', '2026-01-29 14:48:15'),
(154, 13254, NULL, '2026-01-29', NULL, NULL, 0, '2026-01-29 14:48:15', '2026-01-29 14:48:15'),
(155, 13246, NULL, '2026-01-29', NULL, NULL, 0, '2026-01-29 14:48:15', '2026-01-29 14:48:15'),
(156, 13231, NULL, '2026-01-29', NULL, NULL, 0, '2026-01-29 14:48:15', '2026-01-29 14:48:15'),
(157, 13206, NULL, '2026-01-29', NULL, NULL, 0, '2026-01-29 14:48:15', '2026-01-29 14:48:15'),
(158, 13186, NULL, '2026-01-29', NULL, NULL, 0, '2026-01-29 14:48:15', '2026-01-29 14:48:15'),
(159, 13157, NULL, '2026-01-29', NULL, NULL, 0, '2026-01-29 14:48:15', '2026-01-29 14:48:15'),
(160, 13112, NULL, '2026-01-29', NULL, NULL, 0, '2026-01-29 14:48:15', '2026-01-29 14:48:15'),
(161, 13101, NULL, '2026-01-29', NULL, NULL, 0, '2026-01-29 14:48:15', '2026-01-29 14:48:15'),
(162, 13040, NULL, '2026-01-29', NULL, NULL, 0, '2026-01-29 14:48:15', '2026-01-29 14:48:15'),
(163, 13039, NULL, '2026-01-29', NULL, NULL, 0, '2026-01-29 14:48:15', '2026-01-29 14:48:15'),
(164, 12881, NULL, '2026-01-29', NULL, NULL, 0, '2026-01-29 14:48:15', '2026-01-29 14:48:15'),
(165, 12859, NULL, '2026-01-29', NULL, NULL, 0, '2026-01-29 14:48:15', '2026-01-29 14:48:15'),
(166, 12803, NULL, '2026-01-29', NULL, NULL, 0, '2026-01-29 14:48:15', '2026-01-29 14:48:15'),
(167, 12770, NULL, '2026-01-29', NULL, NULL, 0, '2026-01-29 14:48:15', '2026-01-29 14:48:15'),
(168, 12643, NULL, '2026-01-29', NULL, NULL, 0, '2026-01-29 14:48:15', '2026-01-29 14:48:15'),
(169, 12538, NULL, '2026-01-29', NULL, NULL, 0, '2026-01-29 14:48:15', '2026-01-29 14:48:15'),
(170, 12358, NULL, '2026-01-29', NULL, NULL, 0, '2026-01-29 14:48:15', '2026-01-29 14:48:15'),
(171, 12263, NULL, '2026-01-29', NULL, NULL, 0, '2026-01-29 14:48:15', '2026-01-29 14:48:15'),
(172, 12226, NULL, '2026-01-29', NULL, NULL, 0, '2026-01-29 14:48:15', '2026-01-29 14:48:15'),
(173, 12158, NULL, '2026-01-29', NULL, NULL, 0, '2026-01-29 14:48:15', '2026-01-29 14:48:15'),
(174, 12141, NULL, '2026-01-29', NULL, NULL, 0, '2026-01-29 14:48:15', '2026-01-29 14:48:15'),
(175, 12105, NULL, '2026-01-29', NULL, NULL, 0, '2026-01-29 14:48:15', '2026-01-29 14:48:15'),
(176, 11986, NULL, '2026-01-29', NULL, NULL, 0, '2026-01-29 14:48:15', '2026-01-29 14:48:15'),
(177, 11945, NULL, '2026-01-29', NULL, NULL, 0, '2026-01-29 14:48:15', '2026-01-29 14:48:15'),
(178, 11832, NULL, '2026-01-29', NULL, NULL, 0, '2026-01-29 14:48:15', '2026-01-29 14:48:15'),
(179, 11631, NULL, '2026-01-29', NULL, NULL, 0, '2026-01-29 14:48:15', '2026-01-29 14:48:15'),
(180, 11582, NULL, '2026-01-29', NULL, NULL, 0, '2026-01-29 14:48:15', '2026-01-29 14:48:15'),
(181, 11501, NULL, '2026-01-29', NULL, NULL, 0, '2026-01-29 14:48:15', '2026-01-29 14:48:15'),
(182, 11457, NULL, '2026-01-29', NULL, NULL, 0, '2026-01-29 14:48:15', '2026-01-29 14:48:15'),
(183, 11450, NULL, '2026-01-29', NULL, NULL, 0, '2026-01-29 14:48:15', '2026-01-29 14:48:15'),
(184, 11414, NULL, '2026-01-29', NULL, NULL, 0, '2026-01-29 14:48:15', '2026-01-29 14:48:15'),
(185, 11408, NULL, '2026-01-29', NULL, NULL, 0, '2026-01-29 14:48:15', '2026-01-29 14:48:15'),
(186, 11384, NULL, '2026-01-29', NULL, NULL, 0, '2026-01-29 14:48:15', '2026-01-29 14:48:15'),
(187, 11332, NULL, '2026-01-29', NULL, NULL, 0, '2026-01-29 14:48:15', '2026-01-29 14:48:15'),
(188, 11283, NULL, '2026-01-29', NULL, NULL, 0, '2026-01-29 14:48:15', '2026-01-29 14:48:15'),
(189, 11254, NULL, '2026-01-29', NULL, NULL, 0, '2026-01-29 14:48:15', '2026-01-29 14:48:15'),
(190, 11017, NULL, '2026-01-29', NULL, NULL, 0, '2026-01-29 14:48:15', '2026-01-29 14:48:15'),
(191, 10920, NULL, '2026-01-29', NULL, NULL, 0, '2026-01-29 14:48:15', '2026-01-29 14:48:15'),
(192, 10893, NULL, '2026-01-29', NULL, NULL, 0, '2026-01-29 14:48:15', '2026-01-29 14:48:15'),
(193, 10638, NULL, '2026-01-29', NULL, NULL, 0, '2026-01-29 14:48:15', '2026-01-29 14:48:15'),
(194, 10628, NULL, '2026-01-29', NULL, NULL, 0, '2026-01-29 14:48:15', '2026-01-29 14:48:15'),
(195, 10535, NULL, '2026-01-29', NULL, NULL, 0, '2026-01-29 14:48:15', '2026-01-29 14:48:15'),
(196, 10440, NULL, '2026-01-29', NULL, NULL, 0, '2026-01-29 14:48:15', '2026-01-29 14:48:15'),
(197, 10432, NULL, '2026-01-29', NULL, NULL, 0, '2026-01-29 14:48:15', '2026-01-29 14:48:15'),
(198, 10424, NULL, '2026-01-29', NULL, NULL, 0, '2026-01-29 14:48:15', '2026-01-29 14:48:15'),
(199, 10358, NULL, '2026-01-29', NULL, NULL, 0, '2026-01-29 14:48:15', '2026-01-29 14:48:15'),
(200, 10328, NULL, '2026-01-29', NULL, NULL, 0, '2026-01-29 14:48:15', '2026-01-29 14:48:15'),
(201, 10305, NULL, '2026-01-29', NULL, NULL, 0, '2026-01-29 14:48:15', '2026-01-29 14:48:15'),
(202, 10244, NULL, '2026-01-29', NULL, NULL, 0, '2026-01-29 14:48:15', '2026-01-29 14:48:15'),
(203, 10201, NULL, '2026-01-29', NULL, NULL, 0, '2026-01-29 14:48:15', '2026-01-29 14:48:15'),
(204, 10195, NULL, '2026-01-29', NULL, NULL, 0, '2026-01-29 14:48:15', '2026-01-29 14:48:15'),
(205, 9996, NULL, '2026-01-29', NULL, NULL, 0, '2026-01-29 14:48:15', '2026-01-29 14:48:15'),
(206, 9948, NULL, '2026-01-29', NULL, NULL, 0, '2026-01-29 14:48:15', '2026-01-29 14:48:15'),
(207, 9870, NULL, '2026-01-29', NULL, NULL, 0, '2026-01-29 14:48:15', '2026-01-29 14:48:15'),
(208, 9823, NULL, '2026-01-29', NULL, NULL, 0, '2026-01-29 14:48:15', '2026-01-29 14:48:15'),
(209, 9799, NULL, '2026-01-29', NULL, NULL, 0, '2026-01-29 14:48:15', '2026-01-29 14:48:15'),
(210, 9724, NULL, '2026-01-29', NULL, NULL, 0, '2026-01-29 14:48:15', '2026-01-29 14:48:15'),
(211, 9660, NULL, '2026-01-29', NULL, NULL, 0, '2026-01-29 14:48:15', '2026-01-29 14:48:15'),
(212, 9513, NULL, '2026-01-29', NULL, NULL, 0, '2026-01-29 14:48:15', '2026-01-29 14:48:15'),
(213, 9472, NULL, '2026-01-29', NULL, NULL, 0, '2026-01-29 14:48:15', '2026-01-29 14:48:15'),
(214, 9459, NULL, '2026-01-29', NULL, NULL, 0, '2026-01-29 14:48:15', '2026-01-29 14:48:15'),
(215, 9451, NULL, '2026-01-29', NULL, NULL, 0, '2026-01-29 14:48:15', '2026-01-29 14:48:15'),
(216, 9399, NULL, '2026-01-29', NULL, NULL, 0, '2026-01-29 14:48:16', '2026-01-29 14:48:16'),
(217, 9311, NULL, '2026-01-29', NULL, NULL, 0, '2026-01-29 14:48:16', '2026-01-29 14:48:16'),
(218, 9277, NULL, '2026-01-29', NULL, NULL, 0, '2026-01-29 14:48:16', '2026-01-29 14:48:16'),
(219, 9248, NULL, '2026-01-29', NULL, NULL, 0, '2026-01-29 14:48:16', '2026-01-29 14:48:16'),
(220, 9150, NULL, '2026-01-29', NULL, NULL, 0, '2026-01-29 14:48:16', '2026-01-29 14:48:16'),
(221, 9123, NULL, '2026-01-29', NULL, NULL, 0, '2026-01-29 14:48:16', '2026-01-29 14:48:16'),
(222, 8949, NULL, '2026-01-29', NULL, NULL, 0, '2026-01-29 14:48:16', '2026-01-29 14:48:16'),
(223, 8821, NULL, '2026-01-29', NULL, NULL, 0, '2026-01-29 14:48:16', '2026-01-29 14:48:16'),
(224, 8782, NULL, '2026-01-29', NULL, NULL, 0, '2026-01-29 14:48:16', '2026-01-29 14:48:16'),
(225, 8586, NULL, '2026-01-29', NULL, NULL, 0, '2026-01-29 14:48:16', '2026-01-29 14:48:16'),
(226, 8544, NULL, '2026-01-29', NULL, NULL, 0, '2026-01-29 14:48:16', '2026-01-29 14:48:16'),
(227, 8523, NULL, '2026-01-29', NULL, NULL, 0, '2026-01-29 14:48:16', '2026-01-29 14:48:16'),
(228, 8470, NULL, '2026-01-29', NULL, NULL, 0, '2026-01-29 14:48:16', '2026-01-29 14:48:16'),
(229, 8398, NULL, '2026-01-29', NULL, NULL, 0, '2026-01-29 14:48:16', '2026-01-29 14:48:16'),
(230, 8244, NULL, '2026-01-29', NULL, NULL, 0, '2026-01-29 14:48:16', '2026-01-29 14:48:16'),
(231, 8203, NULL, '2026-01-29', NULL, NULL, 0, '2026-01-29 14:48:16', '2026-01-29 14:48:16'),
(232, 8159, NULL, '2026-01-29', NULL, NULL, 0, '2026-01-29 14:48:16', '2026-01-29 14:48:16'),
(233, 8073, NULL, '2026-01-29', NULL, NULL, 0, '2026-01-29 14:48:16', '2026-01-29 14:48:16'),
(234, 8070, NULL, '2026-01-29', NULL, NULL, 0, '2026-01-29 14:48:16', '2026-01-29 14:48:16'),
(235, 8067, NULL, '2026-01-29', NULL, NULL, 0, '2026-01-29 14:48:16', '2026-01-29 14:48:16'),
(236, 8065, NULL, '2026-01-29', NULL, NULL, 0, '2026-01-29 14:48:16', '2026-01-29 14:48:16'),
(237, 7921, NULL, '2026-01-29', NULL, NULL, 0, '2026-01-29 14:48:16', '2026-01-29 14:48:16'),
(238, 7869, NULL, '2026-01-29', NULL, NULL, 0, '2026-01-29 14:48:16', '2026-01-29 14:48:16'),
(239, 7815, NULL, '2026-01-29', NULL, NULL, 0, '2026-01-29 14:48:16', '2026-01-29 14:48:16'),
(240, 7769, NULL, '2026-01-29', NULL, NULL, 0, '2026-01-29 14:48:16', '2026-01-29 14:48:16'),
(241, 7748, NULL, '2026-01-29', NULL, NULL, 0, '2026-01-29 14:48:16', '2026-01-29 14:48:16'),
(242, 7639, NULL, '2026-01-29', NULL, NULL, 0, '2026-01-29 14:48:16', '2026-01-29 14:48:16'),
(243, 7557, NULL, '2026-01-29', NULL, NULL, 0, '2026-01-29 14:48:16', '2026-01-29 14:48:16'),
(244, 7354, NULL, '2026-01-29', NULL, NULL, 0, '2026-01-29 14:48:16', '2026-01-29 14:48:16'),
(245, 7259, NULL, '2026-01-29', NULL, NULL, 0, '2026-01-29 14:48:16', '2026-01-29 14:48:16'),
(246, 7256, NULL, '2026-01-29', NULL, NULL, 0, '2026-01-29 14:48:16', '2026-01-29 14:48:16'),
(247, 7175, NULL, '2026-01-29', NULL, NULL, 0, '2026-01-29 14:48:16', '2026-01-29 14:48:16'),
(248, 7163, NULL, '2026-01-29', NULL, NULL, 0, '2026-01-29 14:48:16', '2026-01-29 14:48:16'),
(249, 7123, NULL, '2026-01-29', NULL, NULL, 0, '2026-01-29 14:48:16', '2026-01-29 14:48:16'),
(250, 7083, NULL, '2026-01-29', NULL, NULL, 0, '2026-01-29 14:48:16', '2026-01-29 14:48:16'),
(251, 6909, NULL, '2026-01-29', NULL, NULL, 0, '2026-01-29 14:48:16', '2026-01-29 14:48:16'),
(252, 6844, NULL, '2026-01-29', NULL, NULL, 0, '2026-01-29 14:48:16', '2026-01-29 14:48:16'),
(253, 6655, NULL, '2026-01-29', NULL, NULL, 0, '2026-01-29 14:48:16', '2026-01-29 14:48:16'),
(254, 6633, NULL, '2026-01-29', NULL, NULL, 0, '2026-01-29 14:48:16', '2026-01-29 14:48:16'),
(255, 6458, NULL, '2026-01-29', NULL, NULL, 0, '2026-01-29 14:48:16', '2026-01-29 14:48:16'),
(256, 6341, NULL, '2026-01-29', NULL, NULL, 0, '2026-01-29 14:48:16', '2026-01-29 14:48:16'),
(257, 6301, NULL, '2026-01-29', NULL, NULL, 0, '2026-01-29 14:48:16', '2026-01-29 14:48:16'),
(258, 6195, NULL, '2026-01-29', NULL, NULL, 0, '2026-01-29 14:48:16', '2026-01-29 14:48:16'),
(259, 6177, NULL, '2026-01-29', NULL, NULL, 0, '2026-01-29 14:48:16', '2026-01-29 14:48:16'),
(260, 6130, NULL, '2026-01-29', NULL, NULL, 0, '2026-01-29 14:48:16', '2026-01-29 14:48:16'),
(261, 6129, NULL, '2026-01-29', NULL, NULL, 0, '2026-01-29 14:48:16', '2026-01-29 14:48:16'),
(262, 6051, NULL, '2026-01-29', NULL, NULL, 0, '2026-01-29 14:48:16', '2026-01-29 14:48:16'),
(263, 6032, NULL, '2026-01-29', NULL, NULL, 0, '2026-01-29 14:48:16', '2026-01-29 14:48:16'),
(264, 5926, NULL, '2026-01-29', NULL, NULL, 0, '2026-01-29 14:48:16', '2026-01-29 14:48:16'),
(265, 5908, NULL, '2026-01-29', NULL, NULL, 0, '2026-01-29 14:48:16', '2026-01-29 14:48:16'),
(266, 5736, NULL, '2026-01-29', NULL, NULL, 0, '2026-01-29 14:48:16', '2026-01-29 14:48:16'),
(267, 5561, NULL, '2026-01-29', NULL, NULL, 0, '2026-01-29 14:48:16', '2026-01-29 14:48:16'),
(268, 5548, NULL, '2026-01-29', NULL, NULL, 0, '2026-01-29 14:48:16', '2026-01-29 14:48:16'),
(269, 5419, NULL, '2026-01-29', NULL, NULL, 0, '2026-01-29 14:48:16', '2026-01-29 14:48:16'),
(270, 5411, NULL, '2026-01-29', NULL, NULL, 0, '2026-01-29 14:48:16', '2026-01-29 14:48:16'),
(271, 5204, NULL, '2026-01-29', NULL, NULL, 0, '2026-01-29 14:48:16', '2026-01-29 14:48:16'),
(272, 5160, NULL, '2026-01-29', NULL, NULL, 0, '2026-01-29 14:48:16', '2026-01-29 14:48:16'),
(273, 5144, NULL, '2026-01-29', NULL, NULL, 0, '2026-01-29 14:48:16', '2026-01-29 14:48:16'),
(274, 5112, NULL, '2026-01-29', NULL, NULL, 0, '2026-01-29 14:48:16', '2026-01-29 14:48:16'),
(275, 4958, NULL, '2026-01-29', NULL, NULL, 0, '2026-01-29 14:48:16', '2026-01-29 14:48:16'),
(276, 4885, NULL, '2026-01-29', NULL, NULL, 0, '2026-01-29 14:48:16', '2026-01-29 14:48:16'),
(277, 4803, NULL, '2026-01-29', NULL, NULL, 0, '2026-01-29 14:48:16', '2026-01-29 14:48:16'),
(278, 4658, NULL, '2026-01-29', NULL, NULL, 0, '2026-01-29 14:48:16', '2026-01-29 14:48:16'),
(279, 4656, NULL, '2026-01-29', NULL, NULL, 0, '2026-01-29 14:48:16', '2026-01-29 14:48:16'),
(280, 4575, NULL, '2026-01-29', NULL, NULL, 0, '2026-01-29 14:48:16', '2026-01-29 14:48:16'),
(281, 4571, NULL, '2026-01-29', NULL, NULL, 0, '2026-01-29 14:48:16', '2026-01-29 14:48:16'),
(282, 4560, NULL, '2026-01-29', NULL, NULL, 0, '2026-01-29 14:48:16', '2026-01-29 14:48:16'),
(283, 4440, NULL, '2026-01-29', NULL, NULL, 0, '2026-01-29 14:48:16', '2026-01-29 14:48:16'),
(284, 4405, NULL, '2026-01-29', NULL, NULL, 0, '2026-01-29 14:48:16', '2026-01-29 14:48:16'),
(285, 4378, NULL, '2026-01-29', NULL, NULL, 0, '2026-01-29 14:48:16', '2026-01-29 14:48:16'),
(286, 4236, NULL, '2026-01-29', NULL, NULL, 0, '2026-01-29 14:48:16', '2026-01-29 14:48:16'),
(287, 4231, NULL, '2026-01-29', NULL, NULL, 0, '2026-01-29 14:48:16', '2026-01-29 14:48:16'),
(288, 4218, NULL, '2026-01-29', NULL, NULL, 0, '2026-01-29 14:48:16', '2026-01-29 14:48:16'),
(289, 4213, NULL, '2026-01-29', NULL, NULL, 0, '2026-01-29 14:48:16', '2026-01-29 14:48:16'),
(290, 4180, NULL, '2026-01-29', NULL, NULL, 0, '2026-01-29 14:48:16', '2026-01-29 14:48:16'),
(291, 4097, NULL, '2026-01-29', NULL, NULL, 0, '2026-01-29 14:48:16', '2026-01-29 14:48:16'),
(292, 4074, NULL, '2026-01-29', NULL, NULL, 0, '2026-01-29 14:48:16', '2026-01-29 14:48:16'),
(293, 4048, NULL, '2026-01-29', NULL, NULL, 0, '2026-01-29 14:48:16', '2026-01-29 14:48:16'),
(294, 4029, NULL, '2026-01-29', NULL, NULL, 0, '2026-01-29 14:48:16', '2026-01-29 14:48:16'),
(295, 3962, NULL, '2026-01-29', NULL, NULL, 0, '2026-01-29 14:48:16', '2026-01-29 14:48:16'),
(296, 3862, NULL, '2026-01-29', NULL, NULL, 0, '2026-01-29 14:48:16', '2026-01-29 14:48:16'),
(297, 3805, NULL, '2026-01-29', NULL, NULL, 0, '2026-01-29 14:48:16', '2026-01-29 14:48:16'),
(298, 3784, NULL, '2026-01-29', NULL, NULL, 0, '2026-01-29 14:48:16', '2026-01-29 14:48:16'),
(299, 3697, NULL, '2026-01-29', NULL, NULL, 0, '2026-01-29 14:48:16', '2026-01-29 14:48:16'),
(300, 3692, NULL, '2026-01-29', NULL, NULL, 0, '2026-01-29 14:48:16', '2026-01-29 14:48:16'),
(301, 3591, NULL, '2026-01-29', NULL, NULL, 0, '2026-01-29 14:48:16', '2026-01-29 14:48:16'),
(302, 3518, NULL, '2026-01-29', NULL, NULL, 0, '2026-01-29 14:48:16', '2026-01-29 14:48:16'),
(303, 3510, NULL, '2026-01-29', NULL, NULL, 0, '2026-01-29 14:48:16', '2026-01-29 14:48:16'),
(304, 3437, NULL, '2026-01-29', NULL, NULL, 0, '2026-01-29 14:48:16', '2026-01-29 14:48:16'),
(305, 3384, NULL, '2026-01-29', NULL, NULL, 0, '2026-01-29 14:48:16', '2026-01-29 14:48:16'),
(306, 3356, NULL, '2026-01-29', NULL, NULL, 0, '2026-01-29 14:48:16', '2026-01-29 14:48:16'),
(307, 3326, NULL, '2026-01-29', NULL, NULL, 0, '2026-01-29 14:48:16', '2026-01-29 14:48:16'),
(308, 3254, NULL, '2026-01-29', NULL, NULL, 0, '2026-01-29 14:48:16', '2026-01-29 14:48:16'),
(309, 3241, NULL, '2026-01-29', NULL, NULL, 0, '2026-01-29 14:48:17', '2026-01-29 14:48:17'),
(310, 3128, NULL, '2026-01-29', NULL, NULL, 0, '2026-01-29 14:48:17', '2026-01-29 14:48:17'),
(311, 3124, NULL, '2026-01-29', NULL, NULL, 0, '2026-01-29 14:48:17', '2026-01-29 14:48:17'),
(312, 3108, NULL, '2026-01-29', NULL, NULL, 0, '2026-01-29 14:48:17', '2026-01-29 14:48:17'),
(313, 3103, NULL, '2026-01-29', NULL, NULL, 0, '2026-01-29 14:48:17', '2026-01-29 14:48:17'),
(314, 3076, NULL, '2026-01-29', NULL, NULL, 0, '2026-01-29 14:48:17', '2026-01-29 14:48:17'),
(315, 3028, NULL, '2026-01-29', NULL, NULL, 0, '2026-01-29 14:48:17', '2026-01-29 14:48:17'),
(316, 2862, NULL, '2026-01-29', NULL, NULL, 0, '2026-01-29 14:48:17', '2026-01-29 14:48:17'),
(317, 2838, NULL, '2026-01-29', NULL, NULL, 0, '2026-01-29 14:48:17', '2026-01-29 14:48:17'),
(318, 2728, NULL, '2026-01-29', NULL, NULL, 0, '2026-01-29 14:48:17', '2026-01-29 14:48:17'),
(319, 2715, NULL, '2026-01-29', NULL, NULL, 0, '2026-01-29 14:48:17', '2026-01-29 14:48:17'),
(320, 2583, NULL, '2026-01-29', NULL, NULL, 0, '2026-01-29 14:48:17', '2026-01-29 14:48:17'),
(321, 2551, NULL, '2026-01-29', NULL, NULL, 0, '2026-01-29 14:48:17', '2026-01-29 14:48:17'),
(322, 2470, NULL, '2026-01-29', NULL, NULL, 0, '2026-01-29 14:48:17', '2026-01-29 14:48:17'),
(323, 2314, NULL, '2026-01-29', NULL, NULL, 0, '2026-01-29 14:48:17', '2026-01-29 14:48:17'),
(324, 2292, NULL, '2026-01-29', NULL, NULL, 0, '2026-01-29 14:48:17', '2026-01-29 14:48:17'),
(325, 2083, NULL, '2026-01-29', NULL, NULL, 0, '2026-01-29 14:48:17', '2026-01-29 14:48:17'),
(326, 2022, NULL, '2026-01-29', NULL, NULL, 0, '2026-01-29 14:48:17', '2026-01-29 14:48:17'),
(327, 1998, NULL, '2026-01-29', NULL, NULL, 0, '2026-01-29 14:48:17', '2026-01-29 14:48:17'),
(328, 1899, NULL, '2026-01-29', NULL, NULL, 0, '2026-01-29 14:48:17', '2026-01-29 14:48:17'),
(329, 1845, NULL, '2026-01-29', NULL, NULL, 0, '2026-01-29 14:48:17', '2026-01-29 14:48:17'),
(330, 1746, NULL, '2026-01-29', NULL, NULL, 0, '2026-01-29 14:48:17', '2026-01-29 14:48:17'),
(331, 1744, NULL, '2026-01-29', NULL, NULL, 0, '2026-01-29 14:48:17', '2026-01-29 14:48:17'),
(332, 1489, NULL, '2026-01-29', NULL, NULL, 0, '2026-01-29 14:48:17', '2026-01-29 14:48:17'),
(333, 1397, NULL, '2026-01-29', NULL, NULL, 0, '2026-01-29 14:48:17', '2026-01-29 14:48:17'),
(334, 1380, NULL, '2026-01-29', NULL, NULL, 0, '2026-01-29 14:48:17', '2026-01-29 14:48:17'),
(335, 1251, NULL, '2026-01-29', NULL, NULL, 0, '2026-01-29 14:48:17', '2026-01-29 14:48:17'),
(336, 1221, NULL, '2026-01-29', NULL, NULL, 0, '2026-01-29 14:48:17', '2026-01-29 14:48:17'),
(337, 1140, NULL, '2026-01-29', NULL, NULL, 0, '2026-01-29 14:48:17', '2026-01-29 14:48:17'),
(338, 1133, NULL, '2026-01-29', NULL, NULL, 0, '2026-01-29 14:48:17', '2026-01-29 14:48:17'),
(339, 992, NULL, '2026-01-29', NULL, NULL, 0, '2026-01-29 14:48:17', '2026-01-29 14:48:17'),
(340, 954, NULL, '2026-01-29', NULL, NULL, 0, '2026-01-29 14:48:17', '2026-01-29 14:48:17'),
(341, 926, NULL, '2026-01-29', NULL, NULL, 0, '2026-01-29 14:48:17', '2026-01-29 14:48:17');

-- --------------------------------------------------------

--
-- Estrutura da tabela `order_update_logs`
--

CREATE TABLE IF NOT EXISTS `order_update_logs` (
  `id` bigint UNSIGNED NOT NULL AUTO_INCREMENT,
  `order_id` bigint UNSIGNED NOT NULL COMMENT 'Order identifier related to this change',
  `user_id` bigint UNSIGNED DEFAULT NULL COMMENT 'Admin user who performed the change (nullable for system actions)',
  `action` varchar(50) COLLATE utf8mb4_unicode_ci NOT NULL COMMENT 'Type of action performed on the order',
  `description` varchar(191) COLLATE utf8mb4_unicode_ci DEFAULT NULL COMMENT 'Human readable description of the action',
  `changes` json DEFAULT NULL COMMENT 'JSON diff with old and new values for changed fields',
  `environment` varchar(20) COLLATE utf8mb4_unicode_ci NOT NULL DEFAULT 'production' COMMENT 'Application environment',
  `created_at` timestamp NULL DEFAULT NULL,
  `updated_at` timestamp NULL DEFAULT NULL,
  PRIMARY KEY (`id`),
  KEY `order_update_logs_order_id_index` (`order_id`),
  KEY `order_update_logs_action_index` (`action`),
  KEY `order_update_logs_user_id_foreign` (`user_id`)
) ENGINE=MyISAM AUTO_INCREMENT=117 DEFAULT CHARSET=utf8mb4 COLLATE=utf8mb4_unicode_ci;

--
-- Extraindo dados da tabela `order_update_logs`
--

INSERT INTO `order_update_logs` (`id`, `order_id`, `user_id`, `action`, `description`, `changes`, `environment`, `created_at`, `updated_at`) VALUES
(1, 21553, 1, 'shipping_updated', 'Dados de expedição atualizados', '{\"ord_expedition_nif\": {\"new\": \"214218724\", \"old\": null}, \"ord_expedition_district\": {\"new\": null, \"old\": \"Porto\"}}', 'local', '2026-01-16 16:23:24', '2026-01-16 16:23:24'),
(2, 21553, 1, 'notes_updated', 'Notas da encomenda atualizadas', '{\"ord_notes\": {\"new\": \"Teste\", \"old\": \"Teste\"}, \"customer_notified\": false}', 'local', '2026-01-16 16:36:27', '2026-01-16 16:36:27'),
(3, 21553, 1, 'notes_updated', 'Notas da encomenda atualizadas', '{\"ord_notes\": {\"new\": \"Teste\", \"old\": \"Teste\"}, \"customer_notified\": false}', 'local', '2026-01-16 16:45:57', '2026-01-16 16:45:57'),
(4, 21553, 1, 'notes_updated', 'Notas da encomenda atualizadas', '{\"ord_notes\": {\"new\": \"Teste\", \"old\": \"Teste\"}, \"customer_notified\": false}', 'local', '2026-01-16 16:48:56', '2026-01-16 16:48:56'),
(5, 21553, 1, 'status_updated', 'Estado alterado de \'Paga\' para \'Confirmada\'', '{\"ord_status\": {\"new\": \"Confirmada\", \"old\": \"Paga\"}}', 'local', '2026-01-16 18:29:25', '2026-01-16 18:29:25'),
(6, 21553, 1, 'status_updated', 'Estado alterado de \'Confirmada\' para \'Paga\'', '{\"ord_status\": {\"new\": \"Paga\", \"old\": \"Confirmada\"}}', 'local', '2026-01-16 18:38:53', '2026-01-16 18:38:53'),
(7, 21553, 1, 'status_updated', 'Estado alterado de \'Paga\' para \'Confirmada\'', '{\"ord_status\": {\"new\": \"Confirmada\", \"old\": \"Paga\"}}', 'local', '2026-01-16 18:39:22', '2026-01-16 18:39:22'),
(8, 21553, 1, 'status_updated', 'Estado alterado de \'Confirmada\' para \'Paga\'', '{\"ord_status\": {\"new\": \"Paga\", \"old\": \"Confirmada\"}}', 'local', '2026-01-16 18:42:21', '2026-01-16 18:42:21'),
(9, 21553, 1, 'status_updated', 'Estado alterado de \'Paga\' para \'Confirmada\'', '{\"ord_status\": {\"new\": \"Confirmada\", \"old\": \"Paga\"}}', 'local', '2026-01-16 18:55:53', '2026-01-16 18:55:53'),
(10, 21553, 1, 'status_updated', 'Estado alterado de \'Confirmada\' para \'Paga\'', '{\"ord_status\": {\"new\": \"Paga\", \"old\": \"Confirmada\"}}', 'local', '2026-01-16 18:56:13', '2026-01-16 18:56:13'),
(11, 21553, 1, 'status_updated', 'Estado alterado de \'Paga\' para \'Confirmada\'', '{\"ord_status\": {\"new\": \"Confirmada\", \"old\": \"Paga\"}}', 'local', '2026-01-16 18:56:37', '2026-01-16 18:56:37'),
(12, 21553, 1, 'status_updated', 'Estado alterado de \'Confirmada\' para \'Paga\'', '{\"ord_status\": {\"new\": \"Paga\", \"old\": \"Confirmada\"}}', 'local', '2026-01-16 18:59:29', '2026-01-16 18:59:29'),
(13, 21553, 1, 'status_updated', 'Estado alterado de \'Paga\' para \'Confirmada\'', '{\"ord_status\": {\"new\": \"Confirmada\", \"old\": \"Paga\"}}', 'local', '2026-01-19 09:25:49', '2026-01-19 09:25:49'),
(14, 21553, 1, 'status_updated', 'Estado alterado de \'Confirmada\' para \'Paga\'', '{\"ord_status\": {\"new\": \"Paga\", \"old\": \"Confirmada\"}}', 'local', '2026-01-19 09:34:32', '2026-01-19 09:34:32'),
(15, 21553, 1, 'status_updated', 'Estado alterado de \'Paga\' para \'Confirmada\'', '{\"ord_status\": {\"new\": \"Confirmada\", \"old\": \"Paga\"}}', 'local', '2026-01-19 09:34:55', '2026-01-19 09:34:55'),
(16, 21553, 1, 'status_updated', 'Estado alterado de \'Confirmada\' para \'Paga\'', '{\"ord_status\": {\"new\": \"Paga\", \"old\": \"Confirmada\"}}', 'local', '2026-01-19 09:37:56', '2026-01-19 09:37:56'),
(17, 21553, 1, 'status_updated', 'Estado alterado de \'Paga\' para \'Confirmada\'', '{\"ord_status\": {\"new\": \"Confirmada\", \"old\": \"Paga\"}}', 'local', '2026-01-19 09:38:06', '2026-01-19 09:38:06'),
(18, 21553, 1, 'status_updated', 'Estado alterado de \'Confirmada\' para \'Paga\'', '{\"ord_status\": {\"new\": \"Paga\", \"old\": \"Confirmada\"}}', 'local', '2026-01-19 09:39:42', '2026-01-19 09:39:42'),
(19, 21553, 1, 'status_updated', 'Estado alterado de \'Paga\' para \'Confirmada\'', '{\"ord_status\": {\"new\": \"Confirmada\", \"old\": \"Paga\"}}', 'local', '2026-01-19 09:39:54', '2026-01-19 09:39:54'),
(20, 21553, 1, 'status_updated', 'Estado alterado de \'Confirmada\' para \'Paga\'', '{\"ord_status\": {\"new\": \"Paga\", \"old\": \"Confirmada\"}}', 'local', '2026-01-19 09:40:44', '2026-01-19 09:40:44'),
(21, 21553, 1, 'status_updated', 'Estado alterado de \'Paga\' para \'Confirmada\'', '{\"ord_status\": {\"new\": \"Confirmada\", \"old\": \"Paga\"}}', 'local', '2026-01-19 09:41:55', '2026-01-19 09:41:55'),
(22, 21553, 1, 'status_updated', 'Estado alterado de \'Confirmada\' para \'Paga\'', '{\"ord_status\": {\"new\": \"Paga\", \"old\": \"Confirmada\"}}', 'local', '2026-01-19 09:42:10', '2026-01-19 09:42:10'),
(23, 21553, 1, 'status_updated', 'Estado alterado de \'Paga\' para \'Confirmada\'', '{\"ord_status\": {\"new\": \"Confirmada\", \"old\": \"Paga\"}}', 'local', '2026-01-19 09:47:05', '2026-01-19 09:47:05'),
(24, 21553, 1, 'status_updated', 'Estado alterado de \'Confirmada\' para \'Paga\'', '{\"ord_status\": {\"new\": \"Paga\", \"old\": \"Confirmada\"}}', 'local', '2026-01-19 09:48:27', '2026-01-19 09:48:27'),
(25, 21553, 1, 'status_updated', 'Estado alterado de \'Paga\' para \'Confirmada\'', '{\"ord_status\": {\"new\": \"Confirmada\", \"old\": \"Paga\"}}', 'local', '2026-01-19 09:49:54', '2026-01-19 09:49:54'),
(26, 21553, 1, 'status_updated', 'Estado alterado de \'Confirmada\' para \'Paga\'', '{\"ord_status\": {\"new\": \"Paga\", \"old\": \"Confirmada\"}}', 'local', '2026-01-19 09:55:09', '2026-01-19 09:55:09'),
(27, 21553, 1, 'status_updated', 'Estado alterado de \'Paga\' para \'Confirmada\'', '{\"ord_status\": {\"new\": \"Confirmada\", \"old\": \"Paga\"}}', 'local', '2026-01-19 09:55:25', '2026-01-19 09:55:25'),
(28, 21553, 1, 'status_updated', 'Estado alterado de \'Confirmada\' para \'Paga\'', '{\"ord_status\": {\"new\": \"Paga\", \"old\": \"Confirmada\"}}', 'local', '2026-01-19 10:00:19', '2026-01-19 10:00:19'),
(29, 21553, 1, 'status_updated', 'Estado alterado de \'Paga\' para \'Confirmada\'', '{\"ord_status\": {\"new\": \"Confirmada\", \"old\": \"Paga\"}}', 'local', '2026-01-19 10:00:27', '2026-01-19 10:00:27'),
(30, 21553, 1, 'status_updated', 'Estado alterado de \'Confirmada\' para \'Paga\'', '{\"ord_status\": {\"new\": \"Paga\", \"old\": \"Confirmada\"}}', 'local', '2026-01-19 10:18:58', '2026-01-19 10:18:58'),
(31, 21553, 1, 'status_updated', 'Estado alterado de \'Paga\' para \'Confirmada\'', '{\"ord_status\": {\"new\": \"Confirmada\", \"old\": \"Paga\"}}', 'local', '2026-01-19 10:19:05', '2026-01-19 10:19:05'),
(32, 21553, 1, 'status_updated', 'Estado alterado de \'Confirmada\' para \'Paga\'', '{\"ord_status\": {\"new\": \"Paga\", \"old\": \"Confirmada\"}}', 'local', '2026-01-19 10:26:19', '2026-01-19 10:26:19'),
(33, 21553, 1, 'status_updated', 'Estado alterado de \'Paga\' para \'Confirmada\'', '{\"ord_status\": {\"new\": \"Confirmada\", \"old\": \"Paga\"}}', 'local', '2026-01-19 10:26:31', '2026-01-19 10:26:31'),
(34, 21553, 1, 'status_updated', 'Estado alterado de \'Confirmada\' para \'Paga\'', '{\"ord_status\": {\"new\": \"Paga\", \"old\": \"Confirmada\"}}', 'local', '2026-01-19 10:37:40', '2026-01-19 10:37:40'),
(35, 21553, 1, 'status_updated', 'Estado alterado de \'Paga\' para \'Confirmada\'', '{\"ord_status\": {\"new\": \"Confirmada\", \"old\": \"Paga\"}}', 'local', '2026-01-19 10:38:11', '2026-01-19 10:38:11'),
(36, 21553, 1, 'status_updated', 'Estado alterado de \'Confirmada\' para \'Paga\'', '{\"ord_status\": {\"new\": \"Paga\", \"old\": \"Confirmada\"}}', 'local', '2026-01-19 10:39:18', '2026-01-19 10:39:18'),
(37, 21553, 1, 'status_updated', 'Estado alterado de \'Paga\' para \'Confirmada\'', '{\"ord_status\": {\"new\": \"Confirmada\", \"old\": \"Paga\"}}', 'local', '2026-01-19 10:40:58', '2026-01-19 10:40:58'),
(38, 21553, 1, 'status_updated', 'Estado alterado de \'Confirmada\' para \'Paga\'', '{\"ord_status\": {\"new\": \"Paga\", \"old\": \"Confirmada\"}}', 'local', '2026-01-19 10:48:47', '2026-01-19 10:48:47'),
(39, 21553, 1, 'status_updated', 'Estado alterado de \'Paga\' para \'Confirmada\'', '{\"ord_status\": {\"new\": \"Confirmada\", \"old\": \"Paga\"}}', 'local', '2026-01-19 10:48:56', '2026-01-19 10:48:56'),
(40, 21553, 1, 'status_updated', 'Estado alterado de \'Confirmada\' para \'Paga\'', '{\"ord_status\": {\"new\": \"Paga\", \"old\": \"Confirmada\"}}', 'local', '2026-01-19 10:50:29', '2026-01-19 10:50:29'),
(41, 21553, 1, 'status_updated', 'Estado alterado de \'Paga\' para \'Confirmada\'', '{\"ord_status\": {\"new\": \"Confirmada\", \"old\": \"Paga\"}}', 'local', '2026-01-19 10:50:40', '2026-01-19 10:50:40'),
(42, 21553, 1, 'status_updated', 'Estado alterado de \'Confirmada\' para \'Paga\'', '{\"ord_status\": {\"new\": \"Paga\", \"old\": \"Confirmada\"}}', 'local', '2026-01-19 14:25:36', '2026-01-19 14:25:36'),
(43, 21553, 1, 'status_updated', 'Estado alterado de \'Paga\' para \'Confirmada\'', '{\"ord_status\": {\"new\": \"Confirmada\", \"old\": \"Paga\"}}', 'local', '2026-01-19 14:28:16', '2026-01-19 14:28:16'),
(44, 21553, 1, 'status_updated', 'Estado alterado de \'Confirmada\' para \'Paga\'', '{\"ord_status\": {\"new\": \"Paga\", \"old\": \"Confirmada\"}}', 'local', '2026-01-19 14:36:47', '2026-01-19 14:36:47'),
(45, 21553, 1, 'status_updated', 'Estado alterado de \'Paga\' para \'Confirmada\'', '{\"ord_status\": {\"new\": \"Confirmada\", \"old\": \"Paga\"}}', 'local', '2026-01-19 14:37:02', '2026-01-19 14:37:02'),
(46, 21553, 1, 'status_updated', 'Estado alterado de \'Confirmada\' para \'Paga\'', '{\"ord_status\": {\"new\": \"Paga\", \"old\": \"Confirmada\"}}', 'local', '2026-01-19 14:37:38', '2026-01-19 14:37:38'),
(47, 21553, 1, 'status_updated', 'Estado alterado de \'Paga\' para \'Confirmada\'', '{\"ord_status\": {\"new\": \"Confirmada\", \"old\": \"Paga\"}}', 'local', '2026-01-19 14:37:50', '2026-01-19 14:37:50'),
(48, 21553, 1, 'status_updated', 'Estado alterado de \'Confirmada\' para \'Paga\'', '{\"ord_status\": {\"new\": \"Paga\", \"old\": \"Confirmada\"}}', 'local', '2026-01-19 14:45:16', '2026-01-19 14:45:16'),
(49, 21553, 1, 'status_updated', 'Estado alterado de \'Paga\' para \'Confirmada\'', '{\"ord_status\": {\"new\": \"Confirmada\", \"old\": \"Paga\"}}', 'local', '2026-01-19 14:46:04', '2026-01-19 14:46:04'),
(50, 21553, 1, 'status_updated', 'Estado alterado de \'Confirmada\' para \'Paga\'', '{\"ord_status\": {\"new\": \"Paga\", \"old\": \"Confirmada\"}}', 'local', '2026-01-19 14:47:25', '2026-01-19 14:47:25'),
(51, 21553, 1, 'status_updated', 'Estado alterado de \'Paga\' para \'Confirmada\'', '{\"ord_status\": {\"new\": \"Confirmada\", \"old\": \"Paga\"}}', 'local', '2026-01-19 14:47:41', '2026-01-19 14:47:41'),
(52, 21553, 1, 'status_updated', 'Estado alterado de \'Confirmada\' para \'Paga\'', '{\"ord_status\": {\"new\": \"Paga\", \"old\": \"Confirmada\"}}', 'local', '2026-01-19 14:49:50', '2026-01-19 14:49:50'),
(53, 21553, 1, 'status_updated', 'Estado alterado de \'Paga\' para \'Confirmada\'', '{\"ord_status\": {\"new\": \"Confirmada\", \"old\": \"Paga\"}}', 'local', '2026-01-19 14:50:04', '2026-01-19 14:50:04'),
(54, 21553, 1, 'status_updated', 'Estado alterado de \'Confirmada\' para \'Paga\'', '{\"ord_status\": {\"new\": \"Paga\", \"old\": \"Confirmada\"}}', 'local', '2026-01-19 14:50:29', '2026-01-19 14:50:29'),
(55, 21553, 1, 'status_updated', 'Estado alterado de \'Paga\' para \'Confirmada\'', '{\"ord_status\": {\"new\": \"Confirmada\", \"old\": \"Paga\"}}', 'local', '2026-01-19 14:50:45', '2026-01-19 14:50:45'),
(56, 21553, 1, 'status_updated', 'Estado alterado de \'Confirmada\' para \'Paga\'', '{\"ord_status\": {\"new\": \"Paga\", \"old\": \"Confirmada\"}}', 'local', '2026-01-19 14:52:46', '2026-01-19 14:52:46'),
(57, 21553, 1, 'status_updated', 'Estado alterado de \'Paga\' para \'Confirmada\'', '{\"ord_status\": {\"new\": \"Confirmada\", \"old\": \"Paga\"}}', 'local', '2026-01-19 14:53:04', '2026-01-19 14:53:04'),
(58, 21553, 1, 'status_updated', 'Estado alterado de \'Confirmada\' para \'Paga\'', '{\"ord_status\": {\"new\": \"Paga\", \"old\": \"Confirmada\"}}', 'local', '2026-01-19 14:56:55', '2026-01-19 14:56:55'),
(59, 21553, 1, 'status_updated', 'Estado alterado de \'Paga\' para \'Confirmada\'', '{\"ord_status\": {\"new\": \"Confirmada\", \"old\": \"Paga\"}}', 'local', '2026-01-19 15:01:41', '2026-01-19 15:01:41'),
(60, 21553, 1, 'status_updated', 'Estado alterado de \'Confirmada\' para \'Paga\'', '{\"ord_status\": {\"new\": \"Paga\", \"old\": \"Confirmada\"}}', 'local', '2026-01-19 15:08:56', '2026-01-19 15:08:56'),
(61, 21553, 1, 'status_updated', 'Estado alterado de \'Paga\' para \'Confirmada\'', '{\"ord_status\": {\"new\": \"Confirmada\", \"old\": \"Paga\"}}', 'local', '2026-01-19 15:09:16', '2026-01-19 15:09:16'),
(62, 21553, 1, 'status_updated', 'Estado alterado de \'Confirmada\' para \'Paga\'', '{\"ord_status\": {\"new\": \"Paga\", \"old\": \"Confirmada\"}}', 'local', '2026-01-19 15:17:18', '2026-01-19 15:17:18'),
(63, 21553, 1, 'status_updated', 'Estado alterado de \'Paga\' para \'Confirmada\'', '{\"ord_status\": {\"new\": \"Confirmada\", \"old\": \"Paga\"}}', 'local', '2026-01-19 15:17:29', '2026-01-19 15:17:29'),
(64, 21553, 1, 'status_updated', 'Estado alterado de \'Confirmada\' para \'Paga\'', '{\"ord_status\": {\"new\": \"Paga\", \"old\": \"Confirmada\"}}', 'local', '2026-01-19 15:26:16', '2026-01-19 15:26:16'),
(65, 21553, 1, 'status_updated', 'Estado alterado de \'Paga\' para \'Confirmada\'', '{\"ord_status\": {\"new\": \"Confirmada\", \"old\": \"Paga\"}}', 'local', '2026-01-19 15:40:08', '2026-01-19 15:40:08'),
(66, 21553, 1, 'status_updated', 'Estado alterado de \'Confirmada\' para \'Paga\'', '{\"ord_status\": {\"new\": \"Paga\", \"old\": \"Confirmada\"}}', 'local', '2026-01-19 15:41:44', '2026-01-19 15:41:44'),
(67, 21553, 1, 'status_updated', 'Estado alterado de \'Paga\' para \'Confirmada\'', '{\"ord_status\": {\"new\": \"Confirmada\", \"old\": \"Paga\"}}', 'local', '2026-01-19 15:48:37', '2026-01-19 15:48:37'),
(68, 21553, 1, 'status_updated', 'Estado alterado de \'Confirmada\' para \'Paga\'', '{\"ord_status\": {\"new\": \"Paga\", \"old\": \"Confirmada\"}}', 'local', '2026-01-19 15:56:30', '2026-01-19 15:56:30'),
(69, 21553, 1, 'status_updated', 'Estado alterado de \'Paga\' para \'Confirmada\'', '{\"ord_status\": {\"new\": \"Confirmada\", \"old\": \"Paga\"}}', 'local', '2026-01-19 15:56:37', '2026-01-19 15:56:37'),
(70, 21553, 1, 'status_updated', 'Estado alterado de \'Confirmada\' para \'Paga\'', '{\"ord_status\": {\"new\": \"Paga\", \"old\": \"Confirmada\"}}', 'local', '2026-01-19 16:03:25', '2026-01-19 16:03:25'),
(71, 21553, 1, 'status_updated', 'Estado alterado de \'Paga\' para \'Confirmada\'', '{\"ord_status\": {\"new\": \"Confirmada\", \"old\": \"Paga\"}}', 'local', '2026-01-19 16:07:28', '2026-01-19 16:07:28'),
(72, 21553, 1, 'status_updated', 'Estado alterado de \'Confirmada\' para \'Paga\'', '{\"ord_status\": {\"new\": \"Paga\", \"old\": \"Confirmada\"}}', 'local', '2026-01-19 16:10:53', '2026-01-19 16:10:53'),
(73, 21553, 1, 'status_updated', 'Estado alterado de \'Paga\' para \'Confirmada\'', '{\"ord_status\": {\"new\": \"Confirmada\", \"old\": \"Paga\"}}', 'local', '2026-01-19 16:12:20', '2026-01-19 16:12:20'),
(74, 21553, 1, 'status_updated', 'Estado alterado de \'Confirmada\' para \'Paga\'', '{\"ord_status\": {\"new\": \"Paga\", \"old\": \"Confirmada\"}}', 'local', '2026-01-19 16:31:28', '2026-01-19 16:31:28'),
(75, 21553, 1, 'status_updated', 'Estado alterado de \'Paga\' para \'Confirmada\'', '{\"ord_status\": {\"new\": \"Confirmada\", \"old\": \"Paga\"}}', 'local', '2026-01-19 16:33:21', '2026-01-19 16:33:21'),
(76, 21553, 1, 'status_updated', 'Estado alterado de \'Confirmada\' para \'Paga\'', '{\"ord_status\": {\"new\": \"Paga\", \"old\": \"Confirmada\"}}', 'local', '2026-01-19 16:34:00', '2026-01-19 16:34:00'),
(77, 21553, 1, 'status_updated', 'Estado alterado de \'Paga\' para \'Confirmada\'', '{\"ord_status\": {\"new\": \"Confirmada\", \"old\": \"Paga\"}}', 'local', '2026-01-19 16:43:02', '2026-01-19 16:43:02'),
(78, 21553, 1, 'status_updated', 'Estado alterado de \'Confirmada\' para \'Paga\'', '{\"ord_status\": {\"new\": \"Paga\", \"old\": \"Confirmada\"}}', 'local', '2026-01-19 16:48:03', '2026-01-19 16:48:03'),
(79, 21553, 1, 'status_updated', 'Estado alterado de \'Paga\' para \'Confirmada\'', '{\"ord_status\": {\"new\": \"Confirmada\", \"old\": \"Paga\"}}', 'local', '2026-01-19 16:57:16', '2026-01-19 16:57:16'),
(80, 21553, 1, 'status_updated', 'Estado alterado de \'Confirmada\' para \'Paga\'', '{\"ord_status\": {\"new\": \"Paga\", \"old\": \"Confirmada\"}}', 'local', '2026-01-19 16:58:01', '2026-01-19 16:58:01'),
(81, 21553, 1, 'status_updated', 'Estado alterado de \'Paga\' para \'Confirmada\'', '{\"ord_status\": {\"new\": \"Confirmada\", \"old\": \"Paga\"}}', 'local', '2026-01-19 17:01:47', '2026-01-19 17:01:47'),
(82, 21553, 1, 'status_updated', 'Estado alterado de \'Confirmada\' para \'Paga\'', '{\"ord_status\": {\"new\": \"Paga\", \"old\": \"Confirmada\"}}', 'local', '2026-01-19 17:02:01', '2026-01-19 17:02:01'),
(83, 21553, 1, 'status_updated', 'Estado alterado de \'Paga\' para \'Confirmada\'', '{\"ord_status\": {\"new\": \"Confirmada\", \"old\": \"Paga\"}}', 'local', '2026-01-19 17:07:07', '2026-01-19 17:07:07'),
(84, 21553, 1, 'status_updated', 'Estado alterado de \'Confirmada\' para \'Paga\'', '{\"ord_status\": {\"new\": \"Paga\", \"old\": \"Confirmada\"}}', 'local', '2026-01-19 17:07:19', '2026-01-19 17:07:19'),
(85, 21553, 1, 'status_updated', 'Estado alterado de \'Paga\' para \'Confirmada\'', '{\"ord_status\": {\"new\": \"Confirmada\", \"old\": \"Paga\"}}', 'local', '2026-01-19 17:13:13', '2026-01-19 17:13:13'),
(86, 21553, 1, 'status_updated', 'Estado alterado de \'Confirmada\' para \'Paga\'', '{\"ord_status\": {\"new\": \"Paga\", \"old\": \"Confirmada\"}}', 'local', '2026-01-19 17:13:24', '2026-01-19 17:13:24'),
(87, 21553, 1, 'status_updated', 'Estado alterado de \'Paga\' para \'Confirmada\'', '{\"ord_status\": {\"new\": \"Confirmada\", \"old\": \"Paga\"}}', 'local', '2026-01-19 17:54:32', '2026-01-19 17:54:32'),
(88, 21553, 1, 'status_updated', 'Estado alterado de \'Confirmada\' para \'Paga\'', '{\"ord_status\": {\"new\": \"Paga\", \"old\": \"Confirmada\"}}', 'local', '2026-01-19 17:54:40', '2026-01-19 17:54:40'),
(89, 21553, 1, 'status_updated', 'Estado alterado de \'Paga\' para \'Confirmada\'', '{\"ord_status\": {\"new\": \"Confirmada\", \"old\": \"Paga\"}}', 'local', '2026-01-19 17:56:12', '2026-01-19 17:56:12'),
(90, 21553, 1, 'status_updated', 'Estado alterado de \'Confirmada\' para \'Paga\'', '{\"ord_status\": {\"new\": \"Paga\", \"old\": \"Confirmada\"}}', 'local', '2026-01-19 17:56:21', '2026-01-19 17:56:21'),
(91, 21553, 1, 'status_updated', 'Estado alterado de \'Paga\' para \'Confirmada\'', '{\"ord_status\": {\"new\": \"Confirmada\", \"old\": \"Paga\"}}', 'local', '2026-01-19 18:02:57', '2026-01-19 18:02:57'),
(92, 21553, 1, 'status_updated', 'Estado alterado de \'Confirmada\' para \'Paga\'', '{\"ord_status\": {\"new\": \"Paga\", \"old\": \"Confirmada\"}}', 'local', '2026-01-19 18:03:05', '2026-01-19 18:03:05'),
(93, 21553, 1, 'status_updated', 'Estado alterado de \'Paga\' para \'Confirmada\'', '{\"ord_status\": {\"new\": \"Confirmada\", \"old\": \"Paga\"}}', 'local', '2026-01-19 18:32:18', '2026-01-19 18:32:18'),
(94, 21553, 1, 'status_updated', 'Estado alterado de \'Confirmada\' para \'Paga\'', '{\"ord_status\": {\"new\": \"Paga\", \"old\": \"Confirmada\"}}', 'local', '2026-01-19 18:33:10', '2026-01-19 18:33:10'),
(95, 21553, 1, 'status_updated', 'Estado alterado de \'Paga\' para \'Em Processamento\'', '{\"ord_status\": {\"new\": \"Em Processamento\", \"old\": \"Paga\"}}', 'local', '2026-01-19 18:51:46', '2026-01-19 18:51:46'),
(96, 21553, 1, 'status_updated', 'Estado alterado de \'Em Processamento\' para \'Paga\'', '{\"ord_status\": {\"new\": \"Paga\", \"old\": \"Em Processamento\"}}', 'local', '2026-01-19 19:00:32', '2026-01-19 19:00:32'),
(97, 21553, 1, 'status_updated', 'Estado alterado de \'Paga\' para \'Em Processamento\'', '{\"ord_status\": {\"new\": \"Em Processamento\", \"old\": \"Paga\"}}', 'local', '2026-01-19 19:00:46', '2026-01-19 19:00:46'),
(98, 21553, 1, 'status_updated', 'Estado alterado de \'Em Processamento\' para \'Confirmada\'', '{\"ord_status\": {\"new\": \"Confirmada\", \"old\": \"Em Processamento\"}, \"ord_cannotchange\": {\"new\": 0}}', 'local', '2026-01-20 09:24:59', '2026-01-20 09:24:59'),
(99, 21553, 1, 'status_updated', 'Estado alterado de \'Confirmada\' para \'Em Processamento\'', '{\"ord_status\": {\"new\": \"Em Processamento\", \"old\": \"Confirmada\"}, \"ord_cannotchange\": {\"new\": 0}}', 'local', '2026-01-20 11:30:17', '2026-01-20 11:30:17'),
(100, 21553, 1, 'status_updated', 'Estado alterado de \'Em Processamento\' para \'Paga\'', '{\"ord_status\": {\"new\": \"Paga\", \"old\": \"Em Processamento\"}, \"ord_cannotchange\": {\"new\": 0}}', 'local', '2026-01-20 18:20:22', '2026-01-20 18:20:22'),
(101, 21553, 1, 'order_cancelled', 'Encomenda cancelada pela administração', '{\"reason\": null, \"stock_restored\": false, \"client_notified\": true, \"payment_refunded\": false, \"invoice_cancelled\": false}', 'local', '2026-01-20 18:21:47', '2026-01-20 18:21:47'),
(102, 21553, 1, 'status_updated', 'Estado alterado de \'Cancelada\' para \'Em Processamento\'', '{\"ord_status\": {\"new\": \"Em Processamento\", \"old\": \"Cancelada\"}, \"ord_cannotchange\": {\"new\": 0}}', 'local', '2026-01-20 18:23:17', '2026-01-20 18:23:17'),
(103, 21552, 1, 'order_created', 'Encomenda criada pela administração', '{\"created_via\": \"admin_checkout\", \"contact_type\": \"phone_or_whatsapp\", \"checkout_type\": \"guest\", \"initial_status\": \"Paga\"}', 'local', '2026-01-22 10:42:02', '2026-01-22 10:42:02'),
(104, 21552, 1, 'status_updated', 'Estado inicial definido como \'Paga\'', '{\"ord_status\": {\"new\": \"Paga\", \"old\": null}}', 'local', '2026-01-22 10:42:02', '2026-01-22 10:42:02'),
(105, 21553, 1, 'order_created', 'Encomenda criada pela administração', '{\"created_via\": \"admin_checkout\", \"contact_type\": \"phone_or_whatsapp\", \"checkout_type\": \"guest\", \"initial_status\": \"Paga\"}', 'local', '2026-01-22 10:49:55', '2026-01-22 10:49:55'),
(106, 21553, 1, 'status_updated', 'Estado inicial definido como \'Paga\'', '{\"ord_status\": {\"new\": \"Paga\", \"old\": null}}', 'local', '2026-01-22 10:49:55', '2026-01-22 10:49:55'),
(107, 22397, 1, 'order_created', 'Encomenda criada pela administração', '{\"created_via\": \"admin_checkout\", \"contact_type\": \"phone_or_whatsapp\", \"checkout_type\": \"guest\", \"initial_status\": \"Paga\"}', 'local', '2026-01-27 16:10:59', '2026-01-27 16:10:59'),
(108, 22397, 1, 'status_updated', 'Estado inicial definido como \'Paga\'', '{\"ord_status\": {\"new\": \"Paga\", \"old\": null}}', 'local', '2026-01-27 16:10:59', '2026-01-27 16:10:59'),
(109, 22397, 1, 'pack60_second_shipment_created', 'Registo do segundo envio (Pack 60)', '{\"tracking_number\": \"SD1254CD\", \"second_shipment_date\": \"2026-01-29\"}', 'local', '2026-01-29 16:25:48', '2026-01-29 16:25:48'),
(110, 22397, 1, 'pack60_second_shipment_created', 'Registo do segundo envio (Pack 60)', '{\"tracking_number\": \"SD1254CD\", \"second_shipment_date\": \"2026-01-29\"}', 'local', '2026-01-29 18:17:30', '2026-01-29 18:17:30'),
(111, 22397, 1, 'pack60_second_shipment_updated', 'Atualização do segundo envio (Pack 60)', '{\"after\": {\"tracking_number\": \"SD1254CD\", \"second_shipment_date\": \"2026-01-30\"}, \"before\": {\"tracking_number\": \"SD1254CD\", \"second_shipment_date\": \"2026-01-30\"}}', 'local', '2026-01-29 18:18:47', '2026-01-29 18:18:47'),
(112, 22397, 1, 'pack60_second_shipment_updated', 'Atualização do segundo envio (Pack 60)', '{\"after\": {\"tracking_number\": \"SD1254CD\", \"second_shipment_date\": \"2026-01-30\"}, \"before\": {\"tracking_number\": \"SD1254CD\", \"second_shipment_date\": \"2026-01-30\"}}', 'local', '2026-01-29 18:18:53', '2026-01-29 18:18:53'),
(113, 22397, 1, 'pack60_second_shipment_updated', 'Atualização do segundo envio (Pack 60)', '{\"after\": {\"tracking_number\": \"SD1254CD\", \"second_shipment_date\": \"2026-01-31\"}, \"before\": {\"tracking_number\": \"SD1254CD\", \"second_shipment_date\": \"2026-01-31\"}}', 'local', '2026-01-29 18:28:07', '2026-01-29 18:28:07'),
(114, 22397, 1, 'pack60_second_shipment_bulk', 'Registo do segundo envio em lote (Pack 60)', '{\"mode\": \"bulk_auto\", \"second_shipment_date\": \"2026-01-30\"}', 'local', '2026-01-30 09:30:48', '2026-01-30 09:30:48'),
(115, 22397, 1, 'pack60_second_shipment_bulk', 'Registo do segundo envio em lote (Pack 60)', '{\"mode\": \"bulk_auto\", \"second_shipment_date\": \"2026-01-30\"}', 'local', '2026-01-30 10:02:03', '2026-01-30 10:02:03'),
(116, 22397, 1, 'pack60_second_shipment_created', 'Registo do segundo envio (Pack 60)', '{\"tracking_number\": \"SD1254CD\", \"second_shipment_date\": \"2026-01-30\"}', 'local', '2026-01-30 17:30:26', '2026-01-30 17:30:26');

-- --------------------------------------------------------

--
-- Estrutura da tabela `paymentmethod`
--

CREATE TABLE IF NOT EXISTS `paymentmethod` (
  `pay_id` bigint UNSIGNED NOT NULL AUTO_INCREMENT,
  `pay_description_pt` varchar(60) COLLATE utf8mb4_unicode_ci NOT NULL DEFAULT '',
  `pay_description_en` varchar(60) COLLATE utf8mb4_unicode_ci NOT NULL DEFAULT '',
  `pay_description_es` varchar(60) COLLATE utf8mb4_unicode_ci NOT NULL DEFAULT '',
  `pay_description_fr` varchar(60) COLLATE utf8mb4_unicode_ci NOT NULL DEFAULT '',
  `pay_flatrate` decimal(5,2) NOT NULL DEFAULT '0.00',
  `pay_percentagerate` decimal(5,2) NOT NULL DEFAULT '0.00',
  `pay_visible` tinyint(1) NOT NULL DEFAULT '1',
  `pay_img` varchar(30) COLLATE utf8mb4_unicode_ci NOT NULL DEFAULT '',
  `created_at` timestamp NULL DEFAULT NULL,
  `updated_at` timestamp NULL DEFAULT NULL,
  PRIMARY KEY (`pay_id`)
) ENGINE=MyISAM AUTO_INCREMENT=8 DEFAULT CHARSET=utf8mb4 COLLATE=utf8mb4_unicode_ci;

--
-- Extraindo dados da tabela `paymentmethod`
--

INSERT INTO `paymentmethod` (`pay_id`, `pay_description_pt`, `pay_description_en`, `pay_description_es`, `pay_description_fr`, `pay_flatrate`, `pay_percentagerate`, `pay_visible`, `pay_img`, `created_at`, `updated_at`) VALUES
(1, 'Transferência Bancária', 'Bank transfer', 'Transferencia Bancaria', '', 0.00, 0.00, 0, '20200420073401pm.png', NULL, NULL),
(2, 'Contra Reembolso', 'Against Refund', 'Contra Reembolso', '', 0.00, 0.00, 0, '20200420073234pm.png', NULL, NULL),
(3, 'PayPal', 'PayPal', 'PayPal', '', 0.00, 0.00, 0, '20200420073246pm.png', NULL, NULL),
(4, 'Cartão de Crédito', ' Credit card', ' Tarjeta de crédito', '', 0.00, 0.00, 1, '20200420073214pm.png', NULL, NULL),
(5, 'Transferência por Multibanco', 'ATM transfer', 'Transferencia de cajero automático', '', 0.00, 0.00, 1, '20200420073611pm.png', NULL, NULL),
(6, 'MBWay', 'MBWay', 'MBWay', '', 0.00, 0.00, 1, '20233003142756pm.png', NULL, NULL),
(7, 'Levantamento na Loja', 'Pickup in Store', 'Recogida en tienda', '', 0.00, 0.00, 0, 'store.png', NULL, NULL);

-- --------------------------------------------------------

--
-- Estrutura da tabela `payment_logs`
--

CREATE TABLE IF NOT EXISTS `payment_logs` (
  `id` bigint UNSIGNED NOT NULL AUTO_INCREMENT COMMENT 'Primary key',
  `order_id` varchar(191) COLLATE utf8mb4_unicode_ci NOT NULL COMMENT 'Internal order reference code (ord_id or external reference depending on gateway)',
  `payment_method_id` bigint UNSIGNED NOT NULL COMMENT 'FK — Payment method used (Multibanco, MB Way, PayPal, Stripe, etc.)',
  `event` varchar(191) COLLATE utf8mb4_unicode_ci DEFAULT NULL COMMENT 'Type of event: request_sent, callback_received, success, failure, retry, error',
  `message` text COLLATE utf8mb4_unicode_ci NOT NULL COMMENT 'Human-readable log message describing the event or action taken',
  `data` json DEFAULT NULL COMMENT 'Raw payload returned by the payment gateway (request or callback JSON)',
  `created_at` timestamp NULL DEFAULT NULL,
  `updated_at` timestamp NULL DEFAULT NULL,
  PRIMARY KEY (`id`),
  KEY `payment_logs_payment_method_id_foreign` (`payment_method_id`)
) ENGINE=MyISAM AUTO_INCREMENT=8 DEFAULT CHARSET=utf8mb4 COLLATE=utf8mb4_unicode_ci;

--
-- Extraindo dados da tabela `payment_logs`
--

INSERT INTO `payment_logs` (`id`, `order_id`, `payment_method_id`, `event`, `message`, `data`, `created_at`, `updated_at`) VALUES
(1, '21553', 6, 'receipt_resent', 'Reenvio manual de documento fiscal.', '{\"sent_at\": \"2026-01-20 17:45:59\", \"sent_to\": \"rlinharescsg@gmail.com\", \"admin_email\": null, \"invoice_file\": \"https://www.moloni.pt/downloads/?h=eyJ0eXAiOiJKV1QiLCJhbGciOiJIUzI1NiJ9.eyJjIjoyNjQ2NjksImQiOjkyNjQyOTI4MCwidSI6MzM5MzA5LCJleHAiOjE3NzU2NzE5MTR9.2Aej94p3OwU8_fPYECEwpt4mC0jInEWThM2MrpEwi0I\", \"copy_to_admin\": false, \"document_type\": \"recibo\", \"custom_message\": \"\", \"sent_by_user_id\": 1, \"custom_message_included\": true}', '2026-01-20 17:45:59', '2026-01-20 17:45:59'),
(2, '21552', 6, 'manual_payment', 'Pagamento registado manualmente pela administração', '{\"amount\": \"36.74\", \"method\": \"MBWay\", \"reason\": \"checkout administrativo (telefone / whatsapp)\", \"status\": \"completed\", \"created_by\": 1}', '2026-01-22 10:42:02', '2026-01-22 10:42:02'),
(3, '21553', 6, 'manual_payment', 'Pagamento registado manualmente pela administração', '{\"amount\": \"36.74\", \"method\": \"MBWay\", \"reason\": \"checkout administrativo (telefone / whatsapp)\", \"status\": \"completed\", \"created_by\": 1}', '2026-01-22 10:49:55', '2026-01-22 10:49:55'),
(4, '21553', 6, 'receipt_resent', 'Reenvio manual de documento fiscal.', '{\"sent_at\": \"2026-01-22 16:36:16\", \"sent_to\": \"rlinharescsg@gmail.com\", \"admin_email\": null, \"invoice_file\": \"https://www.moloni.pt/downloads/?h=eyJ0eXAiOiJKV1QiLCJhbGciOiJIUzI1NiJ9.eyJjIjoyNjQ2NjksImQiOjkzMTE5NDgzNSwidSI6MzM5MzA5LCJleHAiOjE3NzY4NjgwMzd9.lyIm977wKFIHM5DcYfJVUSifCc45VHiOF2q3GCknCYY\", \"copy_to_admin\": false, \"document_type\": \"recibo\", \"custom_message\": \"\", \"sent_by_user_id\": 1, \"custom_message_included\": true}', '2026-01-22 16:36:16', '2026-01-22 16:36:16'),
(5, '21553', 6, 'receipt_resent', 'Reenvio manual de documento fiscal.', '{\"sent_at\": \"2026-01-22 17:03:49\", \"sent_to\": \"rlinharescsg@gmail.com\", \"admin_email\": null, \"invoice_file\": \"https://www.moloni.pt/downloads/?h=eyJ0eXAiOiJKV1QiLCJhbGciOiJIUzI1NiJ9.eyJjIjoyNjQ2NjksImQiOjkzMTE5NDgzNSwidSI6MzM5MzA5LCJleHAiOjE3NzY4NjgwMzd9.lyIm977wKFIHM5DcYfJVUSifCc45VHiOF2q3GCknCYY\", \"copy_to_admin\": false, \"document_type\": \"recibo\", \"custom_message\": \"\", \"sent_by_user_id\": 1, \"custom_message_included\": true}', '2026-01-22 17:03:49', '2026-01-22 17:03:49'),
(6, '21553', 6, 'receipt_resent', 'Reenvio manual de documento fiscal.', '{\"sent_at\": \"2026-01-22 17:04:06\", \"sent_to\": \"rlinharescsg@gmail.com\", \"admin_email\": null, \"invoice_file\": \"https://www.moloni.pt/downloads/?h=eyJ0eXAiOiJKV1QiLCJhbGciOiJIUzI1NiJ9.eyJjIjoyNjQ2NjksImQiOjkzMTE5NDgzNSwidSI6MzM5MzA5LCJleHAiOjE3NzY4NjgwMzd9.lyIm977wKFIHM5DcYfJVUSifCc45VHiOF2q3GCknCYY\", \"copy_to_admin\": false, \"document_type\": \"recibo\", \"custom_message\": \"\", \"sent_by_user_id\": 1, \"custom_message_included\": true}', '2026-01-22 17:04:06', '2026-01-22 17:04:06'),
(7, '22397', 6, 'manual_payment', 'Pagamento registado manualmente pela administração', '{\"amount\": \"307.68\", \"method\": \"MBWay\", \"reason\": \"checkout administrativo (telefone / whatsapp)\", \"status\": \"completed\", \"created_by\": 1}', '2026-01-27 16:10:59', '2026-01-27 16:10:59');

-- --------------------------------------------------------

--
-- Estrutura da tabela `payment_transactions`
--

CREATE TABLE IF NOT EXISTS `payment_transactions` (
  `id` bigint UNSIGNED NOT NULL AUTO_INCREMENT,
  `order_id` bigint UNSIGNED NOT NULL,
  `payment_method_id` bigint UNSIGNED NOT NULL,
  `provider` varchar(191) COLLATE utf8mb4_unicode_ci DEFAULT NULL,
  `transaction_id` varchar(191) COLLATE utf8mb4_unicode_ci DEFAULT NULL,
  `paypal_order_id` varchar(191) COLLATE utf8mb4_unicode_ci DEFAULT NULL,
  `paypal_capture_id` varchar(191) COLLATE utf8mb4_unicode_ci DEFAULT NULL,
  `stripe_payment_intent` varchar(191) COLLATE utf8mb4_unicode_ci DEFAULT NULL,
  `stripe_charge_id` varchar(191) COLLATE utf8mb4_unicode_ci DEFAULT NULL,
  `card_brand` varchar(191) COLLATE utf8mb4_unicode_ci DEFAULT NULL,
  `card_last4` varchar(191) COLLATE utf8mb4_unicode_ci DEFAULT NULL,
  `mbway_phone` varchar(191) COLLATE utf8mb4_unicode_ci DEFAULT NULL,
  `mbway_request_id` varchar(191) COLLATE utf8mb4_unicode_ci DEFAULT NULL,
  `mb_entity` varchar(191) COLLATE utf8mb4_unicode_ci DEFAULT NULL,
  `mb_reference` varchar(191) COLLATE utf8mb4_unicode_ci DEFAULT NULL,
  `mb_expiry_date` date DEFAULT NULL,
  `amount` decimal(10,2) NOT NULL,
  `status` varchar(191) COLLATE utf8mb4_unicode_ci NOT NULL DEFAULT 'pending',
  `failure_reason` varchar(191) COLLATE utf8mb4_unicode_ci DEFAULT NULL,
  `confirmed_at` timestamp NULL DEFAULT NULL,
  `callback_received_at` timestamp NULL DEFAULT NULL,
  `request_payload` json DEFAULT NULL,
  `response_payload` json DEFAULT NULL,
  `created_at` timestamp NULL DEFAULT NULL,
  `updated_at` timestamp NULL DEFAULT NULL,
  PRIMARY KEY (`id`),
  KEY `payment_transactions_order_id_foreign` (`order_id`)
) ENGINE=MyISAM DEFAULT CHARSET=utf8mb4 COLLATE=utf8mb4_unicode_ci;

-- --------------------------------------------------------

--
-- Estrutura da tabela `permissions`
--

CREATE TABLE IF NOT EXISTS `permissions` (
  `per_id` bigint UNSIGNED NOT NULL AUTO_INCREMENT,
  `per_code` varchar(150) COLLATE utf8mb4_unicode_ci NOT NULL COMMENT 'Unique permission code used internally',
  `per_name` varchar(200) COLLATE utf8mb4_unicode_ci NOT NULL COMMENT 'Human readable permission name',
  `per_description` varchar(500) COLLATE utf8mb4_unicode_ci DEFAULT NULL COMMENT 'Additional description for better understanding',
  `per_section` varchar(100) COLLATE utf8mb4_unicode_ci NOT NULL COMMENT 'Group or category to organize permission in the UI',
  `per_sort` int NOT NULL DEFAULT '0' COMMENT 'Sort order inside the section',
  `created_at` timestamp NULL DEFAULT NULL,
  `updated_at` timestamp NULL DEFAULT NULL,
  PRIMARY KEY (`per_id`),
  UNIQUE KEY `permissions_per_code_unique` (`per_code`)
) ENGINE=MyISAM AUTO_INCREMENT=35 DEFAULT CHARSET=utf8mb4 COLLATE=utf8mb4_unicode_ci;

--
-- Extraindo dados da tabela `permissions`
--

INSERT INTO `permissions` (`per_id`, `per_code`, `per_name`, `per_description`, `per_section`, `per_sort`, `created_at`, `updated_at`) VALUES
(1, 'dashboard.view', 'Dashboard', 'Acesso ao painel principal', 'Dashboard', 1, '2025-11-24 11:01:35', '2025-11-24 11:01:35'),
(2, 'menu.weekly', 'Ementa Semanal', 'Gerir ementa semanal', 'Catálogo', 1, '2025-11-24 11:01:35', '2025-11-24 11:01:35'),
(3, 'dishes.manage', 'Pratos', 'Gerir pratos', 'Catálogo', 2, '2025-11-24 11:01:35', '2025-11-24 11:01:35'),
(4, 'typemeal.manage', 'Tipos de Refeição', 'Gerir tipos de refeição', 'Catálogo', 3, '2025-11-24 11:01:35', '2025-11-24 11:01:35'),
(5, 'products.manage', 'Produtos', 'Gerir packs e produtos', 'Catálogo', 4, '2025-11-24 11:01:35', '2025-11-24 11:01:35'),
(6, 'soups.manage', 'Sopas', 'Gerir sopas', 'Catálogo', 5, '2025-11-24 11:01:35', '2025-11-24 11:01:35'),
(7, 'desserts.manage', 'Sobremesas', 'Gerir sobremesas', 'Catálogo', 6, '2025-11-24 11:01:35', '2025-11-24 11:01:35'),
(8, 'sodas.manage', 'Sumos', 'Gerir sumos/bebidas', 'Catálogo', 7, '2025-11-24 11:01:35', '2025-11-24 11:01:35'),
(9, 'vouchers.manage', 'Vouchers', 'Gerir vouchers', 'Catálogo', 8, '2025-11-24 11:01:35', '2025-11-24 11:01:35'),
(10, 'orders.view', 'Ver Encomendas', 'Aceder a todas as encomendas', 'Vendas', 1, '2025-11-24 11:01:35', '2025-11-24 11:01:35'),
(11, 'orders.noinvoice', 'Vendas Sem Fatura', 'Ver vendas sem fatura', 'Vendas', 2, '2025-11-24 11:01:35', '2025-11-24 11:01:35'),
(12, 'orders.newcustomers', 'Novos Clientes', 'Ver novos clientes', 'Vendas', 3, '2025-11-24 11:01:35', '2025-11-24 11:01:35'),
(13, 'orders.payment.methods', 'Formas de Pagamento', 'Gerir métodos de pagamento', 'Vendas', 4, '2025-11-24 11:01:35', '2025-11-24 11:01:35'),
(14, 'orders.taxes', 'Taxas de IVA', 'Gerir taxas de IVA', 'Vendas', 5, '2025-11-24 11:01:35', '2025-11-24 11:01:35'),
(15, 'clients.view', 'Clientes', 'Gerir clientes', 'Clientes', 1, '2025-11-24 11:01:35', '2025-11-24 11:01:35'),
(16, 'clients.vouchers', 'Vouchers de Clientes', 'Gerir vouchers de clientes', 'Clientes', 2, '2025-11-24 11:01:35', '2025-11-24 11:01:35'),
(17, 'clients.tickets', 'Tickets', 'Gerir tickets', 'Clientes', 3, '2025-11-24 11:01:35', '2025-11-24 11:01:35'),
(18, 'reports.sales', 'Relatório de Vendas', 'Aceder a vendas', 'Relatórios', 1, '2025-11-24 11:01:35', '2025-11-24 11:01:35'),
(19, 'reports.totalqty', 'Total Acumulado', 'Ver total acumulado', 'Relatórios', 2, '2025-11-24 11:01:35', '2025-11-24 11:01:35'),
(20, 'reports.summary', 'Resumo da Encomenda', 'Ver resumo de encomendas', 'Relatórios', 3, '2025-11-24 11:01:35', '2025-11-24 11:01:35'),
(21, 'reports.shipping.details', 'Detalhes de Envio', 'Ver detalhes de envio', 'Relatórios', 4, '2025-11-24 11:01:35', '2025-11-24 11:01:35'),
(22, 'reports.shipping.dpd', 'Guias DPD', 'Gerir guias DPD', 'Relatórios', 5, '2025-11-24 11:01:35', '2025-11-24 11:01:35'),
(23, 'banners.manage', 'Banners & Publicidade', 'Gerir banners', 'Marketing', 1, '2025-11-24 11:01:35', '2025-11-24 11:01:35'),
(24, 'faq.manage', 'FAQ', 'Gerir FAQs', 'Marketing', 2, '2025-11-24 11:01:35', '2025-11-24 11:01:35'),
(25, 'users.manage', 'Gerir Utilizadores', 'Aceder à gestão de utilizadores', 'Administração', 1, '2025-11-24 11:01:35', '2025-11-24 11:01:35'),
(26, 'users.create', 'Criar Utilizadores', 'Criar novos utilizadores', 'Administração', 2, '2025-11-24 11:01:35', '2025-11-24 11:01:35'),
(27, 'roles.manage', 'Perfis & Permissões', 'Gerir roles e permissões', 'Administração', 3, '2025-11-24 11:01:35', '2025-11-24 11:01:35'),
(28, 'loginlogs.view', 'Histórico Logins', 'Ver histórico de logins', 'Administração', 4, '2025-11-24 11:01:35', '2025-11-24 11:01:35'),
(29, 'activitylogs.view', 'Log de Atividades', 'Ver log de atividades', 'Administração', 5, '2025-11-24 11:01:35', '2025-11-24 11:01:35'),
(30, 'settings.about', 'Sobre Nós', 'Gerir página Sobre Nós', 'Configurações', 1, '2025-11-24 11:01:35', '2025-11-24 11:01:35'),
(31, 'settings.terms', 'Termos & Condições', 'Gerir termos', 'Configurações', 2, '2025-11-24 11:01:35', '2025-11-24 11:01:35'),
(32, 'settings.privacy', 'Política Privacidade', 'Gerir privacidade', 'Configurações', 3, '2025-11-24 11:01:35', '2025-11-24 11:01:35'),
(33, 'settings.cookies', 'Política de Cookies', 'Gerir cookies', 'Configurações', 4, '2025-11-24 11:01:35', '2025-11-24 11:01:35'),
(34, 'tools.voucherimage', 'Gerar Voucher', 'Ferramenta para gerar voucher', 'Ferramentas', 1, '2025-11-24 11:01:35', '2025-11-24 11:01:35');

-- --------------------------------------------------------

--
-- Estrutura da tabela `products`
--

CREATE TABLE IF NOT EXISTS `products` (
  `pro_id` bigint UNSIGNED NOT NULL AUTO_INCREMENT,
  `pro_pack_id` bigint UNSIGNED DEFAULT NULL COMMENT 'Base pack product for vouchers',
  `pro_typemeal_id` bigint UNSIGNED DEFAULT NULL,
  `pro_slug` varchar(150) COLLATE utf8mb4_unicode_ci NOT NULL,
  `pro_description_pt` varchar(100) COLLATE utf8mb4_unicode_ci NOT NULL,
  `pro_description_en` varchar(100) COLLATE utf8mb4_unicode_ci DEFAULT NULL,
  `pro_description_es` varchar(100) COLLATE utf8mb4_unicode_ci DEFAULT NULL,
  `pro_description_fr` varchar(100) COLLATE utf8mb4_unicode_ci DEFAULT NULL,
  `pro_info_pt` longtext COLLATE utf8mb4_unicode_ci,
  `pro_info_en` longtext COLLATE utf8mb4_unicode_ci,
  `pro_info_es` longtext COLLATE utf8mb4_unicode_ci,
  `pro_info_fr` longtext COLLATE utf8mb4_unicode_ci,
  `pro_cat_id` bigint UNSIGNED NOT NULL,
  `pro_vatrate_id` bigint UNSIGNED NOT NULL,
  `pro_img` varchar(100) COLLATE utf8mb4_unicode_ci DEFAULT NULL,
  `pro_type` enum('Normal','Vegetariano') COLLATE utf8mb4_unicode_ci NOT NULL DEFAULT 'Normal',
  `pro_highlight` tinyint(1) NOT NULL DEFAULT '0',
  `pro_visible` tinyint(1) NOT NULL DEFAULT '1',
  `pro_deleted` tinyint(1) NOT NULL DEFAULT '0',
  `pro_views` int NOT NULL DEFAULT '0',
  `pro_country_code` varchar(5) COLLATE utf8mb4_unicode_ci NOT NULL DEFAULT 'PT',
  `created_at` timestamp NULL DEFAULT NULL,
  `updated_at` timestamp NULL DEFAULT NULL,
  PRIMARY KEY (`pro_id`),
  UNIQUE KEY `products_pro_slug_unique` (`pro_slug`),
  KEY `products_pro_cat_id_foreign` (`pro_cat_id`),
  KEY `products_pro_vatrate_id_foreign` (`pro_vatrate_id`),
  KEY `products_pro_pack_id_foreign` (`pro_pack_id`)
) ENGINE=MyISAM AUTO_INCREMENT=1773 DEFAULT CHARSET=utf8mb4 COLLATE=utf8mb4_unicode_ci;

--
-- Extraindo dados da tabela `products`
--

INSERT INTO `products` (`pro_id`, `pro_pack_id`, `pro_typemeal_id`, `pro_slug`, `pro_description_pt`, `pro_description_en`, `pro_description_es`, `pro_description_fr`, `pro_info_pt`, `pro_info_en`, `pro_info_es`, `pro_info_fr`, `pro_cat_id`, `pro_vatrate_id`, `pro_img`, `pro_type`, `pro_highlight`, `pro_visible`, `pro_deleted`, `pro_views`, `pro_country_code`, `created_at`, `updated_at`) VALUES
(1622, NULL, NULL, 'sopa-1', 'Sopa 1', 'Sopa', 'Sopa', 'Sopa', '', '', '', '', 144, 3231394, '20240215104536pm.jpg', 'Normal', 0, 1, 1, 0, 'PT', '2026-02-16 16:19:21', '2026-02-16 16:19:21'),
(1623, NULL, NULL, '5-refeicoes', '5 Refeições', '5 Meals', '5 Comidas', '5 Repas', '', '', '', '', 145, 3231394, '20240301032932pm.jpg', 'Normal', 0, 1, 1, 0, 'PT', '2026-02-16 16:19:21', '2026-02-16 16:19:21'),
(1648, NULL, NULL, '5-refeicoes-vegetariano', '5 Refeições Vegetariano', '5 Vegetarian Meals', '5 comidas vegetarianas', '5 repas végétariens', '', '', '', '', 145, 3231394, '20240328102930am.jpg', 'Vegetariano', 0, 1, 1, 0, 'PT', '2026-02-16 16:19:21', '2026-02-16 16:19:21'),
(1656, NULL, NULL, '1voucher-5-refeicoes-fit-340g', '1Voucher 5 Refeições | Fit (340g)', 'Voucher 5 Meals | Fit (340g)', 'Voucher 5 Comidas | Fit (340g)', 'Voucher 5 Repas | Fit (340g)', '', '', '', '', 1, 3231394, '20240301032932pm.jpg', 'Normal', 0, 1, 1, 0, 'PT', '2026-02-16 16:19:21', '2026-02-16 16:19:21'),
(1657, NULL, NULL, '1voucher-5-refeicoes-vegetariano-fit-340g', '1Voucher 5 Refeições Vegetariano | Fit (340g)', 'Voucher 5 Vegetarian Meals | Fit (340g)', 'Voucher 5 comidas vegetarianas | Fit (340g)', 'Voucher 5 repas végétariens | Fit (340g)', '', '', '', '', 1, 3231394, '20240405113559am.jpg', 'Vegetariano', 0, 1, 1, 0, 'PT', '2026-02-16 16:19:21', '2026-02-16 16:19:21'),
(1658, NULL, NULL, 'caldo-verde-1', 'Caldo Verde 1', 'Green soup', 'Caldo verde', 'Bouillon vert', '', '', '', '', 2, 3231394, '20240410114214pm.jpg', 'Normal', 0, 1, 1, 0, 'PT', '2026-02-16 16:19:21', '2026-02-16 16:19:21'),
(1659, NULL, NULL, 'canja-de-galinha', 'Canja de Galinha', 'Chicken soup', 'Sopa de pollo', 'Soupe de poulet', '', '', '', '', 2, 3231394, '20240410114841pm.jpg', 'Normal', 0, 1, 1, 0, 'PT', '2026-02-16 16:19:21', '2026-02-16 16:19:21'),
(1660, NULL, NULL, 'sopa-de-legumes-com-agriao', 'Sopa de legumes com agrião', 'Vegetable soup with watercress', 'Sopa de verduras con berros', 'Soupe de légumes au cresson', '', '', '', '', 2, 3231394, '20240410115155pm.jpg', 'Normal', 0, 1, 1, 0, 'PT', '2026-02-16 16:19:21', '2026-02-16 16:19:21'),
(1661, NULL, NULL, 'sopa-de-legumes-com-macarrao', 'Sopa de legumes com macarrão', 'Vegetable soup with noodles', 'Sopa de verduras con fideos', 'Soupe de légumes avec nouilles', '', '', '', '', 2, 3231394, '20240411120929am.jpg', 'Normal', 0, 0, 1, 0, 'PT', '2026-02-16 16:19:21', '2026-02-16 16:19:21'),
(1662, NULL, NULL, 'sopa-de-legumes-com-macarrao-1', 'Sopa de legumes com macarrão', 'Vegetable soup with noodles', 'Sopa de verduras con fideos', 'Soupe de légumes avec nouilles', '', '', '', '', 2, 3231394, '20240411121009am.jpg', 'Normal', 0, 1, 1, 0, 'PT', '2026-02-16 16:19:21', '2026-02-16 16:19:21'),
(1667, NULL, NULL, 'bolo-de-bolacha', 'Bolo de Bolacha', 'Biscuit cake', 'Tarta de galletas', 'Gâteau aux biscuits', '', '', '', '', 3, 3231394, '20240411061937pm.jpg', 'Normal', 0, 1, 1, 0, 'PT', '2026-02-16 16:19:21', '2026-02-16 16:19:21'),
(1668, NULL, NULL, 'natas-do-ceu', 'Natas do Céu', 'Cream of heaven ', 'Crema del cielo ', 'Crème de paradis ', '', '', '', '', 3, 3231394, '20240411062627pm.jpg', 'Normal', 0, 1, 1, 0, 'PT', '2026-02-16 16:19:21', '2026-02-16 16:19:21'),
(1669, NULL, NULL, 'coca-cola', 'Coca-Cola', 'Coca-Cola', 'Coca-Cola', 'Coca-Cola', '', '', '', '', 4, 3231384, '20240411065041pm.jpg', 'Normal', 0, 1, 1, 0, 'PT', '2026-02-16 16:19:21', '2026-02-16 16:19:21'),
(1670, NULL, NULL, 'coca-cola-zero', 'Coca-Cola Zero', 'Coca-Cola Zero', 'Coca-Cola Zero', 'Coca-Cola Zero', '', '', '', '', 4, 3231384, '20240411065227pm.jpg', 'Normal', 0, 1, 1, 0, 'PT', '2026-02-16 16:19:21', '2026-02-16 16:19:21'),
(1671, NULL, NULL, 'sumol', 'Sumol', 'Sumol', 'Sumol', 'Sumol', '', '', '', '', 4, 3231384, '20240411065325pm.jpg', 'Normal', 0, 1, 1, 0, 'PT', '2026-02-16 16:19:21', '2026-02-16 16:19:21'),
(1672, NULL, NULL, 'fanta', 'Fanta', 'Fanta', 'Fanta', 'Fanta', '', '', '', '', 4, 3231384, '20240411065400pm.jpg', 'Normal', 0, 1, 1, 0, 'PT', '2026-02-16 16:19:21', '2026-02-16 16:19:21'),
(1673, NULL, NULL, '5-refeicoes-1', '5 Refeições', '5 Meals', '5 Comidas', '5 Repas', '', '', '', '', 146, 2688261, '20240508020649pm.jpg', 'Normal', 0, 1, 0, 0, 'PT', '2026-02-16 16:19:21', '2026-02-16 17:37:03'),
(1674, NULL, NULL, '5-refeicoes-vegetariano-1', '5 Refeições Vegetariano', '5 Vegetarian Meals', '5 Comidas Vegetarianas', '5 Repas Végétariens', '', '', '', '', 146, 2688261, '20240508023143pm.jpg', 'Vegetariano', 0, 1, 0, 0, 'PT', '2026-02-16 16:19:21', '2026-02-16 16:19:21'),
(1675, NULL, NULL, '7-refeicoes', '7 Refeições', '7 Meals', '7 Comidas', '7 Repas', '', '', '', '', 147, 2688261, '20240508024124pm.jpg', 'Normal', 0, 1, 0, 0, 'PT', '2026-02-16 16:19:21', '2026-02-16 16:19:21'),
(1676, NULL, NULL, '10-refeicoes', '10 Refeições', '10 Meals', '10 Comidas', '10 Repas', '', '', '', '', 148, 2688261, '20240508100809pm.jpg', 'Normal', 0, 1, 0, 0, 'PT', '2026-02-16 16:19:21', '2026-02-16 16:19:21'),
(1677, NULL, NULL, '10-refeicoes-vegetariano', '10 Refeições Vegetariano', '10 Vegetarian Meals', '10 Comidas Vegetarianas', '10 Repas Végétariens', '', '', '', '', 148, 2688261, '20240508101029pm.jpg', 'Vegetariano', 0, 1, 0, 0, 'PT', '2026-02-16 16:19:21', '2026-02-16 16:19:21'),
(1678, NULL, NULL, '15-refeicoes', '15 Refeições', '15 Meals', '15 Comidas', '15 Repas', '', '', '', '', 149, 2688261, '20240508101220pm.jpg', 'Normal', 0, 1, 0, 0, 'PT', '2026-02-16 16:19:21', '2026-02-16 16:19:21'),
(1679, NULL, NULL, '15-refeicoes-vegetariano', '15 Refeições Vegetariano', '15 Vegetarian Meals', '15 Comidas Vegetarianas', '15 Repas Végétariens', '', '', '', '', 149, 2688261, '20240508101336pm.jpg', 'Vegetariano', 0, 1, 0, 0, 'PT', '2026-02-16 16:19:21', '2026-02-16 16:19:21'),
(1680, NULL, NULL, '20-refeicoes', '20 Refeições', '20 Meals', '20 Comidas', '20 Repas', '', '', '', '', 150, 2688261, '20240508101526pm.jpg', 'Normal', 0, 1, 0, 0, 'PT', '2026-02-16 16:19:21', '2026-02-16 16:19:21'),
(1681, NULL, NULL, '20-refeicoes-vegetariano', '20 Refeições Vegetariano', '20 Vegetarian Meals', '20 Comidas Vegetarianas', '20 Repas Végétariens', '', '', '', '', 150, 2688261, '20240508101627pm.jpg', 'Vegetariano', 0, 1, 0, 0, 'PT', '2026-02-16 16:19:21', '2026-02-16 16:19:21'),
(1682, NULL, NULL, '30-refeicoes', '30 Refeições', '30 Meals', '30 Comidas', '30 Repas', '', '', '', '', 151, 2688261, '20240508101802pm.jpg', 'Normal', 0, 1, 0, 0, 'PT', '2026-02-16 16:19:21', '2026-02-16 16:19:21'),
(1683, NULL, NULL, '30-refeicoes-vegetariano', '30 Refeições Vegetariano', '30 Vegetarian Meals', '30 Comidas Vegetarianas', '30 Repas Végétariens', '', '', '', '', 151, 2688261, '20240508101908pm.jpg', 'Vegetariano', 0, 1, 0, 0, 'PT', '2026-02-16 16:19:21', '2026-02-16 16:19:21'),
(1684, NULL, NULL, '60-refeicoes', '60 Refeições', '60 Meals', '60 Comidas', '60 Repas', '', '', '', '', 152, 2688261, '20240508102143pm.jpg', 'Normal', 0, 1, 0, 0, 'PT', '2026-02-16 16:19:21', '2026-02-16 16:19:21'),
(1685, NULL, NULL, '60-refeicoes-vegetariano', '60 Refeições Vegetariano', '60 Vegetarian Meals', '60 Comidas Vegetarianas', '60 Repas Végétariens', '', '', '', '', 152, 2688261, '20240508102238pm.jpg', 'Normal', 0, 1, 0, 0, 'PT', '2026-02-16 16:19:21', '2026-02-16 16:19:21'),
(1687, NULL, NULL, 'voucher-5-refeicoes-fit-340g', 'Voucher 5 Refeições | Fit (340g)', 'Voucher 5 Meals | Fit (340g)', 'Voucher 5 Comidas | Fit (340g)', 'Voucher 5 Repas | Fit (340g)', '', '', '', '', 1, 2688261, '20240508020649pm.jpg', 'Normal', 0, 1, 1, 0, 'PT', '2026-02-16 16:19:21', '2026-02-16 16:19:21'),
(1688, NULL, NULL, 'voucher-10-refeicoes-fit-340g', 'Voucher 10 Refeições | Fit (340g)', 'Voucher 10 Meals | Fit (340g)', 'Voucher 10 Comidas | Fit (340g)', 'Voucher 10 Repas | Fit (340g)', '', '', '', '', 1, 2688261, '20240508100809pm.jpg', 'Normal', 0, 1, 0, 0, 'PT', '2026-02-16 16:19:21', '2026-02-16 16:19:21'),
(1689, NULL, NULL, 'voucher-20-refeicoes-fit-340g', 'Voucher 20 Refeições | Fit (340g)', 'Voucher 20 Meals | Fit (340g)', 'Voucher 20 Comidas | Fit (340g)', 'Voucher 20 Repas | Fit (340g)', '', '', '', '', 1, 2688261, '20240508101526pm.jpg', 'Normal', 0, 1, 1, 0, 'PT', '2026-02-16 16:19:21', '2026-02-16 16:19:21'),
(1690, NULL, NULL, 'voucher-30-refeicoes-fit-340g', 'Voucher 30 Refeições | Fit (340g)', 'Voucher 30 Meals | Fit (340g)', 'Voucher 30 Comidas | Fit (340g)', 'Voucher 30 Repas | Fit (340g)', '', '', '', '', 1, 2688261, '20240508101802pm.jpg', 'Normal', 0, 1, 1, 0, 'PT', '2026-02-16 16:19:21', '2026-02-16 16:19:21'),
(1691, NULL, NULL, 'voucher-30-refeicoes-vegetariano-fit-340g', 'Voucher 30 Refeições Vegetariano | Fit (340g)', 'Voucher 30 Vegetarian Meals | Fit (340g)', 'Voucher 30 Comidas Vegetarianas | Fit (340g)', 'Voucher 30 Repas Végétariens | Fit (340g)', '', '', '', '', 1, 2688261, '20240508101908pm.jpg', 'Vegetariano', 0, 1, 1, 0, 'PT', '2026-02-16 16:19:21', '2026-02-16 16:19:21'),
(1692, NULL, NULL, 'voucher-60-refeicoes-fit-340g', 'Voucher 60 Refeições | Fit (340g)', 'Voucher 60 Meals | Fit (340g)', 'Voucher 60 Comidas | Fit (340g)', 'Voucher 60 Repas | Fit (340g)', '', '', '', '', 1, 2688261, '20240508102143pm.jpg', 'Normal', 0, 1, 1, 0, 'PT', '2026-02-16 16:19:21', '2026-02-16 16:19:21'),
(1693, NULL, NULL, 'voucher-15-refeicoes-fit-340g', 'Voucher 15 Refeições | Fit (340g)', 'Voucher 15 Meals | Fit (340g)', 'Voucher 15 Comidas | Fit (340g)', 'Voucher 15 Repas | Fit (340g)', '', '', '', '', 1, 2688261, '20240508101220pm.jpg', 'Normal', 0, 1, 1, 0, 'PT', '2026-02-16 16:19:21', '2026-02-16 16:19:21'),
(1694, NULL, NULL, 'voucher-10-refeicoes-zero-carb-300g', 'Voucher 10 Refeições | Zero Carb (300g)', 'Voucher 10 Meals | Zero Carb (300g)', 'Voucher 10 Comidas | Zero Carb (300g)', 'Voucher 10 Repas | Zero Carb (300g)', '', '', '', '', 1, 2688261, '20240508100809pm.jpg', 'Normal', 0, 1, 0, 0, 'PT', '2026-02-16 16:19:21', '2026-02-16 16:19:21'),
(1695, NULL, NULL, 'voucher-10-refeicoes-low-carb-270g', 'Voucher 10 Refeições | Low Carb (270g)', 'Voucher 10 Meals | Low Carb (270g)', 'Voucher 10 Comidas | Low Carb (270g)', 'Voucher 10 Repas | Low Carb (270g)', '', '', '', '', 1, 2688261, '20240508100809pm.jpg', 'Normal', 0, 1, 0, 0, 'PT', '2026-02-16 16:19:21', '2026-02-16 16:19:21'),
(1696, NULL, NULL, 'voucher-10-refeicoes-xl-550g', 'Voucher 10 Refeições | XL (550g)', 'Voucher 10 Meals | XL (550g)', 'Voucher 10 Comidas | XL (550g)', 'Voucher 10 Repas | XL (550g)', '', '', '', '', 1, 2688261, '20240508100809pm.jpg', 'Normal', 0, 1, 0, 0, 'PT', '2026-02-16 16:19:21', '2026-02-16 16:19:21'),
(1697, NULL, NULL, 'voucher-10-refeicoes-vegetariano-zero-carb-300g', 'Voucher 10 Refeições Vegetariano | Zero Carb (300g', 'Voucher 10 Vegetarian Meals | Zero Carb (300g)', 'Voucher 10 Comidas Vegetarianas | Zero Carb (300g)', 'Voucher 10 Repas Végétariens | Zero Carb (300g)', '', '', '', '', 1, 2688261, '20240508101029pm.jpg', 'Vegetariano', 0, 1, 1, 0, 'PT', '2026-02-16 16:19:21', '2026-02-16 16:19:21'),
(1698, NULL, NULL, 'voucher-10-refeicoes-vegetariano-low-carb-270g', 'Voucher 10 Refeições Vegetariano | Low Carb (270g)', 'Voucher 10 Vegetarian Meals | Low Carb (270g)', 'Voucher 10 Comidas Vegetarianas | Low Carb (270g)', 'Voucher 10 Repas Végétariens | Low Carb (270g)', '', '', '', '', 1, 2688261, '20240508101029pm.jpg', 'Vegetariano', 0, 1, 1, 0, 'PT', '2026-02-16 16:19:21', '2026-02-16 16:19:21'),
(1699, NULL, NULL, 'voucher-10-refeicoes-vegetariano-fit-340g', 'Voucher 10 Refeições Vegetariano | Fit (340g)', 'Voucher 10 Vegetarian Meals | Fit (340g)', 'Voucher 10 Comidas Vegetarianas | Fit (340g)', 'Voucher 10 Repas Végétariens | Fit (340g)', '', '', '', '', 1, 2688261, '20240508101029pm.jpg', 'Vegetariano', 0, 1, 1, 0, 'PT', '2026-02-16 16:19:21', '2026-02-16 16:19:21'),
(1700, NULL, NULL, 'voucher-10-refeicoes-vegetariano-xl-550g', 'Voucher 10 Refeições Vegetariano | XL (550g)', 'Voucher 10 Vegetarian Meals | XL (550g)', 'Voucher 10 Comidas Vegetarianas | XL (550g)', 'Voucher 10 Repas Végétariens | XL (550g)', '', '', '', '', 1, 2688261, '20240508101029pm.jpg', 'Vegetariano', 0, 1, 1, 0, 'PT', '2026-02-16 16:19:21', '2026-02-16 16:19:21'),
(1701, NULL, NULL, 'voucher-15-refeicoes-zero-carb-300g', 'Voucher 15 Refeições | Zero Carb (300g)', 'Voucher 15 Meals | Zero Carb (300g)', 'Voucher 15 Comidas | Zero Carb (300g)', 'Voucher 15 Repas | Zero Carb (300g)', '', '', '', '', 1, 2688261, '20240508101220pm.jpg', 'Normal', 0, 1, 1, 0, 'PT', '2026-02-16 16:19:21', '2026-02-16 16:19:21'),
(1702, NULL, NULL, 'voucher-15-refeicoes-low-carb-270g', 'Voucher 15 Refeições | Low Carb (270g)', 'Voucher 15 Meals | Low Carb (270g)', 'Voucher 15 Comidas | Low Carb (270g)', 'Voucher 15 Repas | Low Carb (270g)', '', '', '', '', 1, 2688261, '20240508101220pm.jpg', 'Normal', 0, 1, 1, 0, 'PT', '2026-02-16 16:19:21', '2026-02-16 16:19:21'),
(1703, NULL, NULL, 'voucher-15-refeicoes-xl-550g', 'Voucher 15 Refeições | XL (550g)', 'Voucher 15 Meals | XL (550g)', 'Voucher 15 Comidas | XL (550g)', 'Voucher 15 Repas | XL (550g)', '', '', '', '', 1, 2688261, '20240508101220pm.jpg', 'Normal', 0, 1, 1, 0, 'PT', '2026-02-16 16:19:21', '2026-02-16 16:19:21'),
(1704, NULL, NULL, 'voucher-15-refeicoes-vegetariano-zero-carb-300g', 'Voucher 15 Refeições Vegetariano | Zero Carb (300g', 'Voucher 15 Vegetarian Meals | Zero Carb (300g)', 'Voucher 15 Comidas Vegetarianas | Zero Carb (300g)', 'Voucher 15 Repas Végétariens | Zero Carb (300g)', '', '', '', '', 1, 2688261, '20240508101336pm.jpg', 'Vegetariano', 0, 1, 1, 0, 'PT', '2026-02-16 16:19:21', '2026-02-16 16:19:21'),
(1705, NULL, NULL, 'voucher-15-refeicoes-vegetariano-low-carb-270g', 'Voucher 15 Refeições Vegetariano | Low Carb (270g)', 'Voucher 15 Vegetarian Meals | Low Carb (270g)', 'Voucher 15 Comidas Vegetarianas | Low Carb (270g)', 'Voucher 15 Repas Végétariens | Low Carb (270g)', '', '', '', '', 1, 2688261, '20240508101336pm.jpg', 'Vegetariano', 0, 1, 1, 0, 'PT', '2026-02-16 16:19:21', '2026-02-16 16:19:21'),
(1706, NULL, NULL, 'voucher-15-refeicoes-vegetariano-fit-340g', 'Voucher 15 Refeições Vegetariano | Fit (340g)', 'Voucher 15 Vegetarian Meals | Fit (340g)', 'Voucher 15 Comidas Vegetarianas | Fit (340g)', 'Voucher 15 Repas Végétariens | Fit (340g)', '', '', '', '', 1, 2688261, '20240508101336pm.jpg', 'Vegetariano', 0, 1, 1, 0, 'PT', '2026-02-16 16:19:21', '2026-02-16 16:19:21'),
(1707, NULL, NULL, 'voucher-15-refeicoes-vegetariano-xl-550g', 'Voucher 15 Refeições Vegetariano | XL (550g)', 'Voucher 15 Vegetarian Meals | XL (550g)', 'Voucher 15 Comidas Vegetarianas | XL (550g)', 'Voucher 15 Repas Végétariens | XL (550g)', '', '', '', '', 1, 2688261, '20240508101336pm.jpg', 'Vegetariano', 0, 1, 1, 0, 'PT', '2026-02-16 16:19:21', '2026-02-16 16:19:21'),
(1708, NULL, NULL, 'voucher-20-refeicoes-zero-carb-300g', 'Voucher 20 Refeições | Zero Carb (300g)', 'Voucher 20 Meals | Zero Carb (300g)', 'Voucher 20 Comidas | Zero Carb (300g)', 'Voucher 20 Repas | Zero Carb (300g)', '', '', '', '', 1, 2688261, '20240508101526pm.jpg', 'Normal', 0, 1, 0, 0, 'PT', '2026-02-16 16:19:21', '2026-02-16 16:19:21'),
(1709, NULL, NULL, 'voucher-20-refeicoes-low-carb-270g', 'Voucher 20 Refeições | Low Carb (270g)', 'Voucher 20 Meals | Low Carb (270g)', 'Voucher 20 Comidas | Low Carb (270g)', 'Voucher 20 Repas | Low Carb (270g)', '', '', '', '', 1, 2688261, '20240508101526pm.jpg', 'Normal', 0, 1, 0, 0, 'PT', '2026-02-16 16:19:21', '2026-02-16 16:19:21'),
(1710, NULL, NULL, 'voucher-20-refeicoes-xl-550g', 'Voucher 20 Refeições | XL (550g)', 'Voucher 20 Meals | XL (550g)', 'Voucher 20 Comidas | XL (550g)', 'Voucher 20 Repas | XL (550g)', '', '', '', '', 1, 2688261, '20240508101526pm.jpg', 'Normal', 0, 1, 0, 0, 'PT', '2026-02-16 16:19:21', '2026-02-16 16:19:21'),
(1711, NULL, NULL, 'voucher-20-refeicoes-vegetariano-zero-carb-300g', 'Voucher 20 Refeições Vegetariano | Zero Carb (300g', 'Voucher 20 Vegetarian Meals | Zero Carb (300g)', 'Voucher 20 Comidas Vegetarianas | Zero Carb (300g)', 'Voucher 20 Repas Végétariens | Zero Carb (300g)', '', '', '', '', 1, 2688261, '20240508101627pm.jpg', 'Vegetariano', 0, 1, 1, 0, 'PT', '2026-02-16 16:19:21', '2026-02-16 16:19:21'),
(1712, NULL, NULL, 'voucher-20-refeicoes-vegetariano-low-carb-270g', 'Voucher 20 Refeições Vegetariano | Low Carb (270g)', 'Voucher 20 Vegetarian Meals | Low Carb (270g)', 'Voucher 20 Comidas Vegetarianas | Low Carb (270g)', 'Voucher 20 Repas Végétariens | Low Carb (270g)', '', '', '', '', 1, 2688261, '20240508101627pm.jpg', 'Vegetariano', 0, 1, 1, 0, 'PT', '2026-02-16 16:19:21', '2026-02-16 16:19:21'),
(1713, NULL, NULL, 'voucher-20-refeicoes-vegetariano-fit-340g', 'Voucher 20 Refeições Vegetariano | Fit (340g)', 'Voucher 20 Vegetarian Meals | Fit (340g)', 'Voucher 20 Comidas Vegetarianas | Fit (340g)', 'Voucher 20 Repas Végétariens | Fit (340g)', '', '', '', '', 1, 2688261, '20240508101627pm.jpg', 'Vegetariano', 0, 1, 1, 0, 'PT', '2026-02-16 16:19:21', '2026-02-16 16:19:21'),
(1714, NULL, NULL, 'voucher-20-refeicoes-vegetariano-xl-550g', 'Voucher 20 Refeições Vegetariano | XL (550g)', 'Voucher 20 Vegetarian Meals | XL (550g)', 'Voucher 20 Comidas Vegetarianas | XL (550g)', 'Voucher 20 Repas Végétariens | XL (550g)', '', '', '', '', 1, 2688261, '20240508101627pm.jpg', 'Vegetariano', 0, 1, 1, 0, 'PT', '2026-02-16 16:19:21', '2026-02-16 16:19:21'),
(1715, NULL, NULL, 'voucher-30-refeicoes-zero-carb-300g', 'Voucher 30 Refeições | Zero Carb (300g)', 'Voucher 30 Meals | Zero Carb (300g)', 'Voucher 30 Comidas | Zero Carb (300g)', 'Voucher 30 Repas | Zero Carb (300g)', '', '', '', '', 1, 2688261, '20240508101802pm.jpg', 'Normal', 0, 1, 0, 0, 'PT', '2026-02-16 16:19:21', '2026-02-16 16:19:21'),
(1716, NULL, NULL, 'voucher-30-refeicoes-low-carb-270g', 'Voucher 30 Refeições | Low Carb (270g)', 'Voucher 30 Meals | Low Carb (270g)', 'Voucher 30 Comidas | Low Carb (270g)', 'Voucher 30 Repas | Low Carb (270g)', '', '', '', '', 1, 2688261, '20240508101802pm.jpg', 'Normal', 0, 1, 0, 0, 'PT', '2026-02-16 16:19:21', '2026-02-16 16:19:21'),
(1717, NULL, NULL, 'voucher-30-refeicoes-xl-550g', 'Voucher 30 Refeições | XL (550g)', 'Voucher 30 Meals | XL (550g)', 'Voucher 30 Comidas | XL (550g)', 'Voucher 30 Repas | XL (550g)', '', '', '', '', 1, 2688261, '20240508101802pm.jpg', 'Normal', 0, 1, 0, 0, 'PT', '2026-02-16 16:19:21', '2026-02-16 16:19:21'),
(1718, NULL, NULL, 'voucher-30-refeicoes-vegetariano-zero-carb-300g', 'Voucher 30 Refeições Vegetariano | Zero Carb (300g', 'Voucher 30 Vegetarian Meals | Zero Carb (300g)', 'Voucher 30 Comidas Vegetarianas | Zero Carb (300g)', 'Voucher 30 Repas Végétariens | Zero Carb (300g)', '', '', '', '', 1, 2688261, '20240508101908pm.jpg', 'Vegetariano', 0, 1, 1, 0, 'PT', '2026-02-16 16:19:21', '2026-02-16 16:19:21'),
(1719, NULL, NULL, 'voucher-30-refeicoes-vegetariano-low-carb-270g', 'Voucher 30 Refeições Vegetariano | Low Carb (270g)', 'Voucher 30 Vegetarian Meals | Low Carb (270g)', 'Voucher 30 Comidas Vegetarianas | Low Carb (270g)', 'Voucher 30 Repas Végétariens | Low Carb (270g)', '', '', '', '', 1, 2688261, '20240508101908pm.jpg', 'Vegetariano', 0, 1, 1, 0, 'PT', '2026-02-16 16:19:22', '2026-02-16 16:19:22'),
(1720, NULL, NULL, 'voucher-30-refeicoes-vegetariano-xl-550g', 'Voucher 30 Refeições Vegetariano | XL (550g)', 'Voucher 30 Vegetarian Meals | XL (550g)', 'Voucher 30 Comidas Vegetarianas | XL (550g)', 'Voucher 30 Repas Végétariens | XL (550g)', '', '', '', '', 1, 2688261, '20240508101908pm.jpg', 'Vegetariano', 0, 1, 1, 0, 'PT', '2026-02-16 16:19:22', '2026-02-16 16:19:22'),
(1721, NULL, NULL, 'voucher-5-refeicoes-zero-carb-300g', 'Voucher 5 Refeições | Zero Carb (300g)', 'Voucher 5 Meals | Zero Carb (300g)', 'Voucher 5 Comidas | Zero Carb (300g)', 'Voucher 5 Repas | Zero Carb (300g)', '', '', '', '', 1, 2688261, '20240508020649pm.jpg', 'Normal', 0, 1, 0, 0, 'PT', '2026-02-16 16:19:22', '2026-02-16 16:19:22'),
(1722, NULL, NULL, 'voucher-5-refeicoes-low-carb-270g', 'Voucher 5 Refeições | Low Carb (270g)', 'Voucher 5 Meals | Low Carb (270g)', 'Voucher 5 Comidas | Low Carb (270g)', 'Voucher 5 Repas | Low Carb (270g)', '', '', '', '', 1, 2688261, '20240508020649pm.jpg', 'Normal', 0, 1, 0, 0, 'PT', '2026-02-16 16:19:22', '2026-02-16 16:19:22'),
(1723, NULL, NULL, 'voucher-5-refeicoes-xl-550g', 'Voucher 5 Refeições | XL (550g)', 'Voucher 5 Meals | XL (550g)', 'Voucher 5 Comidas | XL (550g)', 'Voucher 5 Repas | XL (550g)', '', '', '', '', 1, 2688261, '20240508020649pm.jpg', 'Normal', 0, 1, 0, 0, 'PT', '2026-02-16 16:19:22', '2026-02-16 16:19:22'),
(1724, NULL, NULL, 'voucher-5-refeicoes-vegetariano-zero-carb-300g', 'Voucher 5 Refeições Vegetariano | Zero Carb (300g)', 'Voucher 5 Vegetarian Meals | Zero Carb (300g)', 'Voucher 5 Comidas Vegetarianas | Zero Carb (300g)', 'Voucher 5 Repas Végétariens | Zero Carb (300g)', '', '', '', '', 1, 2688261, '20240508023143pm.jpg', 'Vegetariano', 0, 1, 1, 0, 'PT', '2026-02-16 16:19:22', '2026-02-16 16:19:22'),
(1725, NULL, NULL, 'voucher-5-refeicoes-vegetariano-low-carb-270g', 'Voucher 5 Refeições Vegetariano | Low Carb (270g)', 'Voucher 5 Vegetarian Meals | Low Carb (270g)', 'Voucher 5 Comidas Vegetarianas | Low Carb (270g)', 'Voucher 5 Repas Végétariens | Low Carb (270g)', '', '', '', '', 1, 2688261, '20240508023143pm.jpg', 'Vegetariano', 0, 1, 1, 0, 'PT', '2026-02-16 16:19:22', '2026-02-16 16:19:22'),
(1726, NULL, NULL, 'voucher-5-refeicoes-vegetariano-fit-340g', 'Voucher 5 Refeições Vegetariano | Fit (340g)', 'Voucher 5 Vegetarian Meals | Fit (340g)', 'Voucher 5 Comidas Vegetarianas | Fit (340g)', 'Voucher 5 Repas Végétariens | Fit (340g)', '', '', '', '', 1, 2688261, '20240508023143pm.jpg', 'Vegetariano', 0, 1, 1, 0, 'PT', '2026-02-16 16:19:22', '2026-02-16 16:19:22'),
(1727, NULL, NULL, 'voucher-5-refeicoes-vegetariano-xl-550g', 'Voucher 5 Refeições Vegetariano | XL (550g)', 'Voucher 5 Vegetarian Meals | XL (550g)', 'Voucher 5 Comidas Vegetarianas | XL (550g)', 'Voucher 5 Repas Végétariens | XL (550g)', '', '', '', '', 1, 2688261, '20240508023143pm.jpg', 'Vegetariano', 0, 1, 1, 0, 'PT', '2026-02-16 16:19:22', '2026-02-16 16:19:22'),
(1728, NULL, NULL, 'voucher-7-refeicoes-zero-carb-300g', 'Voucher 7 Refeições | Zero Carb (300g)', 'Voucher 7 Meals | Zero Carb (300g)', 'Voucher 7 Comidas | Zero Carb (300g)', 'Voucher 7 Repas | Zero Carb (300g)', '', '', '', '', 1, 2688261, '20240508024124pm.jpg', 'Normal', 0, 1, 0, 0, 'PT', '2026-02-16 16:19:22', '2026-02-16 16:19:22'),
(1729, NULL, NULL, 'voucher-7-refeicoes-low-carb-270g', 'Voucher 7 Refeições | Low Carb (270g)', 'Voucher 7 Meals | Low Carb (270g)', 'Voucher 7 Comidas | Low Carb (270g)', 'Voucher 7 Repas | Low Carb (270g)', '', '', '', '', 1, 2688261, '20240508024124pm.jpg', 'Normal', 0, 1, 0, 0, 'PT', '2026-02-16 16:19:22', '2026-02-16 16:19:22'),
(1730, NULL, NULL, 'voucher-7-refeicoes-fit-340g', 'Voucher 7 Refeições | Fit (340g)', 'Voucher 7 Meals | Fit (340g)', 'Voucher 7 Comidas | Fit (340g)', 'Voucher 7 Repas | Fit (340g)', '', '', '', '', 1, 2688261, '20240508024124pm.jpg', 'Normal', 0, 1, 0, 0, 'PT', '2026-02-16 16:19:22', '2026-02-16 16:19:22'),
(1731, NULL, NULL, 'voucher-7-refeicoes-xl-550g', 'Voucher 7 Refeições | XL (550g)', 'Voucher 7 Meals | XL (550g)', 'Voucher 7 Comidas | XL (550g)', 'Voucher 7 Repas | XL (550g)', '', '', '', '', 1, 2688261, '20240508024124pm.jpg', 'Normal', 0, 1, 0, 0, 'PT', '2026-02-16 16:19:22', '2026-02-16 16:19:22'),
(1732, NULL, NULL, 'voucher-10-refeicoes-vegetariano-zero-carb-300g-1', 'Voucher 10 Refeições Vegetariano | Zero Carb (300g', 'Voucher 10 Vegetarian Meals | Zero Carb (300g)', 'Voucher 10 Comidas Vegetarianas | Zero Carb (300g)', 'Voucher 10 Repas Végétariens | Zero Carb (300g)', '', '', '', '', 1, 2688261, '20240508101029pm.jpg', 'Vegetariano', 0, 1, 1, 0, 'PT', '2026-02-16 16:19:22', '2026-02-16 16:19:22'),
(1733, NULL, NULL, 'voucher-15-refeicoes-vegetariano-zero-carb-300g-1', 'Voucher 15 Refeições Vegetariano | Zero Carb (300g', 'Voucher 15 Vegetarian Meals | Zero Carb (300g)', 'Voucher 15 Comidas Vegetarianas | Zero Carb (300g)', 'Voucher 15 Repas Végétariens | Zero Carb (300g)', '', '', '', '', 1, 2688261, '20240508101336pm.jpg', 'Vegetariano', 0, 1, 1, 0, 'PT', '2026-02-16 16:19:22', '2026-02-16 16:19:22'),
(1734, NULL, NULL, 'voucher-20-refeicoes-vegetariano-zero-carb-300g-1', 'Voucher 20 Refeições Vegetariano | Zero Carb (300g', 'Voucher 20 Vegetarian Meals | Zero Carb (300g)', 'Voucher 20 Comidas Vegetarianas | Zero Carb (300g)', 'Voucher 20 Repas Végétariens | Zero Carb (300g)', '', '', '', '', 1, 2688261, '20240508101627pm.jpg', 'Vegetariano', 0, 1, 1, 0, 'PT', '2026-02-16 16:19:22', '2026-02-16 16:19:22'),
(1735, NULL, NULL, 'voucher-30-refeicoes-vegetariano-zero-carb-300g-1', 'Voucher 30 Refeições Vegetariano | Zero Carb (300g', 'Voucher 30 Vegetarian Meals | Zero Carb (300g)', 'Voucher 30 Comidas Vegetarianas | Zero Carb (300g)', 'Voucher 30 Repas Végétariens | Zero Carb (300g)', '', '', '', '', 1, 2688261, '20240508101908pm.jpg', 'Vegetariano', 0, 1, 1, 0, 'PT', '2026-02-16 16:19:22', '2026-02-16 16:19:22'),
(1736, NULL, NULL, 'voucher-10-refeicoes-familia-1300g', 'Voucher 10 Refeições | Família (1300g)', 'Voucher 10 Meals | Family (1300g)', 'Voucher 10 Comidas | Familia (1300g)', 'Voucher 10 Repas | Famille (1300g)', '', '', '', '', 1, 2688261, '20240508100809pm.jpg', 'Normal', 0, 1, 0, 0, 'PT', '2026-02-16 16:19:22', '2026-02-16 16:19:22'),
(1737, NULL, NULL, 'voucher-10-refeicoes-vegetariano-zero-carb-300g-2', 'Voucher 10 Refeições Vegetariano | Zero Carb (300g', 'Voucher 10 Vegetarian Meals | Zero Carb (300g)', 'Voucher 10 Comidas Vegetarianas | Zero Carb (300g)', 'Voucher 10 Repas Végétariens | Zero Carb (300g)', '', '', '', '', 1, 2688261, '20240508101029pm.jpg', 'Vegetariano', 0, 1, 1, 0, 'PT', '2026-02-16 16:19:22', '2026-02-16 16:19:22'),
(1738, NULL, NULL, 'voucher-10-refeicoes-vegetariano-familia-1300g', 'Voucher 10 Refeições Vegetariano | Família (1300g)', 'Voucher 10 Vegetarian Meals | Family (1300g)', 'Voucher 10 Comidas Vegetarianas | Familia (1300g)', 'Voucher 10 Repas Végétariens | Famille (1300g)', '', '', '', '', 1, 2688261, '20240508101029pm.jpg', 'Vegetariano', 0, 1, 1, 0, 'PT', '2026-02-16 16:19:22', '2026-02-16 16:19:22'),
(1739, NULL, NULL, 'voucher-15-refeicoes-familia-1300g', 'Voucher 15 Refeições | Família (1300g)', 'Voucher 15 Meals | Family (1300g)', 'Voucher 15 Comidas | Familia (1300g)', 'Voucher 15 Repas | Famille (1300g)', '', '', '', '', 1, 2688261, '20240508101220pm.jpg', 'Normal', 0, 1, 1, 0, 'PT', '2026-02-16 16:19:22', '2026-02-16 16:19:22'),
(1740, NULL, NULL, 'voucher-15-refeicoes-vegetariano-zero-carb-300g-2', 'Voucher 15 Refeições Vegetariano | Zero Carb (300g', 'Voucher 15 Vegetarian Meals | Zero Carb (300g)', 'Voucher 15 Comidas Vegetarianas | Zero Carb (300g)', 'Voucher 15 Repas Végétariens | Zero Carb (300g)', '', '', '', '', 1, 2688261, '20240508101336pm.jpg', 'Vegetariano', 0, 1, 1, 0, 'PT', '2026-02-16 16:19:22', '2026-02-16 16:19:22'),
(1741, NULL, NULL, 'voucher-15-refeicoes-vegetariano-familia-1300g', 'Voucher 15 Refeições Vegetariano | Família (1300g)', 'Voucher 15 Vegetarian Meals | Family (1300g)', 'Voucher 15 Comidas Vegetarianas | Familia (1300g)', 'Voucher 15 Repas Végétariens | Famille (1300g)', '', '', '', '', 1, 2688261, '20240508101336pm.jpg', 'Vegetariano', 0, 1, 1, 0, 'PT', '2026-02-16 16:19:22', '2026-02-16 16:19:22'),
(1742, NULL, NULL, 'voucher-20-refeicoes-familia-1300g', 'Voucher 20 Refeições | Família (1300g)', 'Voucher 20 Meals | Family (1300g)', 'Voucher 20 Comidas | Familia (1300g)', 'Voucher 20 Repas | Famille (1300g)', '', '', '', '', 1, 2688261, '20240508101526pm.jpg', 'Normal', 0, 1, 1, 0, 'PT', '2026-02-16 16:19:22', '2026-02-16 16:19:22'),
(1743, NULL, NULL, 'voucher-20-refeicoes-vegetariano-zero-carb-300g-2', 'Voucher 20 Refeições Vegetariano | Zero Carb (300g', 'Voucher 20 Vegetarian Meals | Zero Carb (300g)', 'Voucher 20 Comidas Vegetarianas | Zero Carb (300g)', 'Voucher 20 Repas Végétariens | Zero Carb (300g)', '', '', '', '', 1, 2688261, '20240508101627pm.jpg', 'Vegetariano', 0, 1, 1, 0, 'PT', '2026-02-16 16:19:22', '2026-02-16 16:19:22'),
(1744, NULL, NULL, 'voucher-20-refeicoes-vegetariano-familia-1300g', 'Voucher 20 Refeições Vegetariano | Família (1300g)', 'Voucher 20 Vegetarian Meals | Family (1300g)', 'Voucher 20 Comidas Vegetarianas | Familia (1300g)', 'Voucher 20 Repas Végétariens | Famille (1300g)', '', '', '', '', 1, 2688261, '20240508101627pm.jpg', 'Vegetariano', 0, 1, 1, 0, 'PT', '2026-02-16 16:19:22', '2026-02-16 16:19:22'),
(1745, NULL, NULL, 'voucher-30-refeicoes-familia-1300g', 'Voucher 30 Refeições | Família (1300g)', 'Voucher 30 Meals | Family (1300g)', 'Voucher 30 Comidas | Familia (1300g)', 'Voucher 30 Repas | Famille (1300g)', '', '', '', '', 1, 2688261, '20240508101802pm.jpg', 'Normal', 0, 1, 1, 0, 'PT', '2026-02-16 16:19:22', '2026-02-16 16:19:22'),
(1746, NULL, NULL, 'voucher-30-refeicoes-vegetariano-zero-carb-300g-2', 'Voucher 30 Refeições Vegetariano | Zero Carb (300g', 'Voucher 30 Vegetarian Meals | Zero Carb (300g)', 'Voucher 30 Comidas Vegetarianas | Zero Carb (300g)', 'Voucher 30 Repas Végétariens | Zero Carb (300g)', '', '', '', '', 1, 2688261, '20240508101908pm.jpg', 'Vegetariano', 0, 1, 1, 0, 'PT', '2026-02-16 16:19:22', '2026-02-16 16:19:22'),
(1747, NULL, NULL, 'voucher-30-refeicoes-vegetariano-familia-1300g', 'Voucher 30 Refeições Vegetariano | Família (1300g)', 'Voucher 30 Vegetarian Meals | Family (1300g)', 'Voucher 30 Comidas Vegetarianas | Familia (1300g)', 'Voucher 30 Repas Végétariens | Famille (1300g)', '', '', '', '', 1, 2688261, '20240508101908pm.jpg', 'Vegetariano', 0, 1, 1, 0, 'PT', '2026-02-16 16:19:22', '2026-02-16 16:19:22'),
(1748, NULL, NULL, 'voucher-5-refeicoes-familia-1300g', 'Voucher 5 Refeições | Família (1300g)', 'Voucher 5 Meals | Family (1300g)', 'Voucher 5 Comidas | Familia (1300g)', 'Voucher 5 Repas | Famille (1300g)', '', '', '', '', 1, 2688261, '20240508020649pm.jpg', 'Normal', 0, 1, 0, 0, 'PT', '2026-02-16 16:19:22', '2026-02-16 16:19:22'),
(1749, NULL, NULL, 'voucher-5-refeicoes-vegetariano-familia-1300g', 'Voucher 5 Refeições Vegetariano | Família (1300g)', 'Voucher 5 Vegetarian Meals | Family (1300g)', 'Voucher 5 Comidas Vegetarianas | Familia (1300g)', 'Voucher 5 Repas Végétariens | Famille (1300g)', '', '', '', '', 1, 2688261, '20240508023143pm.jpg', 'Vegetariano', 0, 1, 1, 0, 'PT', '2026-02-16 16:19:22', '2026-02-16 16:19:22'),
(1750, NULL, NULL, 'voucher-60-refeicoes-zero-carb-300g', 'Voucher 60 Refeições | Zero Carb (300g)', 'Voucher 60 Meals | Zero Carb (300g)', 'Voucher 60 Comidas | Zero Carb (300g)', 'Voucher 60 Repas | Zero Carb (300g)', '', '', '', '', 1, 2688261, '20240508102143pm.jpg', 'Normal', 0, 1, 0, 0, 'PT', '2026-02-16 16:19:22', '2026-02-16 16:19:22'),
(1751, NULL, NULL, 'voucher-60-refeicoes-low-carb-270g', 'Voucher 60 Refeições | Low Carb (270g)', 'Voucher 60 Meals | Low Carb (270g)', 'Voucher 60 Comidas | Low Carb (270g)', 'Voucher 60 Repas | Low Carb (270g)', '', '', '', '', 1, 2688261, '20240508102143pm.jpg', 'Normal', 0, 1, 0, 0, 'PT', '2026-02-16 16:19:22', '2026-02-16 16:19:22'),
(1752, NULL, NULL, 'voucher-60-refeicoes-xl-550g', 'Voucher 60 Refeições | XL (550g)', 'Voucher 60 Meals | XL (550g)', 'Voucher 60 Comidas | XL (550g)', 'Voucher 60 Repas | XL (550g)', '', '', '', '', 1, 2688261, '20240508102143pm.jpg', 'Normal', 0, 1, 0, 0, 'PT', '2026-02-16 16:19:22', '2026-02-16 16:19:22'),
(1753, NULL, NULL, 'voucher-60-refeicoes-familia-1300g', 'Voucher 60 Refeições | Família (1300g)', 'Voucher 60 Meals | Family (1300g)', 'Voucher 60 Comidas | Familia (1300g)', 'Voucher 60 Repas | Famille (1300g)', '', '', '', '', 1, 2688261, '20240508102143pm.jpg', 'Normal', 0, 1, 1, 0, 'PT', '2026-02-16 16:19:22', '2026-02-16 16:19:22'),
(1754, NULL, NULL, 'voucher-60-refeicoes-vegetariano-zero-carb-300g', 'Voucher 60 Refeições Vegetariano | Zero Carb (300g', 'Voucher 60 Vegetarian Meals | Zero Carb (300g)', 'Voucher 60 Comidas Vegetarianas | Zero Carb (300g)', 'Voucher 60 Repas Végétariens | Zero Carb (300g)', '', '', '', '', 1, 2688261, '20240508102238pm.jpg', 'Normal', 0, 1, 1, 0, 'PT', '2026-02-16 16:19:22', '2026-02-16 16:19:22'),
(1755, NULL, NULL, 'voucher-60-refeicoes-vegetariano-low-carb-270g', 'Voucher 60 Refeições Vegetariano | Low Carb (270g)', 'Voucher 60 Vegetarian Meals | Low Carb (270g)', 'Voucher 60 Comidas Vegetarianas | Low Carb (270g)', 'Voucher 60 Repas Végétariens | Low Carb (270g)', '', '', '', '', 1, 2688261, '20240508102238pm.jpg', 'Normal', 0, 1, 1, 0, 'PT', '2026-02-16 16:19:22', '2026-02-16 16:19:22'),
(1756, NULL, NULL, 'voucher-60-refeicoes-vegetariano-fit-340g', 'Voucher 60 Refeições Vegetariano | Fit (340g)', 'Voucher 60 Vegetarian Meals | Fit (340g)', 'Voucher 60 Comidas Vegetarianas | Fit (340g)', 'Voucher 60 Repas Végétariens | Fit (340g)', '', '', '', '', 1, 2688261, '20240508102238pm.jpg', 'Normal', 0, 1, 1, 0, 'PT', '2026-02-16 16:19:22', '2026-02-16 16:19:22'),
(1757, NULL, NULL, 'voucher-60-refeicoes-vegetariano-xl-550g', 'Voucher 60 Refeições Vegetariano | XL (550g)', 'Voucher 60 Vegetarian Meals | XL (550g)', 'Voucher 60 Comidas Vegetarianas | XL (550g)', 'Voucher 60 Repas Végétariens | XL (550g)', '', '', '', '', 1, 2688261, '20240508102238pm.jpg', 'Normal', 0, 1, 1, 0, 'PT', '2026-02-16 16:19:22', '2026-02-16 16:19:22'),
(1758, NULL, NULL, 'voucher-60-refeicoes-vegetariano-familia-1300g', 'Voucher 60 Refeições Vegetariano | Família (1300g)', 'Voucher 60 Vegetarian Meals | Family (1300g)', 'Voucher 60 Comidas Vegetarianas | Familia (1300g)', 'Voucher 60 Repas Végétariens | Famille (1300g)', '', '', '', '', 1, 2688261, '20240508102238pm.jpg', 'Normal', 0, 1, 1, 0, 'PT', '2026-02-16 16:49:50', '2026-02-16 16:49:50'),
(1759, NULL, NULL, '12-refeicoes', '12 Refeições', '12 Refeições', '12 Refeições', '12 Refeições', '', '', '', '', 153, 2688261, '20240716042243pm.jpg', 'Normal', 0, 1, 0, 0, 'PT', '2026-02-16 16:49:50', '2026-02-16 16:49:50'),
(1760, NULL, NULL, '40-refeicoes', '40 Refeições', '40 Refeições', '40 Refeições', '40 Refeições', '', '', '', '', 154, 2688261, '20240716044135pm.jpg', 'Normal', 0, 1, 0, 0, 'PT', '2026-02-16 16:49:50', '2026-02-16 16:49:50'),
(1761, NULL, NULL, 'sumo-de-maca-bio-500ml', 'Sumo de Maçã BIO 500ml', 'Sumo de Maçã BIO 500ml', 'Sumo de Maçã BIO 500ml', 'Sumo de Maçã BIO 500ml', '20240816103904pm_PT.txt', '20240816103904pm_EN.txt', '20240816103904pm_ES.txt', '20240816103904pm_FR.txt', 4, 2688261, '20240814042657pm.jpg', 'Normal', 1, 0, 0, 0, 'PT', '2026-02-16 16:49:50', '2026-02-16 16:49:50'),
(1762, NULL, NULL, 'agua-de-coco-bio-330ml', 'Água de Coco BIO 330ml', 'Água de Coco BIO 330ml', 'Água de Coco BIO 330ml', 'Água de Coco BIO 330ml', '20240816103658pm_PT.txt', '20240816103658pm_EN.txt', '20240816103658pm_ES.txt', '20240816103658pm_FR.txt', 4, 2688261, '20240814043336pm.jpg', 'Normal', 1, 0, 0, 0, 'PT', '2026-02-16 16:49:50', '2026-02-16 16:49:50'),
(1763, NULL, NULL, 'sumo-de-mirtilo-bio-500ml', 'Sumo de Mirtilo BIO 500ml', 'Sumo de Mirtilo BIO 500ml', 'Sumo de Mirtilo BIO 500ml', 'Sumo de Mirtilo BIO 500ml', '20240816103650pm_PT.txt', '20240816103650pm_EN.txt', '20240816103650pm_ES.txt', '20240816103650pm_FR.txt', 4, 2688261, '20240814043635pm.jpg', 'Normal', 1, 0, 0, 0, 'PT', '2026-02-16 16:49:50', '2026-02-16 16:49:50'),
(1764, NULL, NULL, 'sumo-de-maca-e-cenoura-bio-500ml', 'Sumo de Maçã e Cenoura BIO 500ml', 'Sumo de Maçã e Cenoura BIO 500ml', 'Sumo de Maçã e Cenoura BIO 500ml', 'Sumo de Maçã e Cenoura BIO 500ml', '20240816103642pm_PT.txt', '20240816103642pm_EN.txt', '20240816103642pm_ES.txt', '20240816103642pm_FR.txt', 4, 2688261, '20240814043800pm.jpg', 'Normal', 1, 0, 0, 0, 'PT', '2026-02-16 16:49:50', '2026-02-16 16:49:50'),
(1765, NULL, NULL, 'avulso', 'Avulso', 'Avulso', 'Avulso', 'Avulso', '', '', '', '', 155, 2688261, '20240819104024am.jpg', 'Normal', 0, 0, 0, 0, 'PT', '2026-02-16 16:49:50', '2026-02-16 16:49:50'),
(1766, NULL, NULL, '2-xl-680g', '2 XL (680g)', '2 XL (680g)', '2 XL (680g)', '2 XL (680g)', '', '', '', '', 146, 2688261, '20241107115321am.jpg', 'Normal', 0, 1, 1, 0, 'PT', '2026-02-16 16:49:50', '2026-02-16 16:49:50'),
(1767, NULL, NULL, '2-xl-680g-1', '2 XL (680g)', '2 XL (680g)', '2 XL (680g)', '2 XL (680g)', '', '', '', '', 146, 2688261, '20241107120051pm.jpg', 'Normal', 0, 1, 1, 0, 'PT', '2026-02-16 16:49:50', '2026-02-16 16:49:50'),
(1768, NULL, NULL, '2-xl-680g-2', '2 XL (680g)', '2 XL (680g)', '2 XL (680g)', '2 XL (680g)', '', '', '', '', 146, 2688261, '20241107120646pm.jpg', 'Normal', 0, 1, 1, 0, 'PT', '2026-02-16 16:49:50', '2026-02-16 16:49:50'),
(1769, NULL, NULL, 'teste', 'teste', 'teste', 'teste', 'teste', '', '', '', '', 146, 2688261, '20241223113628am.jpeg', 'Normal', 0, 1, 1, 0, 'PT', '2026-02-16 16:49:50', '2026-02-16 16:49:50'),
(1770, NULL, NULL, 'voucher-5-refeicoes-2-xl-680g', 'Voucher 5 Refeições | 2 XL (680g)', 'Voucher 5 Meals | 2 XL (680g)', 'Voucher 5 Comidas | 2 XL (680g)', 'Voucher 5 Repas | 2 XL (680g)', '', '', '', '', 1, 2688261, '20240508020649pm.jpg', 'Normal', 0, 1, 0, 0, 'PT', '2026-02-16 16:49:50', '2026-02-16 16:49:50'),
(1771, NULL, NULL, 'voucher-10-refeicoes-2-xl-680g', 'Voucher 10 Refeições | 2 XL (680g)', 'Voucher 10 Meals | 2 XL (680g)', 'Voucher 10 Comidas | 2 XL (680g)', 'Voucher 10 Repas | 2 XL (680g)', '', '', '', '', 1, 2688261, '20240508100809pm.jpg', 'Normal', 0, 1, 0, 0, 'PT', '2026-02-16 16:49:50', '2026-02-16 16:49:50'),
(1772, NULL, NULL, 'voucher-15-refeicoes-2-xl-680g', 'Voucher 15 Refeições | 2 XL (680g)', 'Voucher 15 Meals | 2 XL (680g)', 'Voucher 15 Comidas | 2 XL (680g)', 'Voucher 15 Repas | 2 XL (680g)', '', '', '', '', 1, 2688261, '20240508101220pm.jpg', 'Normal', 0, 1, 0, 0, 'PT', '2026-02-16 16:49:50', '2026-02-16 16:49:50');

-- --------------------------------------------------------

--
-- Estrutura da tabela `product_type_meals`
--

CREATE TABLE IF NOT EXISTS `product_type_meals` (
  `ptm_id` bigint UNSIGNED NOT NULL AUTO_INCREMENT,
  `ptm_product_id` bigint UNSIGNED NOT NULL,
  `ptm_typemeal_id` int NOT NULL,
  `ptm_price` decimal(10,2) NOT NULL DEFAULT '0.00',
  `ptm_boxes` tinyint UNSIGNED NOT NULL DEFAULT '1',
  `ptm_active` tinyint(1) NOT NULL DEFAULT '1',
  `ptm_moloni_id` bigint UNSIGNED DEFAULT NULL,
  `created_at` timestamp NULL DEFAULT NULL,
  `updated_at` timestamp NULL DEFAULT NULL,
  PRIMARY KEY (`ptm_id`),
  KEY `product_type_meals_ptm_product_id_foreign` (`ptm_product_id`)
) ENGINE=MyISAM AUTO_INCREMENT=166 DEFAULT CHARSET=utf8mb4 COLLATE=utf8mb4_unicode_ci;

--
-- Extraindo dados da tabela `product_type_meals`
--

INSERT INTO `product_type_meals` (`ptm_id`, `ptm_product_id`, `ptm_typemeal_id`, `ptm_price`, `ptm_boxes`, `ptm_active`, `ptm_moloni_id`, `created_at`, `updated_at`) VALUES
(1, 1622, 4, 0.00, 1, 1, 0, '2026-02-16 16:19:22', '2026-02-16 16:19:22'),
(2, 1623, 6, 88.00, 1, 1, 170591579, '2026-02-16 16:19:22', '2026-02-16 16:19:22'),
(3, 1623, 5, 47.25, 1, 1, 170591575, '2026-02-16 16:19:22', '2026-02-16 16:19:22'),
(4, 1623, 4, 38.74, 1, 1, 170591570, '2026-02-16 16:19:22', '2026-02-16 16:19:22'),
(5, 1623, 2, 42.00, 1, 1, 170585314, '2026-02-16 16:19:22', '2026-02-16 16:19:22'),
(6, 1623, 3, 35.70, 1, 1, 170591521, '2026-02-16 16:19:22', '2026-02-16 16:19:22'),
(7, 1658, -2, 4.00, 1, 1, 171910066, '2026-02-16 16:19:22', '2026-02-16 16:19:22'),
(8, 1657, 4, 94.50, 1, 1, 171190019, '2026-02-16 16:19:22', '2026-02-16 16:19:22'),
(9, 1656, 4, 94.50, 1, 1, 171189994, '2026-02-16 16:19:22', '2026-02-16 16:19:22'),
(10, 1648, 6, 88.00, 1, 1, 170509878, '2026-02-16 16:19:22', '2026-02-16 16:19:22'),
(11, 1648, 5, 47.25, 1, 1, 170509876, '2026-02-16 16:19:22', '2026-02-16 16:19:22'),
(12, 1648, 4, 36.75, 1, 1, 170509873, '2026-02-16 16:19:22', '2026-02-16 16:19:22'),
(13, 1659, -2, 3.00, 1, 1, 171910109, '2026-02-16 16:19:22', '2026-02-16 16:19:22'),
(14, 1660, -2, 3.50, 1, 1, 171910134, '2026-02-16 16:19:22', '2026-02-16 16:19:22'),
(15, 1662, -2, 4.00, 1, 1, 171910319, '2026-02-16 16:19:22', '2026-02-16 16:19:22'),
(16, 1667, -3, 5.50, 1, 1, 172049929, '2026-02-16 16:19:22', '2026-02-16 16:19:22'),
(17, 1668, -3, 4.50, 1, 1, 172050586, '2026-02-16 16:19:22', '2026-02-16 16:19:22'),
(18, 1669, -4, 1.50, 1, 1, 172051905, '2026-02-16 16:19:22', '2026-02-16 16:19:22'),
(19, 1670, -4, 1.50, 1, 1, 172051983, '2026-02-16 16:19:22', '2026-02-16 16:19:22'),
(20, 1671, -4, 1.50, 1, 1, 172052036, '2026-02-16 16:19:22', '2026-02-16 16:19:22'),
(21, 1672, -4, 1.50, 1, 1, 172052058, '2026-02-16 16:19:22', '2026-02-16 16:19:22'),
(22, 1673, 2, 43.26, 1, 1, 173789199, '2026-02-16 16:19:22', '2026-02-16 16:19:22'),
(23, 1673, 3, 36.77, 1, 1, 173789201, '2026-02-16 16:19:22', '2026-02-16 16:19:22'),
(24, 1673, 4, 37.84, 1, 1, 173789204, '2026-02-16 16:19:22', '2026-02-16 16:19:22'),
(25, 1673, 5, 48.67, 1, 1, 173789209, '2026-02-16 16:19:22', '2026-02-16 16:19:22'),
(26, 1673, 6, 90.64, 1, 1, 173789210, '2026-02-16 16:19:22', '2026-02-16 16:19:22'),
(27, 1674, 4, 36.75, 1, 1, 173789783, '2026-02-16 16:19:22', '2026-02-16 16:19:22'),
(28, 1674, 5, 47.25, 1, 1, 173789785, '2026-02-16 16:19:22', '2026-02-16 16:19:22'),
(29, 1674, 6, 88.00, 1, 1, 173789789, '2026-02-16 16:19:22', '2026-02-16 16:19:22'),
(30, 1675, 2, 61.11, 1, 1, 173790276, '2026-02-16 16:19:22', '2026-02-16 16:19:22'),
(31, 1675, 3, 52.55, 1, 1, 173790279, '2026-02-16 16:19:22', '2026-02-16 16:19:22'),
(32, 1675, 4, 53.78, 1, 1, 173790281, '2026-02-16 16:19:22', '2026-02-16 16:19:22'),
(33, 1675, 5, 68.43, 1, 1, 173790284, '2026-02-16 16:19:22', '2026-02-16 16:19:22'),
(34, 1675, 6, 125.46, 2, 1, 173790288, '2026-02-16 16:19:22', '2026-02-16 16:20:42'),
(35, 1676, 2, 75.72, 1, 1, 173822458, '2026-02-16 16:19:22', '2026-02-16 16:19:22'),
(36, 1676, 3, 62.73, 1, 1, 173822463, '2026-02-16 16:19:22', '2026-02-16 16:19:22'),
(37, 1676, 4, 64.89, 1, 1, 173822471, '2026-02-16 16:19:22', '2026-02-16 16:19:22'),
(38, 1676, 5, 86.52, 1, 1, 173822474, '2026-02-16 16:19:22', '2026-02-16 16:19:22'),
(39, 1676, 6, 147.28, 2, 1, 173822478, '2026-02-16 16:19:22', '2026-02-16 16:20:27'),
(40, 1677, 4, 63.00, 1, 1, 173822618, '2026-02-16 16:19:22', '2026-02-16 16:22:18'),
(41, 1677, 5, 84.00, 1, 1, 173822623, '2026-02-16 16:19:22', '2026-02-16 16:22:19'),
(42, 1677, 6, 142.99, 2, 1, 173822628, '2026-02-16 16:19:22', '2026-02-16 16:22:20'),
(43, 1678, 2, 113.55, 1, 1, 173822663, '2026-02-16 16:19:22', '2026-02-16 16:19:22'),
(44, 1678, 3, 94.09, 1, 1, 173822665, '2026-02-16 16:19:22', '2026-02-16 16:19:22'),
(45, 1678, 4, 97.34, 1, 1, 173822669, '2026-02-16 16:19:22', '2026-02-16 16:19:22'),
(46, 1678, 5, 129.78, 1, 1, 173822674, '2026-02-16 16:19:22', '2026-02-16 16:19:22'),
(47, 1679, 4, 94.50, 1, 1, 173822718, '2026-02-16 16:19:22', '2026-02-16 16:19:22'),
(48, 1679, 5, 126.00, 1, 1, 173822720, '2026-02-16 16:19:22', '2026-02-16 16:19:22'),
(49, 1680, 2, 150.32, 2, 1, 173822755, '2026-02-16 16:19:22', '2026-02-16 18:12:27'),
(50, 1680, 3, 124.36, 2, 1, 173822756, '2026-02-16 16:19:22', '2026-02-16 18:12:28'),
(51, 1680, 4, 128.68, 2, 1, 173822759, '2026-02-16 16:19:22', '2026-02-16 18:12:29'),
(52, 1680, 5, 162.23, 2, 1, 173822760, '2026-02-16 16:19:22', '2026-02-16 18:12:29'),
(53, 1681, 4, 124.94, 2, 1, 173822788, '2026-02-16 16:19:22', '2026-02-16 18:13:34'),
(54, 1681, 5, 157.50, 2, 1, 173822789, '2026-02-16 16:19:22', '2026-02-16 18:13:36'),
(55, 1682, 2, 194.66, 2, 1, 173822841, '2026-02-16 16:19:22', '2026-02-16 18:14:22'),
(56, 1682, 3, 155.73, 2, 1, 173822843, '2026-02-16 16:19:22', '2026-02-16 18:14:24'),
(57, 1682, 4, 162.23, 2, 1, 173822844, '2026-02-16 16:19:22', '2026-02-16 18:14:25'),
(58, 1682, 5, 227.12, 2, 1, 173822845, '2026-02-16 16:19:22', '2026-02-16 18:14:26'),
(59, 1683, 4, 157.49, 2, 1, 173822875, '2026-02-16 16:19:22', '2026-02-16 18:15:27'),
(60, 1683, 5, 220.50, 2, 1, 173822878, '2026-02-16 16:19:22', '2026-02-16 18:15:28'),
(61, 1684, 2, 356.88, 3, 1, 173822923, '2026-02-16 16:19:22', '2026-02-16 18:16:36'),
(62, 1684, 3, 279.07, 3, 1, 173822925, '2026-02-16 16:19:22', '2026-02-16 18:16:37'),
(63, 1684, 4, 292.02, 3, 1, 173822930, '2026-02-16 16:19:22', '2026-02-16 18:16:38'),
(64, 1684, 5, 454.22, 3, 1, 173822931, '2026-02-16 16:19:22', '2026-02-16 18:16:38'),
(65, 1685, 4, 283.51, 3, 1, 173823010, '2026-02-16 16:19:22', '2026-02-16 18:17:03'),
(66, 1685, 5, 440.99, 3, 1, 173823013, '2026-02-16 16:19:22', '2026-02-16 18:17:05'),
(67, 1687, 4, 38.74, 1, 1, 173827535, '2026-02-16 16:19:22', '2026-02-16 16:19:22'),
(68, 1688, 4, 63.00, 1, 1, 173827541, '2026-02-16 16:19:22', '2026-02-16 16:19:22'),
(69, 1689, 4, 124.93, 1, 1, 173827550, '2026-02-16 16:19:22', '2026-02-16 16:19:22'),
(70, 1690, 4, 157.50, 1, 1, 173827559, '2026-02-16 16:19:22', '2026-02-16 16:19:22'),
(71, 1691, 4, 157.49, 1, 1, 173827563, '2026-02-16 16:19:22', '2026-02-16 16:19:22'),
(72, 1692, 4, 283.51, 1, 1, 173827570, '2026-02-16 16:19:22', '2026-02-16 16:19:22'),
(73, 1693, 4, 94.50, 1, 1, 173827584, '2026-02-16 16:19:22', '2026-02-16 16:19:22'),
(74, 1694, 2, 73.51, 1, 1, 176916939, '2026-02-16 16:19:22', '2026-02-16 16:19:22'),
(75, 1695, 3, 60.90, 1, 1, 176916940, '2026-02-16 16:19:22', '2026-02-16 16:19:22'),
(76, 1696, 5, 84.00, 1, 1, 176916941, '2026-02-16 16:19:22', '2026-02-16 16:19:22'),
(77, 1697, 2, 0.00, 1, 1, 176916944, '2026-02-16 16:19:22', '2026-02-16 16:19:22'),
(78, 1698, 3, 0.00, 1, 1, 176916945, '2026-02-16 16:19:22', '2026-02-16 16:19:22'),
(79, 1699, 4, 63.00, 1, 1, 176916950, '2026-02-16 16:19:22', '2026-02-16 16:19:22'),
(80, 1700, 5, 84.00, 1, 1, 176916954, '2026-02-16 16:19:22', '2026-02-16 16:19:22'),
(81, 1701, 2, 110.24, 1, 1, 176916956, '2026-02-16 16:19:22', '2026-02-16 16:19:22'),
(82, 1702, 3, 91.35, 1, 1, 176916960, '2026-02-16 16:19:22', '2026-02-16 16:19:22'),
(83, 1703, 5, 126.00, 1, 1, 176916964, '2026-02-16 16:19:22', '2026-02-16 16:19:22'),
(84, 1704, 2, 0.00, 1, 1, 176916966, '2026-02-16 16:19:22', '2026-02-16 16:19:22'),
(85, 1705, 3, 0.00, 1, 1, 176916969, '2026-02-16 16:19:22', '2026-02-16 16:19:22'),
(86, 1706, 4, 94.50, 1, 1, 176916974, '2026-02-16 16:19:22', '2026-02-16 16:19:22'),
(87, 1707, 5, 126.00, 1, 1, 176916979, '2026-02-16 16:19:22', '2026-02-16 16:19:22'),
(88, 1708, 2, 145.94, 1, 1, 176916981, '2026-02-16 16:19:22', '2026-02-16 16:19:22'),
(89, 1709, 3, 120.74, 1, 1, 176916985, '2026-02-16 16:19:22', '2026-02-16 16:19:22'),
(90, 1710, 5, 157.50, 1, 1, 176916990, '2026-02-16 16:19:22', '2026-02-16 16:19:22'),
(91, 1711, 2, 0.00, 1, 1, 176916993, '2026-02-16 16:19:22', '2026-02-16 16:19:22'),
(92, 1712, 3, 0.00, 1, 1, 176916998, '2026-02-16 16:19:22', '2026-02-16 16:19:22'),
(93, 1713, 4, 124.94, 1, 1, 176917000, '2026-02-16 16:19:22', '2026-02-16 16:19:22'),
(94, 1714, 5, 157.50, 1, 1, 176917005, '2026-02-16 16:19:22', '2026-02-16 16:19:22'),
(95, 1715, 2, 188.99, 1, 1, 176917008, '2026-02-16 16:19:22', '2026-02-16 16:19:22'),
(96, 1716, 3, 151.19, 1, 1, 176917010, '2026-02-16 16:19:22', '2026-02-16 16:19:22'),
(97, 1717, 5, 220.50, 1, 1, 176917011, '2026-02-16 16:19:22', '2026-02-16 16:19:22'),
(98, 1718, 2, 0.00, 1, 1, 176917014, '2026-02-16 16:19:22', '2026-02-16 16:19:22'),
(99, 1719, 3, 0.00, 1, 1, 176917016, '2026-02-16 16:19:22', '2026-02-16 16:19:22'),
(100, 1720, 5, 220.50, 1, 1, 176917019, '2026-02-16 16:19:22', '2026-02-16 16:19:22'),
(101, 1721, 2, 42.00, 1, 1, 176917023, '2026-02-16 16:19:22', '2026-02-16 16:19:22'),
(102, 1722, 3, 35.70, 1, 1, 176917028, '2026-02-16 16:19:22', '2026-02-16 16:19:22'),
(103, 1723, 5, 47.25, 1, 1, 176917030, '2026-02-16 16:19:22', '2026-02-16 16:19:22'),
(104, 1724, 2, 0.00, 1, 1, 176917034, '2026-02-16 16:19:22', '2026-02-16 16:19:22'),
(105, 1725, 3, 0.00, 1, 1, 176917035, '2026-02-16 16:19:22', '2026-02-16 16:19:22'),
(106, 1726, 4, 36.75, 1, 1, 176917036, '2026-02-16 16:19:22', '2026-02-16 16:19:22'),
(107, 1727, 5, 47.25, 1, 1, 176917041, '2026-02-16 16:19:22', '2026-02-16 16:19:22'),
(108, 1728, 2, 59.33, 1, 1, 176917044, '2026-02-16 16:19:22', '2026-02-16 16:19:22'),
(109, 1729, 3, 51.02, 1, 1, 176917049, '2026-02-16 16:19:22', '2026-02-16 16:19:22'),
(110, 1730, 4, 52.21, 1, 1, 176917050, '2026-02-16 16:19:22', '2026-02-16 16:19:22'),
(111, 1731, 5, 66.44, 1, 1, 176917055, '2026-02-16 16:19:22', '2026-02-16 16:19:22'),
(112, 1732, 2, 0.00, 1, 1, 176917061, '2026-02-16 16:19:22', '2026-02-16 16:19:22'),
(113, 1733, 2, 0.00, 1, 1, 176917066, '2026-02-16 16:19:22', '2026-02-16 16:19:22'),
(114, 1734, 2, 0.00, 1, 1, 176917071, '2026-02-16 16:19:22', '2026-02-16 16:19:22'),
(115, 1735, 2, 0.00, 1, 1, 176917073, '2026-02-16 16:19:22', '2026-02-16 16:19:22'),
(116, 1736, 6, 142.99, 1, 1, 176917098, '2026-02-16 16:19:22', '2026-02-16 16:19:22'),
(117, 1737, 2, 0.00, 1, 1, 176917099, '2026-02-16 16:19:22', '2026-02-16 16:19:22'),
(118, 1738, 6, 142.99, 1, 1, 176917103, '2026-02-16 16:19:22', '2026-02-16 16:19:22'),
(119, 1739, 6, 0.00, 1, 1, 176917104, '2026-02-16 16:19:22', '2026-02-16 16:19:22'),
(120, 1740, 2, 0.00, 1, 1, 176917108, '2026-02-16 16:19:22', '2026-02-16 16:19:22'),
(121, 1741, 6, 0.00, 1, 1, 176917113, '2026-02-16 16:19:22', '2026-02-16 16:19:22'),
(122, 1742, 6, 0.00, 1, 1, 176917118, '2026-02-16 16:19:22', '2026-02-16 16:19:22'),
(123, 1743, 2, 0.00, 1, 1, 176917123, '2026-02-16 16:19:22', '2026-02-16 16:19:22'),
(124, 1744, 6, 0.00, 1, 1, 176917126, '2026-02-16 16:19:22', '2026-02-16 16:19:22'),
(125, 1745, 6, 0.00, 1, 1, 176917131, '2026-02-16 16:19:22', '2026-02-16 16:19:22'),
(126, 1746, 2, 0.00, 1, 1, 176917135, '2026-02-16 16:19:22', '2026-02-16 16:19:22'),
(127, 1747, 6, 0.00, 1, 1, 176917138, '2026-02-16 16:19:22', '2026-02-16 16:19:22'),
(128, 1748, 6, 88.00, 1, 1, 176917141, '2026-02-16 16:19:22', '2026-02-16 16:19:22'),
(129, 1749, 6, 88.00, 1, 1, 176917146, '2026-02-16 16:19:22', '2026-02-16 16:19:22'),
(130, 1750, 2, 346.49, 1, 1, 176917149, '2026-02-16 16:19:22', '2026-02-16 16:19:22'),
(131, 1751, 3, 270.94, 1, 1, 176917151, '2026-02-16 16:19:22', '2026-02-16 16:19:22'),
(132, 1752, 5, 440.99, 1, 1, 176917156, '2026-02-16 16:19:22', '2026-02-16 16:19:22'),
(133, 1753, 6, 0.00, 1, 1, 176917159, '2026-02-16 16:19:22', '2026-02-16 16:19:22'),
(134, 1754, 2, 0.00, 1, 1, 176917161, '2026-02-16 16:19:22', '2026-02-16 16:19:22'),
(135, 1755, 3, 0.00, 1, 1, 176917166, '2026-02-16 16:19:22', '2026-02-16 16:19:22'),
(136, 1756, 4, 283.51, 1, 1, 176917170, '2026-02-16 16:19:22', '2026-02-16 16:19:22'),
(137, 1757, 5, 440.99, 1, 1, 176917174, '2026-02-16 16:19:22', '2026-02-16 16:19:22'),
(138, 1758, 6, 0.00, 1, 1, 176917179, '2026-02-16 16:19:22', '2026-02-16 16:19:22'),
(139, 1759, 2, 90.86, 1, 1, 179919960, '2026-02-16 16:19:22', '2026-02-16 16:19:22'),
(140, 1759, 3, 75.27, 1, 1, 179919969, '2026-02-16 16:19:22', '2026-02-16 16:19:22'),
(141, 1759, 4, 77.87, 1, 1, 179919974, '2026-02-16 16:19:22', '2026-02-16 16:19:22'),
(142, 1759, 5, 103.82, 1, 1, 179919983, '2026-02-16 16:19:22', '2026-02-16 16:19:22'),
(143, 1760, 2, 258.28, 3, 1, 179922183, '2026-02-16 16:19:22', '2026-02-16 18:16:07'),
(144, 1760, 3, 206.61, 3, 1, 179922186, '2026-02-16 16:19:22', '2026-02-16 18:16:09'),
(145, 1760, 4, 215.30, 3, 1, 179922191, '2026-02-16 16:19:22', '2026-02-16 18:16:09'),
(146, 1760, 5, 301.47, 3, 1, 179922196, '2026-02-16 16:19:22', '2026-02-16 18:16:10'),
(147, 1761, -4, 3.50, 1, 1, 182501729, '2026-02-16 16:19:22', '2026-02-16 16:19:22'),
(148, 1762, -4, 2.80, 1, 1, 182502149, '2026-02-16 16:19:22', '2026-02-16 16:19:22'),
(149, 1763, -4, 3.90, 1, 1, 182502479, '2026-02-16 16:19:22', '2026-02-16 16:19:22'),
(150, 1764, -4, 3.50, 1, 1, 182502564, '2026-02-16 16:19:22', '2026-02-16 16:19:22'),
(151, 1767, 7, 68.48, 1, 1, 188221840, '2026-02-16 16:19:22', '2026-02-16 16:19:22'),
(152, 1768, 8, 68.48, 1, 1, 188222390, '2026-02-16 16:19:22', '2026-02-16 16:19:22'),
(153, 1673, 8, 70.53, 1, 1, 188222419, '2026-02-16 16:19:22', '2026-02-16 16:19:22'),
(154, 1675, 8, 102.40, 1, 1, 188222650, '2026-02-16 16:19:22', '2026-02-16 16:20:42'),
(155, 1676, 8, 124.63, 1, 1, 188222681, '2026-02-16 16:19:22', '2026-02-16 16:19:22'),
(156, 1678, 8, 189.52, 1, 1, 188222739, '2026-02-16 16:19:22', '2026-02-16 16:19:22'),
(157, 1680, 8, 252.21, 2, 1, 188222768, '2026-02-16 16:19:22', '2026-02-16 18:12:30'),
(158, 1684, 8, 573.73, 3, 1, 188222938, '2026-02-16 16:19:22', '2026-02-16 18:16:39'),
(159, 1760, 8, 425.48, 3, 1, 188222969, '2026-02-16 16:19:22', '2026-02-16 18:16:10'),
(160, 1759, 6, 181.89, 2, 1, 188223163, '2026-02-16 16:19:22', '2026-02-16 18:10:19'),
(161, 1759, 8, 150.59, 1, 1, 188223168, '2026-02-16 16:19:22', '2026-02-16 16:19:22'),
(162, 1769, 2, 100.00, 1, 1, 192409513, '2026-02-16 16:19:22', '2026-02-16 16:19:22'),
(163, 1770, 8, 68.48, 1, 1, 199605105, '2026-02-16 16:19:22', '2026-02-16 16:19:22'),
(164, 1771, 8, 121.00, 1, 1, 199605112, '2026-02-16 16:19:22', '2026-02-16 16:19:22'),
(165, 1772, 8, 184.00, 1, 1, 199605120, '2026-02-16 16:19:22', '2026-02-16 16:19:22');

-- --------------------------------------------------------

--
-- Estrutura da tabela `roles`
--

CREATE TABLE IF NOT EXISTS `roles` (
  `rol_id` bigint UNSIGNED NOT NULL AUTO_INCREMENT,
  `rol_code` varchar(100) COLLATE utf8mb4_unicode_ci NOT NULL,
  `rol_name` varchar(200) COLLATE utf8mb4_unicode_ci NOT NULL,
  `rol_description` varchar(500) COLLATE utf8mb4_unicode_ci DEFAULT NULL,
  `rol_permissions` json DEFAULT NULL COMMENT 'Array of permission codes assigned to this role',
  `rol_is_system` tinyint(1) NOT NULL DEFAULT '0',
  `rol_is_active` tinyint(1) NOT NULL DEFAULT '1',
  `created_at` timestamp NULL DEFAULT NULL,
  `updated_at` timestamp NULL DEFAULT NULL,
  PRIMARY KEY (`rol_id`),
  UNIQUE KEY `roles_rol_code_unique` (`rol_code`)
) ENGINE=MyISAM AUTO_INCREMENT=6 DEFAULT CHARSET=utf8mb4 COLLATE=utf8mb4_unicode_ci;

--
-- Extraindo dados da tabela `roles`
--

INSERT INTO `roles` (`rol_id`, `rol_code`, `rol_name`, `rol_description`, `rol_permissions`, `rol_is_system`, `rol_is_active`, `created_at`, `updated_at`) VALUES
(1, 'admin', 'Administrador', 'Acede a todas as funcionalidades do sistema.', '[\"*\"]', 1, 1, '2025-11-24 11:02:36', '2025-11-24 11:02:36'),
(2, 'gestor_encomendas', 'Gestor de Encomendas', 'Gerir todas as encomendas e clientes.', '[\"orders.view\", \"orders.noinvoice\", \"orders.newcustomers\", \"clients.view\", \"clients.vouchers\", \"clients.tickets\", \"reports.summary\", \"reports.sales\"]', 0, 1, '2025-11-24 11:02:36', '2025-11-24 11:02:36'),
(3, 'marketing', 'Marketing', 'Acede a banners, publicidade e FAQ.', '[\"banners.manage\", \"faq.manage\"]', 0, 1, '2025-11-24 11:02:36', '2025-11-24 11:02:36'),
(4, 'operador', 'Operador de Produção', 'Acede às encomendas e relatórios essenciais.', '[\"orders.view\", \"reports.summary\"]', 0, 1, '2025-11-24 11:02:36', '2025-11-24 11:02:36'),
(5, 'client', 'Cliente', 'Perfil de cliente frontend.', '[]', 1, 1, '2025-11-24 11:02:36', '2025-11-24 11:02:36');

-- --------------------------------------------------------

--
-- Estrutura da tabela `sessions`
--

CREATE TABLE IF NOT EXISTS `sessions` (
  `id` varchar(191) COLLATE utf8mb4_unicode_ci NOT NULL,
  `user_id` bigint UNSIGNED DEFAULT NULL,
  `ip_address` varchar(45) COLLATE utf8mb4_unicode_ci DEFAULT NULL,
  `user_agent` text COLLATE utf8mb4_unicode_ci,
  `payload` longtext COLLATE utf8mb4_unicode_ci NOT NULL,
  `last_activity` int NOT NULL,
  PRIMARY KEY (`id`),
  KEY `sessions_user_id_index` (`user_id`),
  KEY `sessions_last_activity_index` (`last_activity`)
) ENGINE=MyISAM DEFAULT CHARSET=utf8mb4 COLLATE=utf8mb4_unicode_ci;

--
-- Extraindo dados da tabela `sessions`
--

INSERT INTO `sessions` (`id`, `user_id`, `ip_address`, `user_agent`, `payload`, `last_activity`) VALUES
('hhW2ky6nh5jZ5xhm2ylRL3ZE6cGwumQReFR2cPvD', 1, '127.0.0.1', 'Mozilla/5.0 (Windows NT 10.0; Win64; x64) AppleWebKit/537.36 (KHTML, like Gecko) Chrome/145.0.0.0 Safari/537.36', 'YTo0OntzOjY6Il90b2tlbiI7czo0MDoiY0NWMHdhTXNqOFBvRjZQSm41bmo2NWpXdmNBdVhDSEw2d2pIam5TcCI7czo5OiJfcHJldmlvdXMiO2E6Mjp7czozOiJ1cmwiO3M6NjQ6Imh0dHA6Ly8xMjcuMC4wLjE6ODAwMC9kb25hbWFybWl0YS1hZG1pbi9yZXBvcnRzL3NoaXBwaW5nLWRldGFpbHMiO3M6NToicm91dGUiO3M6MzA6ImFkbWluLnJlcG9ydHMuc2hpcHBpbmctZGV0YWlscyI7fXM6NjoiX2ZsYXNoIjthOjI6e3M6Mzoib2xkIjthOjA6e31zOjM6Im5ldyI7YTowOnt9fXM6NTA6ImxvZ2luX3dlYl81OWJhMzZhZGRjMmIyZjk0MDE1ODBmMDE0YzdmNThlYTRlMzA5ODlkIjtpOjE7fQ==', 1771266974);

-- --------------------------------------------------------

--
-- Estrutura da tabela `shipping_countries`
--

CREATE TABLE IF NOT EXISTS `shipping_countries` (
  `shic_id` bigint UNSIGNED NOT NULL AUTO_INCREMENT,
  `shic_description_pt` varchar(150) COLLATE utf8mb4_unicode_ci DEFAULT NULL,
  `shic_description_en` varchar(150) COLLATE utf8mb4_unicode_ci DEFAULT NULL,
  `shic_description_es` varchar(150) COLLATE utf8mb4_unicode_ci DEFAULT NULL,
  `shic_description_fr` varchar(150) COLLATE utf8mb4_unicode_ci DEFAULT NULL,
  `shic_acronym` varchar(5) COLLATE utf8mb4_unicode_ci DEFAULT NULL,
  `shic_visible` tinyint(1) NOT NULL DEFAULT '1',
  `shic_freeshipping` decimal(10,2) NOT NULL DEFAULT '0.00',
  `shic_tabid` int UNSIGNED NOT NULL DEFAULT '0',
  `created_at` timestamp NULL DEFAULT NULL,
  `updated_at` timestamp NULL DEFAULT NULL,
  PRIMARY KEY (`shic_id`)
) ENGINE=MyISAM AUTO_INCREMENT=2 DEFAULT CHARSET=utf8mb4 COLLATE=utf8mb4_unicode_ci;

--
-- Extraindo dados da tabela `shipping_countries`
--

INSERT INTO `shipping_countries` (`shic_id`, `shic_description_pt`, `shic_description_en`, `shic_description_es`, `shic_description_fr`, `shic_acronym`, `shic_visible`, `shic_freeshipping`, `shic_tabid`, `created_at`, `updated_at`) VALUES
(1, 'Portugal (Continental)', 'Portugal (Continental)', 'Portugal (Continente)', 'Portugal (Continental)', 'PT', 1, 75.00, 1, '2026-02-10 18:29:48', '2026-02-10 18:29:48');

-- --------------------------------------------------------

--
-- Estrutura da tabela `system_settings`
--

CREATE TABLE IF NOT EXISTS `system_settings` (
  `sys_id` bigint UNSIGNED NOT NULL AUTO_INCREMENT,
  `sys_key` varchar(100) COLLATE utf8mb4_unicode_ci NOT NULL,
  `sys_value` text COLLATE utf8mb4_unicode_ci,
  `created_at` timestamp NULL DEFAULT NULL,
  `updated_at` timestamp NULL DEFAULT NULL,
  PRIMARY KEY (`sys_id`),
  UNIQUE KEY `system_settings_sys_key_unique` (`sys_key`)
) ENGINE=MyISAM AUTO_INCREMENT=10 DEFAULT CHARSET=utf8mb4 COLLATE=utf8mb4_unicode_ci;

--
-- Extraindo dados da tabela `system_settings`
--

INSERT INTO `system_settings` (`sys_id`, `sys_key`, `sys_value`, `created_at`, `updated_at`) VALUES
(1, 'system_name', 'Dona Marmita', '2025-11-05 15:00:45', '2025-11-05 15:00:45'),
(2, 'system_email', 'rlinharescsg@gmail.com', '2025-11-05 15:00:45', '2025-11-05 15:00:45'),
(3, 'system_nif', '0', '2025-11-05 15:00:45', '2025-11-05 15:00:45'),
(4, 'system_address', '', '2025-11-05 15:00:45', '2025-11-05 15:00:45'),
(5, 'system_postal', '0000-000', '2025-11-05 15:00:45', '2025-11-05 15:00:45'),
(6, 'system_phone', '', '2025-11-05 15:00:45', '2025-11-05 15:00:45'),
(7, 'system_paypal', '', '2025-11-05 15:00:45', '2025-11-05 15:00:45'),
(8, 'system_tax_vat', '23.00', '2025-11-05 15:00:45', '2025-11-05 15:00:45'),
(9, 'system_slogan', '', '2025-11-05 15:00:45', '2025-11-05 15:00:45');

-- --------------------------------------------------------

--
-- Estrutura da tabela `team_members`
--

CREATE TABLE IF NOT EXISTS `team_members` (
  `tem_id` int NOT NULL,
  `tem_name` varchar(150) COLLATE utf8mb4_unicode_ci NOT NULL,
  `tem_role_pt` varchar(150) COLLATE utf8mb4_unicode_ci DEFAULT NULL,
  `tem_role_en` varchar(150) COLLATE utf8mb4_unicode_ci DEFAULT NULL,
  `tem_role_es` varchar(150) COLLATE utf8mb4_unicode_ci DEFAULT NULL,
  `tem_role_fr` varchar(150) COLLATE utf8mb4_unicode_ci DEFAULT NULL,
  `tem_email` varchar(150) COLLATE utf8mb4_unicode_ci DEFAULT NULL,
  `tem_phone` varchar(50) COLLATE utf8mb4_unicode_ci DEFAULT NULL,
  `tem_avatar` varchar(255) COLLATE utf8mb4_unicode_ci DEFAULT NULL,
  `tem_facebook` varchar(255) COLLATE utf8mb4_unicode_ci DEFAULT NULL,
  `tem_instagram` varchar(255) COLLATE utf8mb4_unicode_ci DEFAULT NULL,
  `tem_linkedin` varchar(255) COLLATE utf8mb4_unicode_ci DEFAULT NULL,
  `tem_visible` tinyint(1) NOT NULL DEFAULT '1',
  `tem_sort` int UNSIGNED NOT NULL DEFAULT '0',
  `created_at` timestamp NULL DEFAULT NULL,
  `updated_at` timestamp NULL DEFAULT NULL,
  PRIMARY KEY (`tem_id`)
) ENGINE=MyISAM DEFAULT CHARSET=utf8mb4 COLLATE=utf8mb4_unicode_ci;

--
-- Extraindo dados da tabela `team_members`
--

INSERT INTO `team_members` (`tem_id`, `tem_name`, `tem_role_pt`, `tem_role_en`, `tem_role_es`, `tem_role_fr`, `tem_email`, `tem_phone`, `tem_avatar`, `tem_facebook`, `tem_instagram`, `tem_linkedin`, `tem_visible`, `tem_sort`, `created_at`, `updated_at`) VALUES
(1, 'Martinho Henriques', NULL, NULL, NULL, NULL, 'encomendas@dano-marmita.pt', NULL, '20240228112839pm.jpg', 'https://www.facebook.com/martinho.henriques', 'https://www.instagram.com/martinho_henriques_?igsh=bzJvY29maWJobGhi&utm_source=qr ', '', 1, 0, '2025-12-05 18:24:52', '2025-12-05 18:24:52');

-- --------------------------------------------------------

--
-- Estrutura da tabela `testimonials`
--

CREATE TABLE IF NOT EXISTS `testimonials` (
  `tes_id` int NOT NULL,
  `tes_author` varchar(150) COLLATE utf8mb4_unicode_ci DEFAULT NULL,
  `tes_stars` tinyint UNSIGNED NOT NULL DEFAULT '5',
  `tes_text_pt` varchar(255) COLLATE utf8mb4_unicode_ci DEFAULT NULL,
  `tes_text_en` varchar(255) COLLATE utf8mb4_unicode_ci DEFAULT NULL,
  `tes_text_es` varchar(255) COLLATE utf8mb4_unicode_ci DEFAULT NULL,
  `tes_text_fr` varchar(255) COLLATE utf8mb4_unicode_ci DEFAULT NULL,
  `tes_visible` tinyint(1) NOT NULL DEFAULT '1',
  `tes_sort` int UNSIGNED NOT NULL DEFAULT '0',
  `created_at` timestamp NULL DEFAULT NULL,
  `updated_at` timestamp NULL DEFAULT NULL,
  PRIMARY KEY (`tes_id`)
) ENGINE=MyISAM DEFAULT CHARSET=utf8mb4 COLLATE=utf8mb4_unicode_ci;

-- --------------------------------------------------------

--
-- Estrutura da tabela `tickets`
--

CREATE TABLE IF NOT EXISTS `tickets` (
  `tck_id` int NOT NULL,
  `tck_client_id` int DEFAULT NULL,
  `tck_subject` varchar(200) COLLATE utf8mb4_unicode_ci NOT NULL,
  `tck_status` varchar(50) COLLATE utf8mb4_unicode_ci NOT NULL DEFAULT 'open',
  `created_at` timestamp NULL DEFAULT NULL,
  `updated_at` timestamp NULL DEFAULT NULL,
  PRIMARY KEY (`tck_id`)
) ENGINE=MyISAM DEFAULT CHARSET=utf8mb4 COLLATE=utf8mb4_unicode_ci;

--
-- Extraindo dados da tabela `tickets`
--

INSERT INTO `tickets` (`tck_id`, `tck_client_id`, `tck_subject`, `tck_status`, `created_at`, `updated_at`) VALUES
(1, 12293, 'teste', '1', '2025-12-05 18:25:21', '2025-12-05 18:25:21'),
(2, 12293, 'teste', '1', '2025-12-05 18:25:21', '2025-12-05 18:25:21'),
(3, 12293, 'teste', '1', '2025-12-05 18:25:21', '2025-12-05 18:25:21'),
(4, 12293, 'teste', '1', '2025-12-05 18:25:21', '2025-12-05 18:25:21'),
(5, 12381, 'Emails de entrega', '1', '2025-12-05 18:25:21', '2025-12-05 18:25:21'),
(6, 12477, 'Pagamento Encomenda 1081', '1', '2025-12-05 18:25:21', '2025-12-05 18:25:21'),
(7, 12564, 'Pagamento ', '1', '2025-12-05 18:25:21', '2025-12-05 18:25:21'),
(8, 12622, 'Data de envio', '1', '2025-12-05 18:25:21', '2025-12-05 18:25:21'),
(9, 12714, 'Entrega', '1', '2025-12-05 18:25:21', '2025-12-05 18:25:21'),
(10, 12743, 'Cancela encomenda #1722', '1', '2025-12-05 18:25:21', '2025-12-05 18:25:21'),
(11, 12855, 'Alteração de morada', '1', '2025-12-05 18:25:21', '2025-12-05 18:25:21'),
(12, 12882, 'Pagamento encomenda #2162', '1', '2025-12-05 18:25:21', '2025-12-05 18:25:21'),
(13, 12919, 'Entrega', '1', '2025-12-05 18:25:21', '2025-12-05 18:25:21'),
(14, 12983, 'Entrega de encomenda', '1', '2025-12-05 18:25:21', '2025-12-05 18:25:21'),
(15, 12993, 'Data de entrega', '1', '2025-12-05 18:25:21', '2025-12-05 18:25:21'),
(16, 12998, 'Entrega', '1', '2025-12-05 18:25:21', '2025-12-05 18:25:21'),
(17, 13134, 'Pagamento CC', '1', '2025-12-05 18:25:21', '2025-12-05 18:25:21'),
(18, 12955, '', '1', '2025-12-05 18:25:21', '2025-12-05 18:25:21'),
(19, 12955, 'Engano na encomenda', '1', '2025-12-05 18:25:21', '2025-12-05 18:25:21'),
(20, 13326, 'Desconte de voucher', '1', '2025-12-05 18:25:21', '2025-12-05 18:25:21'),
(21, 13342, 'Cancelar ', '1', '2025-12-05 18:25:21', '2025-12-05 18:25:21'),
(22, 12490, 'Falta de molho nos pratos', '1', '2025-12-05 18:25:21', '2025-12-05 18:25:21'),
(23, 13373, 'Data de entrega', '1', '2025-12-05 18:25:21', '2025-12-05 18:25:21'),
(24, 13384, 'Erro em pagamento #3729', '1', '2025-12-05 18:25:21', '2025-12-05 18:25:21'),
(25, 13040, 'Erro no número de marmita', '1', '2025-12-05 18:25:21', '2025-12-05 18:25:21'),
(26, 13503, 'Cancelamento pedido #4064', '1', '2025-12-05 18:25:21', '2025-12-05 18:25:21'),
(27, 13508, 'Morada Encomenda #4076', '1', '2025-12-05 18:25:21', '2025-12-05 18:25:21'),
(28, 12908, 'Enmcomenda 9 de Outubro', '1', '2025-12-05 18:25:21', '2025-12-05 18:25:21'),
(29, 13493, 'Entrega da Encomenda', '1', '2025-12-05 18:25:21', '2025-12-05 18:25:21'),
(30, 12596, 'Emissão de Factura ', '1', '2025-12-05 18:25:21', '2025-12-05 18:25:21'),
(31, 12621, 'Alterar Endereço Entrega', '1', '2025-12-05 18:25:21', '2025-12-05 18:25:21'),
(32, 13503, 'Alteração de entrega', '1', '2025-12-05 18:25:21', '2025-12-05 18:25:21'),
(33, 13378, 'Alterar andar da entrega', '1', '2025-12-05 18:25:21', '2025-12-05 18:25:21'),
(34, 13758, 'Encomenda 5013', '1', '2025-12-05 18:25:21', '2025-12-05 18:25:21'),
(35, 13839, 'Não recebi o pedido', '1', '2025-12-05 18:25:21', '2025-12-05 18:25:21'),
(36, 13839, 'Onde está minha entrega?', '1', '2025-12-05 18:25:21', '2025-12-05 18:25:21'),
(37, 14001, 'Mudar a morada de envio', '1', '2025-12-05 18:25:21', '2025-12-05 18:25:21'),
(38, 14134, 'cancelamento ', '1', '2025-12-05 18:25:21', '2025-12-05 18:25:21'),
(39, 14135, 'Entrega estragada', '1', '2025-12-05 18:25:21', '2025-12-05 18:25:21'),
(53, 13730, 'Encomenda errada', '1', '2025-12-05 18:25:21', '2025-12-05 18:25:21'),
(54, 14355, 'Entrega da encomenda inco', '1', '2025-12-05 18:25:21', '2025-12-05 18:25:21'),
(55, 13695, 'Encomenda #8197', '1', '2025-12-05 18:25:21', '2025-12-05 18:25:21'),
(56, 13619, 'Falta de um prato', '1', '2025-12-05 18:25:21', '2025-12-05 18:25:21'),
(57, 14751, 'Hora de entrega', '1', '2025-12-05 18:25:21', '2025-12-05 18:25:21'),
(58, 13636, 'Pedido com troca', '1', '2025-12-05 18:25:21', '2025-12-05 18:25:21'),
(59, 14298, 'Entrega?', '1', '2025-12-05 18:25:21', '2025-12-05 18:25:21'),
(60, 14921, 'Duvida sobre encomenda', '1', '2025-12-05 18:25:21', '2025-12-05 18:25:21'),
(61, 14900, 'Estado das embalagens', '1', '2025-12-05 18:25:21', '2025-12-05 18:25:21'),
(62, 12890, 'Pagamento', '1', '2025-12-05 18:25:21', '2025-12-05 18:25:21'),
(63, 12441, 'Encomenda #10073', '1', '2025-12-05 18:25:21', '2025-12-05 18:25:21'),
(64, 15083, 'Pedido de esclarecimento', '1', '2025-12-05 18:25:21', '2025-12-05 18:25:21'),
(65, 13695, 'Encomenda #10511', '1', '2025-12-05 18:25:21', '2025-12-05 18:25:21'),
(66, 14565, 'Pedido errado', '1', '2025-12-05 18:25:21', '2025-12-05 18:25:21'),
(67, 15179, 'Encomenda ', '1', '2025-12-05 18:25:21', '2025-12-05 18:25:21'),
(68, 15252, 'Entrega da encomenda ', '1', '2025-12-05 18:25:21', '2025-12-05 18:25:21'),
(69, 15275, 'Esclarecimentos packs', '1', '2025-12-05 18:25:21', '2025-12-05 18:25:21'),
(70, 15353, 'Cancelamento de pedido', '1', '2025-12-05 18:25:21', '2025-12-05 18:25:21'),
(71, 15436, 'Fatura de encomenda', '1', '2025-12-05 18:25:21', '2025-12-05 18:25:21'),
(72, 15435, 'Número errado na encomend', '1', '2025-12-05 18:25:21', '2025-12-05 18:25:21'),
(73, 15411, 'Agendamento entrega', '1', '2025-12-05 18:25:21', '2025-12-05 18:25:21'),
(74, 15597, 'Horario de entrega', '1', '2025-12-05 18:25:21', '2025-12-05 18:25:21'),
(75, 13695, 'Encomenda', '1', '2025-12-05 18:25:21', '2025-12-05 18:25:21'),
(76, 15491, 'C.ancelamento #13414', '1', '2025-12-05 18:25:21', '2025-12-05 18:25:21'),
(77, 15721, 'Encomenda ', '1', '2025-12-05 18:25:21', '2025-12-05 18:25:21'),
(78, 13078, 'Não  recebi a encomenda ', '1', '2025-12-05 18:25:21', '2025-12-05 18:25:21');

-- --------------------------------------------------------

--
-- Estrutura da tabela `ticket_infos`
--

CREATE TABLE IF NOT EXISTS `ticket_infos` (
  `tci_id` int NOT NULL,
  `tci_ticket_id` int NOT NULL,
  `tci_user_id` int DEFAULT NULL,
  `tci_message_pt` varchar(255) COLLATE utf8mb4_unicode_ci DEFAULT NULL,
  `tci_message_en` varchar(255) COLLATE utf8mb4_unicode_ci DEFAULT NULL,
  `tci_message_es` varchar(255) COLLATE utf8mb4_unicode_ci DEFAULT NULL,
  `tci_message_fr` varchar(255) COLLATE utf8mb4_unicode_ci DEFAULT NULL,
  `created_at` timestamp NULL DEFAULT NULL,
  `updated_at` timestamp NULL DEFAULT NULL,
  PRIMARY KEY (`tci_id`),
  KEY `ticket_infos_tci_ticket_id_foreign` (`tci_ticket_id`)
) ENGINE=MyISAM DEFAULT CHARSET=utf8mb4 COLLATE=utf8mb4_unicode_ci;

--
-- Extraindo dados da tabela `ticket_infos`
--

INSERT INTO `ticket_infos` (`tci_id`, `tci_ticket_id`, `tci_user_id`, `tci_message_pt`, `tci_message_en`, `tci_message_es`, `tci_message_fr`, `created_at`, `updated_at`) VALUES
(1, 4, NULL, NULL, NULL, NULL, NULL, '2025-12-05 18:25:21', '2025-12-05 18:25:21'),
(2, 4, NULL, NULL, NULL, NULL, NULL, '2025-12-05 18:25:21', '2025-12-05 18:25:21'),
(3, 4, NULL, NULL, NULL, NULL, NULL, '2025-12-05 18:25:21', '2025-12-05 18:25:21'),
(4, 5, NULL, NULL, NULL, NULL, NULL, '2025-12-05 18:25:21', '2025-12-05 18:25:21'),
(5, 5, NULL, NULL, NULL, NULL, NULL, '2025-12-05 18:25:21', '2025-12-05 18:25:21'),
(6, 5, NULL, NULL, NULL, NULL, NULL, '2025-12-05 18:25:21', '2025-12-05 18:25:21'),
(7, 6, NULL, NULL, NULL, NULL, NULL, '2025-12-05 18:25:21', '2025-12-05 18:25:21'),
(8, 6, NULL, NULL, NULL, NULL, NULL, '2025-12-05 18:25:21', '2025-12-05 18:25:21'),
(9, 7, NULL, NULL, NULL, NULL, NULL, '2025-12-05 18:25:21', '2025-12-05 18:25:21'),
(10, 7, NULL, NULL, NULL, NULL, NULL, '2025-12-05 18:25:21', '2025-12-05 18:25:21'),
(11, 4, NULL, NULL, NULL, NULL, NULL, '2025-12-05 18:25:21', '2025-12-05 18:25:21'),
(12, 8, NULL, NULL, NULL, NULL, NULL, '2025-12-05 18:25:21', '2025-12-05 18:25:21'),
(13, 9, NULL, NULL, NULL, NULL, NULL, '2025-12-05 18:25:21', '2025-12-05 18:25:21'),
(14, 10, NULL, NULL, NULL, NULL, NULL, '2025-12-05 18:25:21', '2025-12-05 18:25:21'),
(15, 11, NULL, NULL, NULL, NULL, NULL, '2025-12-05 18:25:21', '2025-12-05 18:25:21'),
(16, 12, NULL, NULL, NULL, NULL, NULL, '2025-12-05 18:25:21', '2025-12-05 18:25:21'),
(17, 12, NULL, NULL, NULL, NULL, NULL, '2025-12-05 18:25:21', '2025-12-05 18:25:21'),
(18, 11, NULL, NULL, NULL, NULL, NULL, '2025-12-05 18:25:21', '2025-12-05 18:25:21'),
(19, 13, NULL, NULL, NULL, NULL, NULL, '2025-12-05 18:25:21', '2025-12-05 18:25:21'),
(20, 14, NULL, NULL, NULL, NULL, NULL, '2025-12-05 18:25:21', '2025-12-05 18:25:21'),
(21, 15, NULL, NULL, NULL, NULL, NULL, '2025-12-05 18:25:21', '2025-12-05 18:25:21'),
(22, 16, NULL, NULL, NULL, NULL, NULL, '2025-12-05 18:25:21', '2025-12-05 18:25:21'),
(23, 14, NULL, NULL, NULL, NULL, NULL, '2025-12-05 18:25:21', '2025-12-05 18:25:21'),
(24, 15, NULL, NULL, NULL, NULL, NULL, '2025-12-05 18:25:21', '2025-12-05 18:25:21'),
(25, 16, NULL, NULL, NULL, NULL, NULL, '2025-12-05 18:25:21', '2025-12-05 18:25:21'),
(26, 17, NULL, NULL, NULL, NULL, NULL, '2025-12-05 18:25:21', '2025-12-05 18:25:21'),
(27, 18, NULL, NULL, NULL, NULL, NULL, '2025-12-05 18:25:21', '2025-12-05 18:25:21'),
(28, 19, NULL, NULL, NULL, NULL, NULL, '2025-12-05 18:25:21', '2025-12-05 18:25:21'),
(29, 20, NULL, NULL, NULL, NULL, NULL, '2025-12-05 18:25:21', '2025-12-05 18:25:21'),
(30, 21, NULL, NULL, NULL, NULL, NULL, '2025-12-05 18:25:21', '2025-12-05 18:25:21'),
(31, 21, NULL, NULL, NULL, NULL, NULL, '2025-12-05 18:25:22', '2025-12-05 18:25:22'),
(32, 20, NULL, NULL, NULL, NULL, NULL, '2025-12-05 18:25:22', '2025-12-05 18:25:22'),
(33, 22, NULL, NULL, NULL, NULL, NULL, '2025-12-05 18:25:22', '2025-12-05 18:25:22'),
(34, 22, NULL, NULL, NULL, NULL, NULL, '2025-12-05 18:25:22', '2025-12-05 18:25:22'),
(35, 23, NULL, NULL, NULL, NULL, NULL, '2025-12-05 18:25:22', '2025-12-05 18:25:22'),
(36, 24, NULL, NULL, NULL, NULL, NULL, '2025-12-05 18:25:22', '2025-12-05 18:25:22'),
(37, 25, NULL, NULL, NULL, NULL, NULL, '2025-12-05 18:25:22', '2025-12-05 18:25:22'),
(38, 25, NULL, NULL, NULL, NULL, NULL, '2025-12-05 18:25:22', '2025-12-05 18:25:22'),
(39, 26, NULL, NULL, NULL, NULL, NULL, '2025-12-05 18:25:22', '2025-12-05 18:25:22'),
(40, 27, NULL, NULL, NULL, NULL, NULL, '2025-12-05 18:25:22', '2025-12-05 18:25:22'),
(41, 28, NULL, NULL, NULL, NULL, NULL, '2025-12-05 18:25:22', '2025-12-05 18:25:22'),
(42, 29, NULL, NULL, NULL, NULL, NULL, '2025-12-05 18:25:22', '2025-12-05 18:25:22'),
(43, 28, NULL, NULL, NULL, NULL, NULL, '2025-12-05 18:25:22', '2025-12-05 18:25:22'),
(44, 30, NULL, NULL, NULL, NULL, NULL, '2025-12-05 18:25:22', '2025-12-05 18:25:22'),
(45, 31, NULL, NULL, NULL, NULL, NULL, '2025-12-05 18:25:22', '2025-12-05 18:25:22'),
(46, 32, NULL, NULL, NULL, NULL, NULL, '2025-12-05 18:25:22', '2025-12-05 18:25:22'),
(47, 33, NULL, NULL, NULL, NULL, NULL, '2025-12-05 18:25:22', '2025-12-05 18:25:22'),
(48, 34, NULL, NULL, NULL, NULL, NULL, '2025-12-05 18:25:22', '2025-12-05 18:25:22'),
(49, 35, NULL, NULL, NULL, NULL, NULL, '2025-12-05 18:25:22', '2025-12-05 18:25:22'),
(50, 36, NULL, NULL, NULL, NULL, NULL, '2025-12-05 18:25:22', '2025-12-05 18:25:22'),
(51, 37, NULL, NULL, NULL, NULL, NULL, '2025-12-05 18:25:22', '2025-12-05 18:25:22'),
(52, 38, NULL, NULL, NULL, NULL, NULL, '2025-12-05 18:25:22', '2025-12-05 18:25:22'),
(53, 38, NULL, NULL, NULL, NULL, NULL, '2025-12-05 18:25:22', '2025-12-05 18:25:22'),
(54, 39, NULL, NULL, NULL, NULL, NULL, '2025-12-05 18:25:22', '2025-12-05 18:25:22'),
(55, 40, NULL, NULL, NULL, NULL, NULL, '2025-12-05 18:25:22', '2025-12-05 18:25:22'),
(56, 41, NULL, NULL, NULL, NULL, NULL, '2025-12-05 18:25:22', '2025-12-05 18:25:22'),
(57, 42, NULL, NULL, NULL, NULL, NULL, '2025-12-05 18:25:22', '2025-12-05 18:25:22'),
(58, 43, NULL, NULL, NULL, NULL, NULL, '2025-12-05 18:25:22', '2025-12-05 18:25:22'),
(59, 44, NULL, NULL, NULL, NULL, NULL, '2025-12-05 18:25:22', '2025-12-05 18:25:22'),
(60, 45, NULL, NULL, NULL, NULL, NULL, '2025-12-05 18:25:22', '2025-12-05 18:25:22'),
(61, 46, NULL, NULL, NULL, NULL, NULL, '2025-12-05 18:25:22', '2025-12-05 18:25:22'),
(62, 47, NULL, NULL, NULL, NULL, NULL, '2025-12-05 18:25:22', '2025-12-05 18:25:22'),
(63, 48, NULL, NULL, NULL, NULL, NULL, '2025-12-05 18:25:22', '2025-12-05 18:25:22'),
(64, 49, NULL, NULL, NULL, NULL, NULL, '2025-12-05 18:25:22', '2025-12-05 18:25:22'),
(65, 50, NULL, NULL, NULL, NULL, NULL, '2025-12-05 18:25:22', '2025-12-05 18:25:22'),
(66, 51, NULL, NULL, NULL, NULL, NULL, '2025-12-05 18:25:22', '2025-12-05 18:25:22'),
(67, 52, NULL, NULL, NULL, NULL, NULL, '2025-12-05 18:25:22', '2025-12-05 18:25:22'),
(68, 53, NULL, NULL, NULL, NULL, NULL, '2025-12-05 18:25:22', '2025-12-05 18:25:22'),
(69, 39, NULL, NULL, NULL, NULL, NULL, '2025-12-05 18:25:22', '2025-12-05 18:25:22'),
(70, 53, NULL, NULL, NULL, NULL, NULL, '2025-12-05 18:25:22', '2025-12-05 18:25:22'),
(71, 53, NULL, NULL, NULL, NULL, NULL, '2025-12-05 18:25:22', '2025-12-05 18:25:22'),
(72, 53, NULL, NULL, NULL, NULL, NULL, '2025-12-05 18:25:22', '2025-12-05 18:25:22'),
(73, 39, NULL, NULL, NULL, NULL, NULL, '2025-12-05 18:25:22', '2025-12-05 18:25:22'),
(74, 39, NULL, NULL, NULL, NULL, NULL, '2025-12-05 18:25:22', '2025-12-05 18:25:22'),
(75, 54, NULL, NULL, NULL, NULL, NULL, '2025-12-05 18:25:22', '2025-12-05 18:25:22'),
(76, 54, NULL, NULL, NULL, NULL, NULL, '2025-12-05 18:25:22', '2025-12-05 18:25:22'),
(77, 55, NULL, NULL, NULL, NULL, NULL, '2025-12-05 18:25:22', '2025-12-05 18:25:22'),
(78, 56, NULL, NULL, NULL, NULL, NULL, '2025-12-05 18:25:22', '2025-12-05 18:25:22'),
(79, 57, NULL, NULL, NULL, NULL, NULL, '2025-12-05 18:25:22', '2025-12-05 18:25:22'),
(80, 58, NULL, NULL, NULL, NULL, NULL, '2025-12-05 18:25:22', '2025-12-05 18:25:22'),
(81, 59, NULL, NULL, NULL, NULL, NULL, '2025-12-05 18:25:22', '2025-12-05 18:25:22'),
(82, 60, NULL, NULL, NULL, NULL, NULL, '2025-12-05 18:25:22', '2025-12-05 18:25:22'),
(83, 61, NULL, NULL, NULL, NULL, NULL, '2025-12-05 18:25:22', '2025-12-05 18:25:22'),
(84, 62, NULL, NULL, NULL, NULL, NULL, '2025-12-05 18:25:22', '2025-12-05 18:25:22'),
(85, 63, NULL, NULL, NULL, NULL, NULL, '2025-12-05 18:25:22', '2025-12-05 18:25:22'),
(86, 64, NULL, NULL, NULL, NULL, NULL, '2025-12-05 18:25:22', '2025-12-05 18:25:22'),
(87, 64, NULL, NULL, NULL, NULL, NULL, '2025-12-05 18:25:22', '2025-12-05 18:25:22'),
(88, 65, NULL, NULL, NULL, NULL, NULL, '2025-12-05 18:25:22', '2025-12-05 18:25:22'),
(89, 66, NULL, NULL, NULL, NULL, NULL, '2025-12-05 18:25:22', '2025-12-05 18:25:22'),
(90, 67, NULL, NULL, NULL, NULL, NULL, '2025-12-05 18:25:22', '2025-12-05 18:25:22'),
(91, 67, NULL, NULL, NULL, NULL, NULL, '2025-12-05 18:25:22', '2025-12-05 18:25:22'),
(92, 66, NULL, NULL, NULL, NULL, NULL, '2025-12-05 18:25:22', '2025-12-05 18:25:22'),
(93, 68, NULL, NULL, NULL, NULL, NULL, '2025-12-05 18:25:22', '2025-12-05 18:25:22'),
(94, 69, NULL, NULL, NULL, NULL, NULL, '2025-12-05 18:25:22', '2025-12-05 18:25:22'),
(95, 69, NULL, NULL, NULL, NULL, NULL, '2025-12-05 18:25:22', '2025-12-05 18:25:22'),
(96, 70, NULL, NULL, NULL, NULL, NULL, '2025-12-05 18:25:22', '2025-12-05 18:25:22'),
(97, 71, NULL, NULL, NULL, NULL, NULL, '2025-12-05 18:25:22', '2025-12-05 18:25:22'),
(98, 72, NULL, NULL, NULL, NULL, NULL, '2025-12-05 18:25:22', '2025-12-05 18:25:22'),
(99, 73, NULL, NULL, NULL, NULL, NULL, '2025-12-05 18:25:22', '2025-12-05 18:25:22'),
(100, 73, NULL, NULL, NULL, NULL, NULL, '2025-12-05 18:25:22', '2025-12-05 18:25:22'),
(101, 71, NULL, NULL, NULL, NULL, NULL, '2025-12-05 18:25:22', '2025-12-05 18:25:22'),
(102, 74, NULL, NULL, NULL, NULL, NULL, '2025-12-05 18:25:22', '2025-12-05 18:25:22'),
(103, 75, NULL, NULL, NULL, NULL, NULL, '2025-12-05 18:25:22', '2025-12-05 18:25:22'),
(104, 76, NULL, NULL, NULL, NULL, NULL, '2025-12-05 18:25:22', '2025-12-05 18:25:22'),
(105, 77, NULL, NULL, NULL, NULL, NULL, '2025-12-05 18:25:22', '2025-12-05 18:25:22'),
(106, 78, NULL, NULL, NULL, NULL, NULL, '2025-12-05 18:25:22', '2025-12-05 18:25:22');

-- --------------------------------------------------------

--
-- Estrutura da tabela `type_meals`
--

CREATE TABLE IF NOT EXISTS `type_meals` (
  `typ_id` bigint UNSIGNED NOT NULL AUTO_INCREMENT,
  `typ_slug` varchar(150) COLLATE utf8mb4_unicode_ci NOT NULL,
  `typ_description_pt` varchar(100) COLLATE utf8mb4_unicode_ci NOT NULL,
  `typ_description_en` varchar(100) COLLATE utf8mb4_unicode_ci DEFAULT NULL,
  `typ_description_es` varchar(100) COLLATE utf8mb4_unicode_ci DEFAULT NULL,
  `typ_description_fr` varchar(100) COLLATE utf8mb4_unicode_ci DEFAULT NULL,
  `typ_img` varchar(100) COLLATE utf8mb4_unicode_ci DEFAULT NULL,
  `typ_visible` tinyint(1) NOT NULL DEFAULT '1',
  `typ_deleted` tinyint(1) NOT NULL DEFAULT '0',
  `typ_sort` int NOT NULL DEFAULT '1',
  `typ_country_code` varchar(5) CHARACTER SET utf8mb4 COLLATE utf8mb4_unicode_ci DEFAULT NULL,
  `created_at` timestamp NULL DEFAULT NULL,
  `updated_at` timestamp NULL DEFAULT NULL,
  PRIMARY KEY (`typ_id`),
  UNIQUE KEY `type_meals_typ_slug_unique` (`typ_slug`)
) ENGINE=MyISAM AUTO_INCREMENT=9 DEFAULT CHARSET=utf8mb4 COLLATE=utf8mb4_unicode_ci;

--
-- Extraindo dados da tabela `type_meals`
--

INSERT INTO `type_meals` (`typ_id`, `typ_slug`, `typ_description_pt`, `typ_description_en`, `typ_description_es`, `typ_description_fr`, `typ_img`, `typ_visible`, `typ_deleted`, `typ_sort`, `typ_country_code`, `created_at`, `updated_at`) VALUES
(2, 'zero-carb-300g', 'Zero Carb (300g)', 'Zero Carb (300g)', 'Zero Carb (300g)', 'Zero Carb (300g)', '20240301022105pm.jpg', 1, 0, 1, 'PT', '2026-02-16 16:19:22', '2026-02-16 16:19:22'),
(3, 'low-carb-270g', 'Low Carb (270g)', 'Low Carb (270g)', 'Low Carb (270g)', 'Low Carb (270g)', '20240301022041pm.jpg', 1, 0, 2, 'PT', '2026-02-16 16:19:22', '2026-02-16 16:19:22'),
(4, 'fit-340g', 'Fit (340g)', 'Fit (340g)', 'Fit (340g)', 'Fit (340g)', '20240301022123pm.jpg', 1, 0, 3, 'PT', '2026-02-16 16:19:22', '2026-02-16 16:19:22'),
(5, 'xl-550g', 'XL (550g)', 'XL (550g)', 'XL (550g)', 'XL (550g)', '20240301022138pm.jpg', 1, 0, 4, 'PT', '2026-02-16 16:19:22', '2026-02-16 16:19:22'),
(6, 'familia-1300g', 'Família (1300g)', 'Family (1300g)', 'Familia (1300g)', 'Famille (1300g)', '20240301022200pm.jpg', 1, 0, 6, 'PT', '2026-02-16 16:19:22', '2026-02-16 16:19:22'),
(8, '2-xl-680g', '2 XL (680g)', '2 XL (680g)', '2 XL (680g)', '2 XL (680g)', '20241107120415pm.jpg', 1, 0, 5, 'PT', '2026-02-16 16:19:22', '2026-02-16 16:19:22');

-- --------------------------------------------------------

--
-- Estrutura da tabela `vat_rates`
--

CREATE TABLE IF NOT EXISTS `vat_rates` (
  `vat_id` int NOT NULL,
  `vat_code` varchar(50) COLLATE utf8mb4_unicode_ci NOT NULL,
  `vat_rate` decimal(5,2) NOT NULL,
  `vat_active` tinyint(1) NOT NULL DEFAULT '1',
  `created_at` timestamp NULL DEFAULT NULL,
  `updated_at` timestamp NULL DEFAULT NULL,
  PRIMARY KEY (`vat_id`),
  UNIQUE KEY `vat_rates_vat_code_unique` (`vat_code`)
) ENGINE=MyISAM DEFAULT CHARSET=utf8mb4 COLLATE=utf8mb4_unicode_ci;

--
-- Extraindo dados da tabela `vat_rates`
--

INSERT INTO `vat_rates` (`vat_id`, `vat_code`, `vat_rate`, `vat_active`, `created_at`, `updated_at`) VALUES
(2688261, 'IVA Intermédio', 13.00, 1, '2025-12-05 18:24:30', '2026-02-10 18:29:48');
COMMIT;

